-- Table structure for table `jos78_finder_links_terms`
--

CREATE TABLE `jos78_finder_links_terms` (
  `link_id` int unsigned NOT NULL,
  `term_id` int unsigned NOT NULL,
  `weight` float unsigned NOT NULL DEFAULT '0',
  PRIMARY KEY (`link_id`,`term_id`),
  KEY `idx_term_weight` (`term_id`,`weight`),
  KEY `idx_link_term_weight` (`link_id`,`term_id`,`weight`)
) ENGINE=InnoDB DEFAULT CHARSET=utf8mb4 COLLATE=utf8mb4_unicode_ci;

--
-- Dumping data for table `jos78_finder_links_terms`
--

INSERT INTO `jos78_finder_links_terms` (`link_id`, `term_id`, `weight`) VALUES (2,1,0.07),(9,1,0.14),(1,1,0.17),(8,1,0.21),(1,2,0.56),(2,2,0.56),(3,2,0.56),(5,2,0.56),(11,2,0.56),(6,2,1.12),(1,3,0.21),(2,3,0.21),(3,3,0.21),(5,3,0.21),(11,3,0.21),(6,3,0.42),(11,4,0.04669),(5,4,0.14007),(4,4,0.2668),(3,4,0.28014),(6,4,0.36018),(1,4,0.50025),(2,4,0.64032),(8,4,1.04052),(9,4,1.08721),(7,4,1.10055),(1,5,0.51331),(2,5,0.51331),(3,6,0.80004),(6,6,0.80004),(2,6,0.93338),(7,6,1.60008),(1,6,1.86676),(1,7,1.04004),(2,7,1.04004),(3,7,1.04004),(4,7,1.04004),(5,7,1.04004),(6,7,1.04004),(7,7,1.04004),(8,7,1.04004),(9,7,1.04004),(11,7,1.04004),(12,7,1.04004),(1,8,0.14),(8,8,0.14),(3,8,0.24),(5,8,0.38),(7,8,0.42),(1,9,0.09331),(9,9,0.09331),(2,9,0.34658),(6,9,0.37324),(7,9,0.37324),(5,10,0.38),(4,10,0.52),(3,10,0.94),(2,10,1.22),(6,10,1.92),(1,10,2.2),(8,10,2.2),(7,10,2.34),(9,10,2.9),(1,11,0.76),(2,11,1.8),(5,11,4.24),(1,12,0.14),(8,12,0.14),(9,12,0.14),(2,12,0.7),(1,13,0.28),(2,13,0.28),(11,14,0.09331),(9,14,0.25327),(1,14,0.43989),(2,14,0.5332),(8,14,0.5332),(3,14,0.74648),(5,14,0.74648),(4,14,0.83979),(6,14,0.83979),(7,14,0.98642),(1,15,0.46669),(7,15,0.46669),(3,15,0.80004),(4,15,1.26673),(1,16,0.50654),(2,16,0.59985),(6,16,1.69291),(7,16,3.50579),(2,17,0.09331),(8,17,0.09331),(7,17,0.18662),(1,17,0.27993),(1,18,0.74662),(1,19,0.42),(9,19,5.34),(4,19,5.64),(3,20,0.37331),(5,20,0.37331),(7,20,0.37331),(11,20,0.37331),(1,20,2.1332),(2,20,9.17276),(1,21,0.42),(1,22,0.23331),(1,23,0.23331),(1,24,0.32669),(2,24,0.32669),(1,25,0.18669),(4,25,0.18669),(7,25,0.18669),(6,25,0.37338),(1,26,1.44677),(2,26,2.75353),(8,26,3.78027),(3,26,4.71367),(1,27,0.37331),(1,28,0.18669),(2,28,0.18669),(3,28,0.18669),(5,28,0.18669),(9,28,0.18669),(6,28,0.37338),(11,28,0.37338),(3,29,0.14),(8,29,0.14),(2,29,0.28),(6,29,0.28),(7,29,0.28),(1,29,0.56),(9,29,0.56),(1,30,0.32669),(1,31,0.37331),(11,31,3.09314),(2,32,0.42),(1,32,0.84),(1,33,0.46669),(1,34,0.32669),(1,35,0.28),(2,35,0.28),(8,35,0.28),(9,35,0.28),(7,35,0.56),(1,36,0.51331),(7,36,1.02662),(1,37,0.37331),(2,37,0.37331),(9,37,0.37331),(1,38,0.32669),(2,38,0.32669),(7,38,0.32669),(3,39,0.42),(7,39,0.42),(11,39,0.42),(1,39,2.4),(1,40,0.32669),(2,41,0.28),(9,41,0.28),(1,41,0.56),(1,42,0.56),(2,42,1.68),(1,43,0.46669),(1,44,0.18669),(2,44,0.18669),(7,44,0.18669),(1,45,0.14),(4,45,0.14),(11,46,0.37331),(8,46,1.01327),(9,46,1.01327),(1,46,2.1332),(2,46,2.1332),(3,46,2.98648),(5,46,2.98648),(7,46,3.1998),(4,46,3.35979),(6,46,3.35979),(1,47,0.42),(7,47,0.42),(2,47,0.84),(6,47,0.84),(2,48,1.56),(1,48,1.98),(1,49,0.28),(1,50,0.32669),(2,50,0.32669),(1,51,0.32669),(2,52,0.23331),(1,52,0.46662),(7,52,0.46662),(1,53,0.28),(1,54,0.23331),(2,54,0.23331),(3,54,0.23331),(5,54,0.23331),(11,54,0.23331),(6,54,0.46662),(1,55,0.28),(5,56,0.23331),(8,56,0.23331),(9,56,0.23331),(4,56,0.39996),(1,56,0.63327),(3,56,0.63327),(7,56,0.63327),(2,56,1.09989),(1,57,0.42),(2,57,0.42),(7,57,0.42),(7,58,0.28),(8,58,0.28),(9,58,0.28),(1,58,0.56),(2,58,0.56),(1,59,0.37331),(7,59,0.37331),(8,60,0.60669),(3,60,1.04004),(7,60,1.04004),(1,60,1.64673),(7,61,0.23331),(11,61,0.46662),(1,61,2.89971),(3,62,0.28),(1,62,3.76),(2,63,0.23331),(5,63,0.23331),(1,63,0.69993),(1,64,0.46669),(7,64,0.46669),(2,64,0.93338),(1,65,0.37331),(2,65,0.37331),(5,65,0.37331),(8,65,0.37331),(7,65,1.75989),(5,66,0.80004),(3,66,1.26673),(1,66,1.40007),(6,66,1.73342),(2,66,1.86676),(7,66,2.33345),(1,67,0.51331),(7,67,0.51331),(9,67,0.51331),(6,67,1.02662),(1,68,0.32669),(1,69,0.46669),(11,70,0.28),(1,70,0.76),(1,71,0.37331),(2,71,0.37331),(3,71,0.37331),(5,71,0.37331),(1,72,0.28),(2,72,0.28),(8,72,0.56),(2,73,0.14),(8,73,0.14),(1,73,0.28),(1,74,0.37331),(1,75,0.32669),(2,76,0.69342),(1,76,1.25349),(1,77,0.23331),(2,77,0.23331),(11,78,0.14),(4,78,0.52),(5,78,0.76),(7,78,0.84),(1,78,0.98),(3,78,1.04),(6,78,1.08),(2,78,1.26),(9,78,1.36),(8,78,1.46),(1,79,0.28),(2,80,0.37331),(3,80,0.37331),(4,80,0.37331),(1,80,0.74662),(6,80,0.74662),(7,80,1.11993),(2,81,0.18669),(5,81,0.18669),(8,81,0.18669),(9,81,0.18669),(1,81,0.37338),(1,82,0.14),(11,82,0.14),(8,82,0.28),(9,82,0.28),(3,82,0.38),(4,82,0.38),(2,82,0.42),(5,82,0.76),(6,82,0.8),(7,82,0.8),(1,83,0.37331),(1,84,0.32669),(2,84,0.32669),(1,85,0.18669),(4,85,0.18669),(3,85,0.37338),(8,85,0.82677),(9,85,1.94691),(9,86,0.46662),(1,86,0.63327),(4,86,1.03323),(2,86,1.09989),(5,86,4.16625),(1,87,0.93338),(1,88,0.18669),(9,88,0.18669),(1,89,0.18669),(3,89,0.18669),(8,89,0.37338),(1,90,0.23331),(3,90,0.23331),(7,90,0.23331),(4,90,0.46662),(2,90,0.69993),(1,91,0.23331),(7,91,0.39996),(1,92,0.32669),(1,93,0.28),(2,93,0.84),(1,94,0.18669),(2,94,0.18669),(8,94,0.37338),(9,94,0.37338),(2,95,0.18669),(4,95,0.18669),(7,95,0.18669),(1,95,0.37338),(1,96,0.28),(2,97,0.18669),(3,97,0.18669),(7,97,0.18669),(8,97,0.18669),(9,97,0.18669),(11,97,0.18669),(1,97,0.37338),(6,97,0.37338),(1,98,0.32669),(1,99,0.14),(2,99,0.14),(6,99,0.28),(8,99,0.28),(9,99,0.28),(1,100,0.23331),(1,101,0.69342),(2,101,0.69342),(1,102,0.46662),(1,103,0.23331),(2,103,0.23331),(3,104,0.15996),(4,104,0.25327),(5,104,0.25327),(8,104,0.37324),(2,104,0.41323),(7,104,0.43989),(6,104,0.50654),(1,104,0.59985),(9,104,0.90644),(1,105,0.42),(9,105,0.42),(2,105,0.84),(1,106,0.18669),(2,106,0.18669),(3,106,0.18669),(5,106,0.18669),(11,106,0.18669),(6,106,0.37338),(1,107,0.37331),(3,108,0.09331),(5,108,0.09331),(11,108,0.09331),(4,108,0.18662),(1,108,0.37324),(6,108,0.37324),(2,108,0.46655),(8,108,0.46655),(9,108,0.74648),(7,108,0.83979),(1,109,0.18669),(2,109,0.18669),(8,109,0.37338),(1,110,0.46662),(2,110,0.46662),(8,110,0.63327),(3,110,0.86658),(1,111,0.23331),(1,112,0.14),(2,112,0.14),(3,112,0.14),(7,112,0.14),(8,112,0.14),(9,112,0.14),(1,113,0.37331),(1,114,0.18669),(2,114,0.18669),(4,115,0.32669),(8,115,0.32669),(9,115,0.32669),(6,115,0.65338),(7,115,0.65338),(1,115,0.98007),(2,116,0.18669),(7,116,0.18669),(8,116,0.18669),(11,116,0.18669),(1,116,0.74676),(1,117,0.23331),(1,118,0.18669),(1,119,0.42),(2,119,0.42),(7,119,0.42),(11,119,0.42),(1,120,0.18669),(2,120,0.18669),(11,120,0.18669),(1,121,0.18669),(3,121,0.18669),(8,121,0.18669),(1,122,0.18669),(2,122,0.18669),(7,122,0.18669),(9,122,0.18669),(1,123,0.46662),(2,123,1.16655),(3,124,0.18669),(7,124,0.18669),(1,124,0.69342),(4,125,0.09331),(1,125,0.18662),(2,125,0.18662),(1,126,0.37331),(11,126,0.37331),(6,126,0.74662),(4,127,0.18662),(6,127,0.18662),(3,127,0.25327),(5,127,0.27993),(1,127,0.37324),(2,127,0.46655),(9,127,0.55986),(7,127,0.62651),(8,127,0.74648),(1,128,0.14),(1,129,0.23331),(2,129,0.23331),(7,129,0.23331),(11,129,0.23331),(3,129,0.46662),(1,130,0.42),(2,131,0.09331),(1,131,0.18662),(6,131,0.18662),(8,131,0.55986),(9,131,0.55986),(7,131,0.65317),(11,132,0.32669),(2,132,0.98007),(1,132,1.30676),(7,133,0.18662),(2,133,0.27993),(3,133,0.27993),(11,133,0.27993),(5,133,0.37324),(8,133,0.37324),(4,133,0.43989),(9,133,0.46655),(1,133,0.55986),(6,133,0.74648),(8,134,0.24),(9,134,0.24),(5,134,0.28),(11,134,0.28),(6,134,0.56),(3,134,0.66),(4,134,0.66),(7,134,0.84),(2,134,0.98),(1,134,1.54),(1,135,0.18669),(8,135,0.18669),(9,135,0.18669),(3,136,0.37331),(1,136,1.49324),(2,136,3.7331),(7,137,0.23331),(11,137,0.23331),(3,137,0.39996),(1,137,1.09989),(2,137,5.69943),(3,138,0.32669),(5,138,0.32669),(7,138,0.32669),(8,138,0.32669),(1,138,0.65338),(2,138,0.65338),(4,138,0.65338),(6,138,0.65338),(1,139,0.18669),(2,139,0.18669),(3,139,0.18669),(1,140,0.37331),(1,141,0.18669),(1,142,0.51331),(11,142,0.51331),(1,143,0.32669),(2,144,0.32669),(1,144,4.15363),(1,145,0.46669),(1,146,0.32669),(2,146,0.32669),(4,146,0.32669),(7,146,0.32669),(6,146,0.65338),(1,147,0.23331),(2,147,0.23331),(7,147,0.23331),(1,148,0.23331),(7,148,0.23331),(2,148,0.46662),(6,148,0.46662),(1,149,0.23331),(2,149,0.23331),(1,150,1.12),(1,151,0.37331),(1,152,1.01327),(1,153,0.28),(1,154,0.37331),(1,155,0.28),(1,156,0.42),(1,157,0.46669),(1,158,0.23331),(2,158,0.23331),(1,159,0.23331),(9,159,0.23331),(8,160,0.23331),(1,160,0.63327),(1,161,0.32669),(2,161,0.32669),(3,161,0.32669),(6,161,0.65338),(1,162,0.37331),(11,163,0.23331),(8,163,0.63327),(9,163,0.63327),(1,163,1.3332),(2,163,1.3332),(3,163,1.86648),(5,163,1.86648),(7,163,1.9998),(4,163,2.09979),(6,163,2.09979),(1,164,0.60669),(2,164,0.60669),(3,164,0.60669),(5,164,0.60669),(11,164,0.60669),(6,164,1.21338),(3,165,0.23331),(1,165,0.46662),(2,165,0.46662),(6,165,0.46662),(7,165,0.93324),(1,166,0.46669),(1,167,0.46662),(1,168,0.23331),(2,168,0.23331),(2,169,0.37331),(1,169,1.11993),(11,170,0.18669),(1,170,0.74676),(1,171,0.60669),(1,172,0.18669),(2,172,0.18669),(3,172,0.18669),(8,172,0.18669),(5,173,0.18669),(7,173,0.18669),(9,173,0.18669),(2,173,0.37338),(6,173,0.37338),(8,173,0.56007),(1,173,0.74676),(11,174,0.14),(2,174,0.28),(4,174,0.28),(5,174,0.28),(3,174,0.52),(6,174,0.56),(1,174,0.84),(7,174,2.62),(8,174,5.86),(9,174,5.88),(1,175,2.02654),(2,175,2.77316),(6,175,8.05283),(7,175,12.1592),(1,176,0.23331),(4,176,0.23331),(8,176,0.23331),(3,176,0.46662),(3,177,0.09331),(4,177,0.27993),(5,177,0.37324),(11,177,0.37324),(10,177,0.49321),(6,177,0.74648),(1,177,1.58627),(2,177,1.58627),(7,177,2.05282),(9,177,2.42606),(8,177,2.45272),(3,178,0.23331),(5,178,0.23331),(7,178,0.23331),(2,178,0.46662),(6,178,0.46662),(11,178,0.46662),(1,178,0.69993),(1,179,0.28),(1,180,0.28),(2,180,0.28),(1,181,0.46669),(2,181,0.46669),(7,181,0.46669),(9,181,0.46669),(1,182,0.60669),(7,182,0.60669),(6,182,1.21338),(2,182,2.25342),(1,183,0.28),(2,183,0.56),(6,183,0.56),(7,183,1.04),(5,184,0.09331),(3,184,0.18662),(6,184,0.18662),(7,184,0.18662),(11,184,0.18662),(2,184,0.27993),(1,184,0.37324),(1,185,0.32669),(2,185,0.32669),(5,185,0.32669),(2,186,0.39996),(6,186,0.39996),(7,186,0.39996),(1,186,1.49985),(3,187,0.56004),(1,187,0.88673),(2,187,0.88673),(1,188,0.18669),(2,188,0.18669),(8,188,0.18669),(3,189,0.09331),(11,189,0.09331),(7,189,0.37324),(1,189,0.46655),(2,189,0.46655),(2,190,0.32669),(3,190,0.32669),(4,190,0.32669),(8,190,0.32669),(9,190,0.32669),(11,190,0.32669),(1,190,0.65338),(6,190,0.65338),(7,190,0.65338),(3,191,0.18669),(9,191,0.18669),(6,191,0.37338),(7,191,0.37338),(1,191,0.56007),(2,191,0.56007),(8,191,0.56007),(3,192,0.50673),(1,192,0.56007),(5,192,0.69342),(2,192,1.12014),(8,192,1.44018),(7,192,2.18694),(9,192,2.37363),(2,193,0.32669),(1,193,0.65338),(1,194,0.18669),(3,195,0.14),(4,195,0.14),(11,195,0.14),(6,195,0.28),(2,195,0.7),(1,195,0.84),(9,195,0.84),(7,195,1.12),(8,195,1.12),(2,196,0.28),(3,196,0.28),(4,196,0.28),(1,196,0.56),(6,196,0.56),(8,196,0.56),(9,196,0.56),(7,196,0.84),(3,197,0.18669),(5,197,0.37338),(11,197,0.37338),(4,197,0.56007),(6,197,0.74676),(1,197,3.30708),(2,197,3.36042),(7,197,3.52044),(9,197,3.68046),(8,197,5.17398),(9,256,0.07),(8,256,0.14),(2,256,0.24),(2,257,0.28),(2,258,0.37331),(6,258,1.38658),(7,258,1.75989),(2,259,0.14),(7,259,0.14),(8,259,0.14),(2,260,0.28),(2,261,0.37331),(7,261,0.37331),(9,261,0.37331),(11,261,0.37331),(2,262,0.18669),(3,262,0.18669),(2,263,0.18669),(2,264,0.23331),(4,264,0.23331),(2,265,1.53993),(2,266,0.42),(4,266,0.42),(5,266,0.42),(7,266,0.42),(6,266,0.84),(2,267,0.32669),(9,267,0.32669),(5,267,0.88673),(2,268,0.32669),(8,269,0.56004),(9,269,0.56004),(3,269,1.12008),(4,269,1.68012),(5,269,1.68012),(6,269,1.68012),(2,269,2.00681),(7,269,2.56685),(1,269,4.48032),(2,270,0.32669),(7,270,0.32669),(2,271,0.37331),(2,272,0.23331),(2,273,0.37331),(4,273,0.37331),(7,273,0.37331),(6,273,0.74662),(2,274,0.37331),(2,275,0.32669),(7,276,0.18669),(2,276,0.56007),(2,277,0.32669),(2,278,0.51331),(2,279,0.37331),(3,279,0.37331),(5,279,0.37331),(7,279,0.37331),(2,280,0.74662),(2,281,0.42),(2,282,0.28),(3,283,0.46669),(2,283,0.93338),(2,284,0.28),(2,285,0.18669),(7,285,0.18669),(11,285,0.18669),(2,286,0.18669),(5,286,0.18669),(2,287,0.37331),(9,287,0.37331),(2,288,0.18669),(3,288,0.18669),(4,288,0.18669),(5,288,0.18669),(7,288,0.18669),(8,288,0.18669),(2,290,0.50673),(2,291,0.18669),(7,291,0.18669),(2,292,0.37331),(7,292,0.37331),(6,292,0.74662),(2,293,0.28),(3,293,0.28),(2,294,0.37331),(6,294,0.74662),(1,295,0.15996),(2,295,0.15996),(7,295,0.15996),(9,295,0.15996),(3,296,0.63996),(4,296,0.63996),(5,296,0.63996),(6,296,0.63996),(1,296,1.27992),(2,296,1.65323),(7,296,2.29319),(2,297,0.23331),(2,298,0.14),(2,299,0.32669),(5,300,0.32669),(1,300,0.56004),(7,300,0.56004),(3,300,0.65338),(2,300,2.89354),(2,301,0.28),(2,302,0.32669),(9,302,0.65338),(2,303,0.37331),(5,303,0.37331),(6,303,0.74662),(2,304,0.65338),(2,305,0.56),(2,306,0.18669),(2,307,0.32669),(2,308,0.28),(5,308,0.28),(4,309,0.32669),(9,309,0.32669),(1,309,0.56004),(2,309,0.88673),(2,310,0.37331),(7,310,0.37331),(9,310,0.37331),(2,311,0.37331),(2,312,0.42),(5,312,0.42),(2,313,0.32669),(3,313,0.32669),(2,314,0.32669),(5,314,0.32669),(2,315,0.18669),(6,315,0.32004),(8,315,0.37338),(9,315,0.37338),(7,315,0.50673),(2,316,0.42),(6,316,0.72),(2,317,0.23331),(7,317,1.09989),(2,318,0.18669),(7,318,0.18669),(8,318,0.18669),(2,319,0.37331),(2,320,0.28),(2,321,0.23331),(7,321,0.23331),(2,322,0.37331),(8,322,1.0666),(2,323,0.23331),(2,324,0.23331),(2,325,0.23331),(9,325,0.23331),(2,326,0.14),(7,326,0.14),(9,383,0.07),(8,383,0.14),(3,383,0.17),(3,384,0.37331),(8,384,0.37331),(3,385,0.28),(3,386,0.18669),(5,386,0.18669),(7,386,0.18669),(9,386,0.18669),(3,387,0.18669),(3,388,0.51331),(7,388,0.51331),(6,388,0.87996),(3,389,0.37331),(3,390,0.37331),(3,391,0.37331),(3,392,0.32669),(5,392,0.32669),(8,392,0.32669),(9,392,0.32669),(4,392,0.65338),(6,392,0.65338),(7,392,1.54011),(3,393,0.42),(11,393,0.42),(3,394,0.14),(9,394,0.14),(7,394,0.28),(3,395,0.09331),(8,395,0.27993),(7,395,0.46655),(3,396,0.18669),(7,396,0.18669),(11,396,0.18669),(6,396,0.37338),(3,397,0.18669),(4,397,0.18669),(6,397,0.37338),(3,398,0.28),(5,398,0.28),(3,399,0.28),(7,399,0.28),(3,400,0.28),(5,400,0.48),(3,401,0.23331),(3,402,0.18669),(8,402,0.18669),(3,403,0.32669),(9,403,0.32669),(3,404,0.37331),(3,405,0.28),(3,406,0.32669),(7,406,0.98007),(3,407,0.46669),(3,408,0.7),(4,408,1.9),(3,409,0.23331),(8,409,0.23331),(7,409,0.93324),(8,414,0.07),(9,414,0.07),(4,414,0.17),(4,415,0.23331),(7,415,0.23331),(8,415,0.23331),(4,416,0.18669),(5,416,0.18669),(7,416,0.18669),(6,416,0.37338),(8,416,0.56007),(4,417,0.23331),(5,418,0.28),(4,418,0.76),(4,419,0.51331),(7,419,0.51331),(8,419,0.51331),(9,419,0.51331),(4,420,1.39327),(7,420,1.39327),(4,421,0.42),(4,422,0.18669),(8,422,0.18669),(4,423,0.28),(9,423,0.28),(4,424,0.14),(7,424,0.38),(9,424,0.64),(10,424,0.74),(8,424,0.98),(4,425,0.32669),(9,425,0.98007),(8,425,1.21342),(4,426,0.51331),(4,427,0.18669),(4,428,0.23331),(4,429,0.28),(4,430,0.14),(7,430,0.14),(9,430,0.56),(4,431,0.23331),(9,431,0.23331),(5,432,0.18669),(4,432,1.01346),(9,432,1.36017),(4,433,0.18669),(9,433,0.88011),(4,434,0.37331),(4,435,0.23331),(8,435,0.23331),(9,435,0.23331),(7,435,0.93324),(4,436,0.28),(5,436,0.28),(8,436,0.28),(9,436,0.56),(4,437,0.28),(4,438,0.37331),(9,438,0.74662),(9,439,0.56),(4,439,1.52),(4,440,0.51331),(4,441,0.28),(4,442,0.28),(9,442,0.28),(8,445,0.07),(9,445,0.07),(5,445,0.17),(5,446,0.23331),(8,447,0.18669),(3,447,0.32004),(5,447,0.50673),(5,448,0.28),(5,449,0.37331),(5,450,0.46669),(7,450,0.46669),(6,450,0.93338),(5,451,0.23331),(5,452,0.28),(9,453,0.18669),(5,453,0.50673),(5,454,0.37331),(5,455,0.14),(5,456,0.23331),(4,456,0.39996),(6,456,0.46662),(7,456,0.46662),(5,457,0.42),(5,458,0.14),(8,458,0.14),(6,458,0.28),(7,458,0.28),(5,459,0.32669),(5,460,0.32669),(9,460,1.30676),(5,461,0.18669),(5,462,0.18669),(9,462,0.56007),(5,463,0.42),(9,463,0.42),(5,464,0.28),(5,465,0.23331),(5,466,0.37331),(5,467,0.18669),(8,467,1.49352),(5,468,0.18669),(5,469,0.23331),(5,470,0.09331),(8,470,0.09331),(9,470,0.09331),(5,471,0.23331),(5,472,0.23331),(7,472,0.23331),(5,473,0.18669),(5,474,0.23331),(9,474,0.23331),(8,476,0.07),(9,476,0.07),(6,476,0.17),(6,477,0.93338),(7,478,0.23331),(6,478,0.46662),(6,479,0.84),(9,479,1.2),(7,480,0.51331),(6,480,1.02662),(6,481,1.12),(7,482,0.32669),(6,482,0.65338),(7,483,0.56),(6,483,1.12),(7,484,0.28),(6,484,0.56),(7,485,0.51331),(6,485,1.02662),(6,486,0.46662),(7,486,0.89991),(7,487,0.56),(6,487,1.12),(6,488,0.93338),(7,488,1.80009),(6,489,0.37338),(9,489,0.37338),(6,490,0.56),(6,491,0.56),(7,492,0.28),(9,492,0.28),(6,492,0.56),(6,493,0.37338),(6,494,0.56),(7,494,1.12),(7,495,0.23331),(6,495,0.46662),(6,496,0.28),(7,497,0.18669),(8,497,0.18669),(6,497,0.37338),(9,498,0.28),(6,498,0.56),(8,498,0.84),(7,498,1.68),(6,499,0.56),(2,500,0.37331),(6,500,0.74662),(7,501,0.18669),(6,501,0.37338),(8,501,0.64008),(9,501,0.82677),(6,502,0.65338),(7,502,1.26009),(9,503,0.14),(6,503,0.28),(8,507,0.07),(9,507,0.07),(7,507,0.17),(9,508,0.23331),(11,508,0.23331),(7,508,0.46662),(8,508,0.46662),(7,509,0.37331),(7,510,0.14),(9,510,0.28),(8,510,0.42),(7,511,0.23331),(9,511,0.23331),(7,512,0.14),(8,512,0.14),(11,512,0.14),(7,513,0.23331),(8,513,0.23331),(9,513,0.23331),(7,514,0.18669),(7,515,0.09331),(8,515,0.27993),(7,516,0.14),(7,517,0.69342),(7,518,0.32669),(7,519,0.46662),(7,520,0.28),(8,520,0.28),(7,521,0.14),(2,522,0.37338),(7,522,0.37338),(7,523,0.46662),(8,523,0.46662),(7,524,0.37331),(9,525,0.14),(7,525,0.28),(8,525,0.28),(7,526,0.28),(7,527,0.37331),(8,527,0.37331),(7,528,0.32669),(8,528,0.32669),(7,529,0.23331),(7,530,0.63996),(8,530,0.63996),(9,530,0.63996),(7,531,0.37331),(7,532,0.18669),(8,532,0.18669),(7,533,0.37331),(7,534,0.42),(8,534,0.42),(7,535,0.28),(7,536,0.28),(7,537,0.42),(7,538,0.37331),(7,539,0.18669),(7,540,0.18669),(9,540,0.18669),(8,540,0.37338),(7,541,0.18669),(9,541,0.18669),(7,542,0.23331),(8,542,0.23331),(9,542,0.69993),(7,543,0.23331),(7,544,0.23331),(8,544,0.46662),(9,544,0.46662),(9,545,0.28),(7,545,0.56),(7,546,0.37338),(8,546,0.56007),(7,547,0.32669),(9,547,0.32669),(8,547,0.65338),(7,548,0.23331),(9,548,0.23331),(7,549,0.32669),(7,550,0.18669),(7,551,0.37338),(8,552,1.29987),(7,552,1.69983),(9,552,2.09979),(7,553,0.23331),(9,553,0.23331),(7,554,0.56),(7,555,0.37331),(7,556,0.32669),(7,557,0.18669),(8,557,0.18669),(7,558,0.32669),(7,559,0.09331),(8,559,0.18662),(7,560,0.37331),(7,561,0.32669),(7,562,0.23331),(8,563,0.39996),(9,563,0.63327),(7,563,1.03323),(7,564,0.46662),(7,565,0.28),(9,566,0.18669),(7,566,0.50673),(8,566,1.17348),(7,567,0.18669),(9,567,0.18669),(8,567,0.93345),(7,568,0.37331),(8,568,0.37331),(7,569,0.18669),(7,570,0.42),(7,571,0.18669),(8,572,0.23331),(7,572,0.46662),(7,573,0.42),(7,574,0.56),(7,575,0.37331),(7,576,0.23331),(7,577,1.12),(7,578,0.74662),(8,578,1.75989),(9,578,1.75989),(7,579,0.42),(7,580,0.23331),(7,581,0.37331),(7,582,0.24),(8,582,0.88),(7,583,0.28),(7,584,0.42),(7,585,0.46669),(7,586,0.32669),(7,587,0.32669),(8,587,0.98007),(7,588,0.42),(7,589,0.23331),(8,589,0.23331),(7,590,0.23331),(9,590,1.09989),(7,591,0.18669),(6,591,0.32004),(7,592,0.28),(8,592,0.28),(7,593,0.32669),(8,594,0.28),(7,594,0.56),(7,595,0.37331),(7,596,0.65331),(8,596,0.65331),(9,596,0.65331),(7,597,0.32669),(7,598,0.28),(7,599,0.37331),(8,599,0.74662),(7,600,0.18669),(7,601,0.18669),(7,602,0.23331),(8,602,0.46662),(7,603,0.28),(8,603,0.28),(9,603,0.84),(7,604,0.23331),(8,604,0.23331),(9,604,0.23331),(7,605,0.23331),(8,605,0.23331),(7,606,0.56),(8,606,0.96),(9,606,0.96),(7,607,0.37331),(9,607,0.37331),(7,608,0.37331),(7,609,0.18669),(9,609,0.37338),(8,609,1.12014),(8,610,0.42),(7,610,0.84),(7,611,0.46669),(8,611,1.26673),(9,611,1.26673),(7,612,0.18669),(9,612,0.37338),(3,613,0.48),(7,613,0.76),(8,614,0.32669),(9,614,0.32669),(7,614,0.98007),(7,615,0.14),(7,616,0.56),(8,616,0.56),(7,617,0.14),(8,617,0.14),(6,617,0.24),(7,618,0.14),(7,619,0.42),(7,620,0.18669),(8,620,0.18669),(6,634,1.2),(6,635,0.96),(6,636,0.32004),(6,637,0.80004),(6,638,0.80004),(6,639,1.60008),(9,641,0.28),(5,641,0.48),(3,642,1.04004),(5,642,1.04004),(5,643,0.32004),(5,644,1.2),(5,645,0.80004),(5,646,0.80004),(5,647,0.63996),(5,648,1.2),(5,649,1.2),(4,656,2.4),(4,657,0.56004),(4,658,0.32004),(4,659,0.96),(4,660,0.48),(4,661,0.96),(4,662,1.2),(3,663,0.39996),(3,664,1.11996),(3,665,1.11996),(3,666,0.87996),(3,667,0.87996),(3,668,0.56004),(3,669,0.72),(8,669,0.72),(3,670,1.2),(3,671,1.2),(2,678,0.14),(8,678,0.14),(11,678,0.34),(2,679,0.14),(8,679,0.14),(9,679,0.28),(2,680,0.21),(2,681,0.56),(2,682,0.21),(2,683,0.93338),(2,684,0.56),(2,685,0.14),(8,686,0.32669),(2,686,0.65338),(2,687,0.37338),(2,688,0.46662),(2,689,0.28),(2,690,0.46662),(2,691,0.46662),(2,692,0.28),(2,693,0.98007),(2,694,0.28),(2,695,0.37338),(9,695,0.37338),(2,696,0.37338),(2,697,0.46662),(2,698,0.74662),(2,699,0.56),(2,700,0.37338),(11,701,0.18669),(2,701,0.37338),(2,702,1.26),(8,703,0.14),(9,703,0.14),(9,704,0.07),(10,704,0.17),(8,704,0.24),(8,705,0.56),(9,705,0.56),(8,706,2.23986),(8,707,0.14),(8,708,0.84),(8,709,0.23331),(8,710,0.18669),(8,711,0.18669),(9,711,0.18669),(8,712,2.05359),(9,712,2.24028),(8,713,0.48),(9,713,0.56),(8,714,0.28),(8,715,1.2),(8,716,0.28),(9,716,0.28),(8,717,0.18669),(8,718,0.18669),(8,719,0.28),(9,719,0.28),(8,720,0.32669),(9,720,0.32669),(8,721,0.56007),(8,722,1.68021),(8,723,0.87996),(8,724,0.09331),(9,724,0.27993),(8,725,0.37331),(8,726,0.23331),(8,727,0.51331),(9,727,0.51331),(8,728,0.46669),(9,728,0.46669),(8,729,0.32669),(9,729,0.65338),(8,730,0.46669),(9,730,0.46669),(8,731,0.42),(9,731,0.42),(8,732,0.46669),(9,732,0.46669),(8,733,0.46669),(8,734,0.74662),(8,735,0.42),(8,736,0.32669),(8,737,0.42),(9,737,0.42),(8,738,0.56),(8,739,0.28),(8,740,0.14),(8,741,0.32669),(9,741,0.32669),(8,742,0.42),(9,742,0.42),(8,743,0.42),(8,744,0.46669),(8,745,0.42),(8,746,0.23331),(9,746,0.23331),(8,747,0.23331),(9,748,0.32669),(8,748,0.98007),(8,749,0.18669),(8,750,0.65331),(8,751,0.93345),(8,752,0.18669),(8,753,0.28),(8,754,0.80004),(8,755,0.18669),(8,756,0.63996),(9,756,0.63996),(8,757,0.28),(8,758,0.46662),(8,759,0.18669),(8,760,0.23331),(9,760,0.23331),(8,761,0.23331),(8,762,0.23331),(8,763,0.93345),(8,764,0.56),(8,765,0.28),(8,766,0.51331),(8,767,0.23331),(8,768,0.32669),(8,769,0.37331),(8,770,0.28),(8,771,0.28),(8,772,0.28),(8,773,1.02662),(8,774,0.14),(8,775,0.28),(8,776,0.74676),(8,777,0.28),(9,777,1.68),(8,778,0.37331),(9,778,0.37331),(8,779,0.28),(8,780,0.18669),(9,780,0.18669),(8,781,0.28),(8,782,0.32669),(8,783,0.46669),(8,784,0.28),(8,785,0.28),(8,786,0.28),(8,787,0.60669),(8,788,0.28),(8,789,0.18669),(8,790,0.96),(8,791,0.28),(8,792,0.18669),(9,792,0.37338),(8,793,0.18669),(8,794,0.23331),(8,795,0.23331),(8,796,0.84),(8,797,0.18669),(8,798,0.09331),(9,798,0.09331),(8,799,0.18669),(8,800,0.37331),(8,801,0.69993),(8,802,1.2),(8,803,0.28),(9,803,0.28),(8,804,0.32669),(8,805,0.69993),(8,806,0.32669),(8,807,1.2),(8,808,0.23331),(8,809,0.23331),(8,810,0.23331),(8,811,0.23331),(8,812,0.18669),(8,813,0.23331),(8,814,0.87996),(8,815,0.14),(8,816,0.48),(8,817,0.18669),(9,817,0.18669),(8,818,0.42),(9,818,0.42),(8,819,0.60669),(9,819,0.60669),(8,820,0.14),(9,820,0.42),(8,821,0.23331),(8,822,0.56),(8,823,0.32669),(8,824,0.18669),(9,824,0.37338),(8,825,0.23331),(9,830,0.28),(9,831,0.14),(9,832,0.14),(9,833,0.28),(9,834,0.56),(9,835,0.17),(9,836,0.28),(9,837,0.42),(9,838,0.51331),(9,839,0.37331),(9,840,0.37331),(9,841,0.37331),(9,842,0.28),(9,843,0.32669),(9,844,0.37331),(9,845,0.56),(9,846,2.56641),(9,847,0.23331),(9,848,1.13339),(9,849,1.04004),(9,850,0.23331),(9,851,0.37331),(9,852,1.2),(9,853,0.46662),(9,854,0.28),(9,855,1.4),(9,856,0.23331),(9,857,0.23331),(9,858,0.56),(9,859,0.18669),(9,860,0.56),(9,861,0.37331),(9,862,0.46669),(9,863,0.37331),(9,864,0.32669),(9,865,0.32669),(9,866,2.38),(9,867,0.28),(9,868,0.46669),(9,869,0.42),(9,870,0.04669),(9,871,0.93338),(9,872,0.88673),(9,873,1.2),(9,874,0.18669),(9,875,0.23331),(9,876,0.32669),(9,877,0.18669),(9,878,0.18669),(9,879,0.32669),(9,880,0.46662),(9,881,0.37331),(9,882,0.04669),(9,883,0.37331),(9,884,0.18669),(9,885,0.23331),(9,886,0.37331),(9,887,0.51331),(9,888,0.28),(9,889,0.28),(9,890,0.32669),(9,891,0.28),(9,892,0.32669),(9,893,0.18669),(9,894,0.37338),(9,895,0.14),(9,896,0.18669),(9,897,0.56),(9,898,0.37331),(9,899,1.4),(9,900,0.42),(9,901,0.32669),(9,902,0.23331),(9,903,0.37331),(9,904,0.23331),(9,905,0.28),(9,906,0.32669),(9,907,0.84),(9,908,0.84),(9,909,0.46669),(9,910,0.32669),(9,911,0.32669),(9,912,0.18669),(9,913,0.28),(9,914,0.23331),(9,915,0.28),(9,916,0.18669),(9,917,0.32669),(9,918,1.11996),(9,919,0.32669),(9,920,1.2),(9,921,0.14),(9,922,0.23331),(9,923,0.18669),(9,924,0.32669),(9,925,0.32669),(9,926,0.28),(9,927,0.28),(9,928,0.74662),(9,929,0.69993),(9,930,0.46669),(9,931,1.2),(9,932,0.28),(9,933,0.32669),(9,934,0.56),(9,935,0.32669),(9,936,1.16655),(9,937,0.56),(9,938,1.2),(9,939,0.18669),(9,940,0.14),(9,941,0.87996),(9,942,0.37331),(9,943,0.46662),(9,944,0.14),(9,945,0.23331),(9,946,0.18669),(9,947,0.46669),(9,948,0.32669),(9,949,0.18669),(9,950,0.23331),(9,951,0.23331),(9,952,0.23331),(9,953,0.28),(9,954,0.32669),(11,955,0.42),(11,956,0.42),(11,957,1.12),(11,958,0.32669),(2,959,0.21),(2,960,0.28),(12,961,0.34),(12,962,1.72679);

--
-- Table structure for table `jos78_finder_logging`
--

CREATE TABLE `jos78_finder_logging` (
  `searchterm` varchar(255) COLLATE utf8mb4_unicode_ci NOT NULL DEFAULT '',
  `md5sum` varchar(32) COLLATE utf8mb4_unicode_ci NOT NULL DEFAULT '',
  `query` blob NOT NULL,
  `hits` int NOT NULL DEFAULT '1',
  `results` int NOT NULL DEFAULT '0',
  PRIMARY KEY (`md5sum`),
  KEY `searchterm` (`searchterm`(191))
) ENGINE=InnoDB DEFAULT CHARSET=utf8mb4 COLLATE=utf8mb4_unicode_ci;

--
-- Dumping data for table `jos78_finder_logging`
--


--
-- Table structure for table `jos78_finder_taxonomy`
--

CREATE TABLE `jos78_finder_taxonomy` (
  `id` int unsigned NOT NULL AUTO_INCREMENT,
  `parent_id` int unsigned NOT NULL DEFAULT '0',
  `lft` int NOT NULL DEFAULT '0',
  `rgt` int NOT NULL DEFAULT '0',
  `level` int unsigned NOT NULL DEFAULT '0',
  `path` varchar(400) COLLATE utf8mb4_unicode_ci NOT NULL DEFAULT '',
  `title` varchar(255) COLLATE utf8mb4_unicode_ci NOT NULL DEFAULT '',
  `alias` varchar(400) COLLATE utf8mb4_unicode_ci NOT NULL DEFAULT '',
  `state` tinyint unsigned NOT NULL DEFAULT '1',
  `access` tinyint unsigned NOT NULL DEFAULT '1',
  `language` char(7) COLLATE utf8mb4_unicode_ci NOT NULL DEFAULT '',
  PRIMARY KEY (`id`),
  KEY `idx_state` (`state`),
  KEY `idx_access` (`access`),
  KEY `idx_path` (`path`(100)),
  KEY `idx_level` (`level`),
  KEY `idx_left_right` (`lft`,`rgt`),
  KEY `idx_alias` (`alias`(100)),
  KEY `idx_language` (`language`),
  KEY `idx_parent_published` (`parent_id`,`state`,`access`)
) ENGINE=InnoDB AUTO_INCREMENT=12 DEFAULT CHARSET=utf8mb4 COLLATE=utf8mb4_unicode_ci;

--
-- Dumping data for table `jos78_finder_taxonomy`
--

INSERT INTO `jos78_finder_taxonomy` (`id`, `parent_id`, `lft`, `rgt`, `level`, `path`, `title`, `alias`, `state`, `access`, `language`) VALUES (1,0,0,21,0,'','ROOT','root',1,1,'*'),(2,1,1,6,1,'type','Type','type',1,1,''),(3,2,2,3,2,'type/article','Article','article',1,1,''),(4,1,7,10,1,'author','Author','author',1,1,''),(5,4,8,9,2,'author/administrator','Administrator','administrator',1,1,''),(6,1,11,16,1,'category','Category','category',1,1,''),(7,6,12,13,2,'category/uncategorised','Uncategorised','uncategorised',1,1,'*'),(8,1,17,20,1,'language','Language','language',1,1,''),(9,8,18,19,2,'language/faef360113599eb6a0282d981cc199d8','*','faef360113599eb6a0282d981cc199d8',1,1,''),(10,2,4,5,2,'type/category','Category','category',1,1,''),(11,6,14,15,2,'category/how-to','How to','how-to',1,1,'*');

--
-- Table structure for table `jos78_finder_taxonomy_map`
--

CREATE TABLE `jos78_finder_taxonomy_map` (
  `link_id` int unsigned NOT NULL,
  `node_id` int unsigned NOT NULL,
  PRIMARY KEY (`link_id`,`node_id`),
  KEY `link_id` (`link_id`),
  KEY `node_id` (`node_id`)
) ENGINE=InnoDB DEFAULT CHARSET=utf8mb4 COLLATE=utf8mb4_unicode_ci;

--
-- Dumping data for table `jos78_finder_taxonomy_map`
--

INSERT INTO `jos78_finder_taxonomy_map` (`link_id`, `node_id`) VALUES (1,3),(1,5),(1,7),(1,9),(2,3),(2,5),(2,7),(2,9),(3,3),(3,5),(3,7),(3,9),(4,3),(4,5),(4,7),(4,9),(5,3),(5,5),(5,7),(5,9),(6,3),(6,5),(6,7),(6,9),(7,3),(7,5),(7,9),(7,11),(8,3),(8,5),(8,9),(8,11),(9,3),(9,5),(9,9),(9,11),(10,9),(10,10),(11,3),(11,5),(11,7),(11,9),(12,3),(12,5),(12,7),(12,9);

--
-- Table structure for table `jos78_finder_terms`
--

CREATE TABLE `jos78_finder_terms` (
  `term_id` int unsigned NOT NULL AUTO_INCREMENT,
  `term` varchar(75) CHARACTER SET utf8mb4 COLLATE utf8mb4_bin NOT NULL,
  `stem` varchar(75) CHARACTER SET utf8mb4 COLLATE utf8mb4_bin NOT NULL DEFAULT '',
  `common` tinyint unsigned NOT NULL DEFAULT '0',
  `phrase` tinyint unsigned NOT NULL DEFAULT '0',
  `weight` float unsigned NOT NULL DEFAULT '0',
  `soundex` varchar(75) CHARACTER SET utf8mb4 COLLATE utf8mb4_bin NOT NULL DEFAULT '',
  `links` int NOT NULL DEFAULT '0',
  `language` char(7) COLLATE utf8mb4_unicode_ci NOT NULL DEFAULT '',
  PRIMARY KEY (`term_id`),
  UNIQUE KEY `idx_term_language` (`term`,`language`),
  KEY `idx_stem` (`stem`),
  KEY `idx_term_phrase` (`term`,`phrase`),
  KEY `idx_stem_phrase` (`stem`,`phrase`),
  KEY `idx_soundex_phrase` (`soundex`,`phrase`),
  KEY `idx_language` (`language`)
) ENGINE=InnoDB AUTO_INCREMENT=963 DEFAULT CHARSET=utf8mb4 COLLATE=utf8mb4_unicode_ci;

--
-- Dumping data for table `jos78_finder_terms`
--

INSERT INTO `jos78_finder_terms` (`term_id`, `term`, `stem`, `common`, `phrase`, `weight`, `soundex`, `links`, `language`) VALUES (1,'1','1',0,0,0.1,'',12,'*'),(2,'275-2105','275-2105',0,0,0.8,'',18,'*'),(3,'580','580',0,0,0.3,'',18,'*'),(4,'a','a',0,0,0.0667,'A000',33,'*'),(5,'accommodate','accommodate',0,0,0.7333,'A253',8,'*'),(6,'activities','activities',0,0,0.6667,'A23132',20,'*'),(7,'administrator','administrator',0,0,0.8667,'A3523636',34,'*'),(8,'all','all',0,0,0.2,'A400',14,'*'),(9,'an','an',0,0,0.1333,'A500',23,'*'),(10,'and','and',0,0,0.2,'A530',32,'*'),(11,'arcade','arcade',0,0,0.4,'A623',10,'*'),(12,'are','are',0,0,0.2,'A600',14,'*'),(13,'assist','assist',0,0,0.4,'A230',8,'*'),(14,'at','at',0,0,0.1333,'A300',33,'*'),(15,'atmosphere','atmosphere',0,0,0.6667,'A35216',11,'*'),(16,'ax','ax',0,0,0.1333,'A200',20,'*'),(17,'be','be',0,0,0.1333,'B000',16,'*'),(18,'beverage','beverage',0,0,0.5333,'B620',3,'*'),(19,'billiards','billiards',0,0,0.6,'B4632',8,'*'),(20,'birthday','birthday',0,0,0.5333,'B630',18,'*'),(21,'birthdays','birthdays',0,0,0.6,'B632',3,'*'),(22,'blast','blast',0,0,0.3333,'B423',3,'*'),(23,'bonds','bonds',0,0,0.3333,'B532',3,'*'),(24,'booking','booking',0,0,0.4667,'B252',8,'*'),(25,'both','both',0,0,0.2667,'B300',17,'*'),(26,'bowling','bowling',0,0,0.4667,'B452',13,'*'),(27,'building','building',0,0,0.5333,'B4352',3,'*'),(28,'call','call',0,0,0.2667,'C400',21,'*'),(29,'can','can',0,0,0.2,'C500',28,'*'),(30,'caption','caption',0,0,0.4667,'C135',3,'*'),(31,'catering','catering',0,0,0.5333,'C3652',4,'*'),(32,'celebrate','celebrate',0,0,0.6,'C4163',8,'*'),(33,'challenges','challenges',0,0,0.6667,'C452',3,'*'),(34,'child\'s','child\'s',0,0,0.4667,'C432',3,'*'),(35,'choose','choose',0,0,0.4,'C000',19,'*'),(36,'competition','competition',0,0,0.7333,'C5135',8,'*'),(37,'complete','complete',0,0,0.5333,'C5143',11,'*'),(38,'contact','contact',0,0,0.4667,'C5323',13,'*'),(39,'corporate','corporate',0,0,0.6,'C6163',11,'*'),(40,'covered','covered',0,0,0.4667,'C163',3,'*'),(41,'create','create',0,0,0.4,'C630',11,'*'),(42,'customizable','customizable',0,0,0.8,'C35214',8,'*'),(43,'customized','customized',0,0,0.6667,'C3523',3,'*'),(44,'date','date',0,0,0.2667,'D000',13,'*'),(45,'day','day',0,0,0.2,'D000',5,'*'),(46,'decision','decision',0,0,0.5333,'D250',33,'*'),(47,'dedicated','dedicated',0,0,0.6,'D230',20,'*'),(48,'delicious','delicious',0,0,0.6,'D420',8,'*'),(49,'detail','detail',0,0,0.4,'D400',3,'*'),(50,'discuss','discuss',0,0,0.4667,'D200',8,'*'),(51,'diverse','diverse',0,0,0.4667,'D162',3,'*'),(52,'don\'t','don\'t',0,0,0.3333,'D530',13,'*'),(53,'drinks','drinks',0,0,0.4,'D652',3,'*'),(54,'email','email',0,0,0.3333,'E540',18,'*'),(55,'engage','engage',0,0,0.4,'E520',3,'*'),(56,'enjoy','enjoy',0,0,0.3333,'E520',24,'*'),(57,'enjoyable','enjoyable',0,0,0.6,'E5214',13,'*'),(58,'ensure','ensure',0,0,0.4,'E526',19,'*'),(59,'ensuring','ensuring',0,0,0.5333,'E52652',8,'*'),(60,'entertainment','entertainment',0,0,0.8667,'E536353',12,'*'),(61,'event','event',0,0,0.3333,'E153',9,'*'),(62,'events','events',0,0,0.4,'E1532',5,'*'),(63,'every','every',0,0,0.3333,'E160',10,'*'),(64,'everything','everything',0,0,0.6667,'E16352',13,'*'),(65,'exciting','exciting',0,0,0.5333,'E2352',18,'*'),(66,'experience','experience',0,0,0.6667,'E21652',23,'*'),(67,'experienced','experienced',0,0,0.7333,'E216523',18,'*'),(68,'explore','explore',0,0,0.4667,'E2146',3,'*'),(69,'facilitate','facilitate',0,0,0.6667,'F243',3,'*'),(70,'family','family',0,0,0.4,'F540',4,'*'),(71,'features','features',0,0,0.5333,'F362',12,'*'),(72,'finger','finger',0,0,0.4,'F526',11,'*'),(73,'fit','fit',0,0,0.2,'F300',11,'*'),(74,'flexible','flexible',0,0,0.5333,'F4214',3,'*'),(75,'flowing','flowing',0,0,0.4667,'F452',3,'*'),(76,'food','food',0,0,0.2667,'F300',8,'*'),(77,'foods','foods',0,0,0.3333,'F320',8,'*'),(78,'for','for',0,0,0.2,'F600',33,'*'),(79,'forget','forget',0,0,0.4,'F623',3,'*'),(80,'friendly','friendly',0,0,0.5333,'F6534',24,'*'),(81,'from','from',0,0,0.2667,'F650',16,'*'),(82,'fun','fun',0,0,0.2,'F500',33,'*'),(83,'function','function',0,0,0.5333,'F5235',3,'*'),(84,'further','further',0,0,0.4667,'F636',8,'*'),(85,'game','game',0,0,0.2667,'G500',13,'*'),(86,'games','games',0,0,0.3333,'G520',15,'*'),(87,'gatherings','gatherings',0,0,0.6667,'G3652',3,'*'),(88,'goes','goes',0,0,0.2667,'G000',6,'*'),(89,'good','good',0,0,0.2667,'G300',8,'*'),(90,'great','great',0,0,0.3333,'G630',17,'*'),(91,'group','group',0,0,0.3333,'G610',8,'*'),(92,'group\'s','group\'s',0,0,0.4667,'G612',3,'*'),(93,'guests','guests',0,0,0.4,'G320',8,'*'),(94,'hand','hand',0,0,0.2667,'H530',14,'*'),(95,'have','have',0,0,0.2667,'H100',15,'*'),(96,'hearty','hearty',0,0,0.4,'H630',3,'*'),(97,'help','help',0,0,0.2667,'H410',29,'*'),(98,'helping','helping',0,0,0.4667,'H4152',3,'*'),(99,'hit','hit',0,0,0.2,'H300',21,'*'),(100,'hitch','hitch',0,0,0.3333,'H320',3,'*'),(101,'host','host',0,0,0.2667,'H230',8,'*'),(102,'ideal','ideal',0,0,0.3333,'I340',3,'*'),(103,'ideas','ideas',0,0,0.3333,'I320',8,'*'),(104,'in','in',0,0,0.1333,'I500',31,'*'),(105,'including','including',0,0,0.6,'I524352',11,'*'),(106,'info','info',0,0,0.2667,'I510',18,'*'),(107,'intimate','intimate',0,0,0.5333,'I5353',3,'*'),(108,'is','is',0,0,0.1333,'I200',33,'*'),(109,'keep','keep',0,0,0.2667,'K100',11,'*'),(110,'lanes','lanes',0,0,0.3333,'L520',13,'*'),(111,'large','large',0,0,0.3333,'L620',3,'*'),(112,'let','let',0,0,0.2,'L300',21,'*'),(113,'location','location',0,0,0.5333,'L235',3,'*'),(114,'look','look',0,0,0.2667,'L200',8,'*'),(115,'looking','looking',0,0,0.4667,'L252',23,'*'),(116,'make','make',0,0,0.2667,'M200',17,'*'),(117,'meals','meals',0,0,0.3333,'M420',3,'*'),(118,'meet','meet',0,0,0.2667,'M300',3,'*'),(119,'memorable','memorable',0,0,0.6,'M614',14,'*'),(120,'menu','menu',0,0,0.2667,'M000',9,'*'),(121,'more','more',0,0,0.2667,'M600',8,'*'),(122,'need','need',0,0,0.2667,'N300',16,'*'),(123,'needs','needs',0,0,0.3333,'N320',8,'*'),(124,'next','next',0,0,0.2667,'N230',10,'*'),(125,'no','no',0,0,0.1333,'N000',10,'*'),(126,'occasion','occasion',0,0,0.5333,'O250',11,'*'),(127,'of','of',0,0,0.1333,'O100',32,'*'),(128,'off','off',0,0,0.2,'O100',3,'*'),(129,'offer','offer',0,0,0.3333,'O160',16,'*'),(130,'offerings','offerings',0,0,0.6,'O1652',3,'*'),(131,'on','on',0,0,0.1333,'O500',22,'*'),(132,'options','options',0,0,0.4667,'O1352',9,'*'),(133,'or','or',0,0,0.1333,'O600',33,'*'),(134,'our','our',0,0,0.2,'O600',33,'*'),(135,'over','over',0,0,0.2667,'O160',9,'*'),(136,'packages','packages',0,0,0.5333,'P200',10,'*'),(137,'party','party',0,0,0.3333,'P630',15,'*'),(138,'perfect','perfect',0,0,0.4667,'P6123',29,'*'),(139,'plan','plan',0,0,0.2667,'P450',10,'*'),(140,'planning','planning',0,0,0.5333,'P452',3,'*'),(141,'plus','plus',0,0,0.2667,'P420',3,'*'),(142,'preferences','preferences',0,0,0.7333,'P61652',4,'*'),(143,'premier','premier',0,0,0.4667,'P656',3,'*'),(144,'private','private',0,0,0.4667,'P613',4,'*'),(145,'productive','productive',0,0,0.6667,'P63231',3,'*'),(146,'provide','provide',0,0,0.4667,'P613',22,'*'),(147,'range','range',0,0,0.3333,'R520',13,'*'),(148,'ready','ready',0,0,0.3333,'R300',20,'*'),(149,'relax','relax',0,0,0.3333,'R420',8,'*'),(150,'requirements','requirements',0,0,0.8,'R26532',3,'*'),(151,'reserved','reserved',0,0,0.5333,'R2613',3,'*'),(152,'reunions','reunions',0,0,0.5333,'R520',3,'*'),(153,'reward','reward',0,0,0.4,'R300',3,'*'),(154,'seamless','seamless',0,0,0.5333,'S542',3,'*'),(155,'secure','secure',0,0,0.4,'S600',3,'*'),(156,'selection','selection',0,0,0.6,'S4235',3,'*'),(157,'selections','selections',0,0,0.6667,'S42352',3,'*'),(158,'setup','setup',0,0,0.3333,'S310',8,'*'),(159,'sizes','sizes',0,0,0.3333,'S000',6,'*'),(160,'space','space',0,0,0.3333,'S120',6,'*'),(161,'special','special',0,0,0.4667,'S124',17,'*'),(162,'specific','specific',0,0,0.5333,'S1212',3,'*'),(163,'split','split',0,0,0.3333,'S143',33,'*'),(164,'splitdecision','splitdecision',0,0,0.8667,'S14325',18,'*'),(165,'staff','staff',0,0,0.3333,'S310',22,'*'),(166,'strengthen','strengthen',0,0,0.6667,'S365235',3,'*'),(167,'style','style',0,0,0.3333,'S340',3,'*'),(168,'sweet','sweet',0,0,0.3333,'S300',8,'*'),(169,'tailored','tailored',0,0,0.5333,'T463',8,'*'),(170,'team','team',0,0,0.2667,'T500',4,'*'),(171,'team-building','team-building',0,0,0.8667,'T514352',3,'*'),(172,'than','than',0,0,0.2667,'T500',13,'*'),(173,'that','that',0,0,0.2667,'T000',28,'*'),(174,'the','the',0,0,0.2,'T000',33,'*'),(175,'throwing','throwing',0,0,0.5333,'T652',20,'*'),(176,'times','times',0,0,0.3333,'T520',10,'*'),(177,'to','to',0,0,0.1333,'T000',34,'*'),(178,'today','today',0,0,0.3333,'T000',23,'*'),(179,'tokens','tokens',0,0,0.4,'T252',3,'*'),(180,'treats','treats',0,0,0.4,'T632',8,'*'),(181,'understand','understand',0,0,0.6667,'U5362353',16,'*'),(182,'unforgettable','unforgettable',0,0,0.8667,'U5162314',20,'*'),(183,'unique','unique',0,0,0.4,'U520',20,'*'),(184,'us','us',0,0,0.1333,'U200',23,'*'),(185,'variety','variety',0,0,0.4667,'V630',10,'*'),(186,'venue','venue',0,0,0.3333,'V500',19,'*'),(187,'vibrant','vibrant',0,0,0.4667,'V653',9,'*'),(188,'wait','wait',0,0,0.2667,'W300',11,'*'),(189,'we','we',0,0,0.1333,'W000',16,'*'),(190,'whether','whether',0,0,0.4667,'W360',31,'*'),(191,'will','will',0,0,0.2667,'W400',28,'*'),(192,'with','with',0,0,0.2667,'W300',23,'*'),(193,'without','without',0,0,0.4667,'W300',8,'*'),(194,'work','work',0,0,0.2667,'W620',3,'*'),(195,'you','you',0,0,0.2,'Y000',31,'*'),(196,'you\'re','you\'re',0,0,0.4,'Y600',30,'*'),(197,'your','your',0,0,0.2667,'Y600',33,'*'),(256,'2','2',0,0,0.1,'',11,'*'),(257,'access','access',0,0,0.4,'A200',5,'*'),(258,'activity','activity',0,0,0.5333,'A2313',17,'*'),(259,'add','add',0,0,0.2,'A300',13,'*'),(260,'adults','adults',0,0,0.4,'A3432',5,'*'),(261,'allowing','allowing',0,0,0.5333,'A452',14,'*'),(262,'also','also',0,0,0.2667,'A420',7,'*'),(263,'bash','bash',0,0,0.2667,'B200',5,'*'),(264,'blend','blend',0,0,0.3333,'B453',7,'*'),(265,'celebration','celebration',0,0,0.7333,'C41635',5,'*'),(266,'challenge','challenge',0,0,0.6,'C452',21,'*'),(267,'classic','classic',0,0,0.4667,'C420',10,'*'),(268,'cleanup','cleanup',0,0,0.4667,'C451',5,'*'),(269,'clinton','clinton',0,0,0.4667,'C4535',26,'*'),(270,'compete','compete',0,0,0.4667,'C513',10,'*'),(271,'cravings','cravings',0,0,0.5333,'C6152',5,'*'),(272,'crowd','crowd',0,0,0.3333,'C630',5,'*'),(273,'designed','designed',0,0,0.5333,'D253',19,'*'),(274,'desserts','desserts',0,0,0.5333,'D2632',5,'*'),(275,'dietary','dietary',0,0,0.4667,'D600',5,'*'),(276,'each','each',0,0,0.2667,'E200',10,'*'),(277,'ensures','ensures',0,0,0.4667,'E5262',5,'*'),(278,'entertained','entertained',0,0,0.7333,'E536353',5,'*'),(279,'everyone','everyone',0,0,0.5333,'E165',14,'*'),(280,'favorite','favorite',0,0,0.5333,'F630',5,'*'),(281,'favorites','favorites',0,0,0.6,'F632',5,'*'),(282,'filled','filled',0,0,0.4,'F430',5,'*'),(283,'fun-filled','fun-filled',0,0,0.6667,'F5143',7,'*'),(284,'having','having',0,0,0.4,'H152',5,'*'),(285,'here','here',0,0,0.2667,'H600',11,'*'),(286,'high','high',0,0,0.2667,'H200',7,'*'),(287,'includes','includes',0,0,0.5333,'I52432',8,'*'),(288,'just','just',0,0,0.2667,'J300',19,'*'),(289,'keywords','keywords',0,0,0.5333,'K632',1,'*'),(290,'kids','kids',0,0,0.2667,'K320',5,'*'),(291,'know','know',0,0,0.2667,'K500',10,'*'),(292,'laughter','laughter',0,0,0.5333,'L236',17,'*'),(293,'lively','lively',0,0,0.4,'L140',7,'*'),(294,'memories','memories',0,0,0.5333,'M620',12,'*'),(295,'ok','ok',0,0,0.1333,'O200',14,'*'),(296,'oklahoma','oklahoma',0,0,0.5333,'O245',20,'*'),(297,'older','older',0,0,0.3333,'O436',5,'*'),(298,'own','own',0,0,0.2,'O500',5,'*'),(299,'package','package',0,0,0.4667,'P200',5,'*'),(300,'parties','parties',0,0,0.4667,'P632',15,'*'),(301,'pizzas','pizzas',0,0,0.4,'P200',5,'*'),(302,'playing','playing',0,0,0.4667,'P452',8,'*'),(303,'promises','promises',0,0,0.5333,'P652',14,'*'),(304,'reserve','reserve',0,0,0.4667,'R261',5,'*'),(305,'restrictions','restrictions',0,0,0.8,'R2362352',5,'*'),(306,'runs','runs',0,0,0.2667,'R520',5,'*'),(307,'satisfy','satisfy',0,0,0.4667,'S321',5,'*'),(308,'scores','scores',0,0,0.4,'S620',7,'*'),(309,'setting','setting',0,0,0.4667,'S352',11,'*'),(310,'smoothly','smoothly',0,0,0.5333,'S534',13,'*'),(311,'snacking','snacking',0,0,0.5333,'S5252',5,'*'),(312,'something','something',0,0,0.6,'S5352',7,'*'),(313,'strikes','strikes',0,0,0.4667,'S362',7,'*'),(314,'there\'s','there\'s',0,0,0.4667,'T620',7,'*'),(315,'this','this',0,0,0.2667,'T200',22,'*'),(316,'thrilling','thrilling',0,0,0.6,'T6452',11,'*'),(317,'throw','throw',0,0,0.3333,'T600',10,'*'),(318,'time','time',0,0,0.2667,'T500',13,'*'),(319,'toppings','toppings',0,0,0.5333,'T152',5,'*'),(320,'trying','trying',0,0,0.4,'T652',5,'*'),(321,'twist','twist',0,0,0.3333,'T230',10,'*'),(322,'ultimate','ultimate',0,0,0.5333,'U4353',8,'*'),(323,'we\'re','we\'re',0,0,0.3333,'W600',5,'*'),(324,'which','which',0,0,0.3333,'W200',5,'*'),(325,'while','while',0,0,0.3333,'W400',8,'*'),(326,'why','why',0,0,0.2,'W000',10,'*'),(383,'3','3',0,0,0.1,'',8,'*'),(384,'beginner','beginner',0,0,0.5333,'B256',5,'*'),(385,'bowler','bowler',0,0,0.4,'B460',2,'*'),(386,'come','come',0,0,0.2667,'C500',12,'*'),(387,'easy','easy',0,0,0.2667,'E200',2,'*'),(388,'environment','environment',0,0,0.7333,'E51653',13,'*'),(389,'equipped','equipped',0,0,0.5333,'E213',2,'*'),(390,'facility','facility',0,0,0.5333,'F243',2,'*'),(391,'families','families',0,0,0.5333,'F542',2,'*'),(392,'friends','friends',0,0,0.4667,'F6532',24,'*'),(393,'gathering','gathering',0,0,0.6,'G3652',3,'*'),(394,'get','get',0,0,0.2,'G300',10,'*'),(395,'it','it',0,0,0.1333,'I300',10,'*'),(396,'it\'s','it\'s',0,0,0.2667,'I320',15,'*'),(397,'join','join',0,0,0.2667,'J500',11,'*'),(398,'latest','latest',0,0,0.4,'L323',4,'*'),(399,'making','making',0,0,0.4,'M252',7,'*'),(400,'modern','modern',0,0,0.4,'M365',3,'*'),(401,'music','music',0,0,0.3333,'M200',2,'*'),(402,'roll','roll',0,0,0.2667,'R400',5,'*'),(403,'scoring','scoring',0,0,0.4667,'S652',5,'*'),(404,'seasoned','seasoned',0,0,0.5333,'S530',2,'*'),(405,'spares','spares',0,0,0.4,'S162',2,'*'),(406,'started','started',0,0,0.4667,'S363',7,'*'),(407,'technology','technology',0,0,0.6667,'T2542',2,'*'),(408,'well-maintained','well-maintained',0,0,1,'W45353',4,'*'),(409,'where','where',0,0,0.3333,'W600',10,'*'),(414,'4','4',0,0,0.1,'',8,'*'),(415,'after','after',0,0,0.3333,'A136',10,'*'),(416,'area','area',0,0,0.2667,'A600',19,'*'),(417,'await','await',0,0,0.3333,'A300',2,'*'),(418,'casual','casual',0,0,0.4,'C400',4,'*'),(419,'comfortable','comfortable',0,0,0.7333,'C516314',13,'*'),(420,'competitive','competitive',0,0,0.7333,'C5131',7,'*'),(421,'featuring','featuring',0,0,0.6,'F3652',2,'*'),(422,'find','find',0,0,0.2667,'F530',5,'*'),(423,'gather','gather',0,0,0.4,'G360',5,'*'),(424,'how','how',0,0,0.2,'H000',14,'*'),(425,'improve','improve',0,0,0.4667,'I5161',8,'*'),(426,'interaction','interaction',0,0,0.7333,'I536235',2,'*'),(427,'long','long',0,0,0.2667,'L520',2,'*'),(428,'match','match',0,0,0.3333,'M320',2,'*'),(429,'matter','matter',0,0,0.4,'M360',2,'*'),(430,'one','one',0,0,0.2,'O500',10,'*'),(431,'place','place',0,0,0.3333,'P420',5,'*'),(432,'play','play',0,0,0.2667,'P400',7,'*'),(433,'pool','pool',0,0,0.2667,'P400',5,'*'),(434,'showcase','showcase',0,0,0.5333,'S000',2,'*'),(435,'skill','skill',0,0,0.3333,'S400',13,'*'),(436,'skills','skills',0,0,0.4,'S420',10,'*'),(437,'social','social',0,0,0.4,'S400',2,'*'),(438,'strategy','strategy',0,0,0.5333,'S3632',5,'*'),(439,'tables','tables',0,0,0.4,'T142',5,'*'),(440,'tournaments','tournaments',0,0,0.7333,'T6532',2,'*'),(441,'unwind','unwind',0,0,0.4,'U530',2,'*'),(442,'you\'ll','you\'ll',0,0,0.4,'Y400',5,'*'),(445,'5','5',0,0,0.1,'',8,'*'),(446,'added','added',0,0,0.3333,'A300',2,'*'),(447,'ages','ages',0,0,0.2667,'A200',6,'*'),(448,'appeal','appeal',0,0,0.4,'A140',2,'*'),(449,'classics','classics',0,0,0.5333,'C420',2,'*'),(450,'excitement','excitement',0,0,0.6667,'E2353',14,'*'),(451,'fresh','fresh',0,0,0.3333,'F620',2,'*'),(452,'gaming','gaming',0,0,0.4,'G520',2,'*'),(453,'into','into',0,0,0.2667,'I530',5,'*'),(454,'machines','machines',0,0,0.5333,'M252',2,'*'),(455,'new','new',0,0,0.2,'N000',2,'*'),(456,'night','night',0,0,0.3333,'N230',15,'*'),(457,'nostalgia','nostalgia',0,0,0.6,'N2342',2,'*'),(458,'out','out',0,0,0.2,'O300',17,'*'),(459,'pinball','pinball',0,0,0.4667,'P514',2,'*'),(460,'players','players',0,0,0.4667,'P462',5,'*'),(461,'race','race',0,0,0.2667,'R200',2,'*'),(462,'rack','rack',0,0,0.2667,'R200',5,'*'),(463,'regularly','regularly',0,0,0.6,'R2464',5,'*'),(464,'relive','relive',0,0,0.4,'R410',2,'*'),(465,'retro','retro',0,0,0.3333,'R360',2,'*'),(466,'shooting','shooting',0,0,0.5333,'S352',2,'*'),(467,'step','step',0,0,0.2667,'S310',5,'*'),(468,'test','test',0,0,0.2667,'T230',2,'*'),(469,'those','those',0,0,0.3333,'T200',2,'*'),(470,'up','up',0,0,0.1333,'U100',8,'*'),(471,'video','video',0,0,0.3333,'V300',2,'*'),(472,'visit','visit',0,0,0.3333,'V230',7,'*'),(473,'wide','wide',0,0,0.2667,'W300',2,'*'),(474,'world','world',0,0,0.3333,'W643',5,'*'),(476,'6','6',0,0,0.1,'',13,'*'),(477,'adrenaline','adrenaline',0,0,0.6667,'A36545',7,'*'),(478,'alike','alike',0,0,0.3333,'A420',12,'*'),(479,'beginners','beginners',0,0,0.6,'B2562',10,'*'),(480,'celebrating','celebrating',0,0,0.7333,'C416352',12,'*'),(481,'competitions','competitions',0,0,0.8,'C51352',7,'*'),(482,'deliver','deliver',0,0,0.4667,'D416',12,'*'),(483,'exhilarating','exhilarating',0,0,0.8,'E246352',12,'*'),(484,'groups','groups',0,0,0.4,'G612',12,'*'),(485,'individuals','individuals',0,0,0.7333,'I531342',12,'*'),(486,'inner','inner',0,0,0.3333,'I560',12,'*'),(487,'instructions','instructions',0,0,0.8,'I52362352',12,'*'),(488,'lumberjack','lumberjack',0,0,0.6667,'L5162',12,'*'),(489,'most','most',0,0,0.2667,'M230',10,'*'),(490,'offers','offers',0,0,0.4,'O162',7,'*'),(491,'plenty','plenty',0,0,0.4,'P453',7,'*'),(492,'points','points',0,0,0.4,'P532',15,'*'),(493,'rush','rush',0,0,0.2667,'R200',7,'*'),(494,'safety','safety',0,0,0.4,'S130',12,'*'),(495,'score','score',0,0,0.3333,'S600',12,'*'),(496,'see','see',0,0,0.2,'S000',7,'*'),(497,'sure','sure',0,0,0.2667,'S600',15,'*'),(498,'target','target',0,0,0.4,'T623',18,'*'),(499,'that\'s','that\'s',0,0,0.4,'T200',7,'*'),(500,'throwers','throwers',0,0,0.5333,'T620',10,'*'),(501,'tips','tips',0,0,0.2667,'T120',18,'*'),(502,'unleash','unleash',0,0,0.4667,'U542',12,'*'),(503,'who','who',0,0,0.2,'W000',10,'*'),(507,'7','7',0,0,0.1,'',11,'*'),(508,'about','about',0,0,0.3333,'A130',12,'*'),(509,'addition','addition',0,0,0.5333,'A350',5,'*'),(510,'aim','aim',0,0,0.2,'A500',11,'*'),(511,'align','align',0,0,0.3333,'A425',8,'*'),(512,'any','any',0,0,0.2,'A500',9,'*'),(513,'apart','apart',0,0,0.3333,'A163',11,'*'),(514,'arms','arms',0,0,0.2667,'A652',5,'*'),(515,'as','as',0,0,0.1333,'A200',8,'*'),(516,'ask','ask',0,0,0.2,'A200',5,'*'),(517,'axes','axes',0,0,0.2667,'A200',5,'*'),(518,'balance','balance',0,0,0.4667,'B452',5,'*'),(519,'based','based',0,0,0.3333,'B230',5,'*'),(520,'before','before',0,0,0.4,'B600',8,'*'),(521,'bit','bit',0,0,0.2,'B300',5,'*'),(522,'book','book',0,0,0.2667,'B200',8,'*'),(523,'bring','bring',0,0,0.3333,'B652',8,'*'),(524,'bullseye','bullseye',0,0,0.5333,'B420',5,'*'),(525,'but','but',0,0,0.2,'B300',11,'*'),(526,'choice','choice',0,0,0.4,'C000',5,'*'),(527,'combines','combines',0,0,0.5333,'C5152',8,'*'),(528,'comfort','comfort',0,0,0.4667,'C5163',8,'*'),(529,'darts','darts',0,0,0.3333,'D632',5,'*'),(530,'discover','discover',0,0,0.5333,'D216',11,'*'),(531,'dominant','dominant',0,0,0.5333,'D530',5,'*'),(532,'down','down',0,0,0.2667,'D500',8,'*'),(533,'enjoying','enjoying',0,0,0.5333,'E5252',5,'*'),(534,'essential','essential',0,0,0.6,'E2534',8,'*'),(535,'eye','eye',0,0,0.2,'E000',5,'*'),(536,'facing','facing',0,0,0.4,'F252',5,'*'),(537,'fantastic','fantastic',0,0,0.6,'F53232',5,'*'),(538,'feedback','feedback',0,0,0.5333,'F312',5,'*'),(539,'feel','feel',0,0,0.2667,'F400',5,'*'),(540,'feet','feet',0,0,0.2667,'F300',11,'*'),(541,'firm','firm',0,0,0.2667,'F650',8,'*'),(542,'first','first',0,0,0.3333,'F623',11,'*'),(543,'flies','flies',0,0,0.3333,'F420',5,'*'),(544,'focus','focus',0,0,0.3333,'F200',11,'*'),(545,'follow','follow',0,0,0.4,'F400',8,'*'),(546,'foot','foot',0,0,0.2667,'F300',8,'*'),(547,'forward','forward',0,0,0.4667,'F630',11,'*'),(548,'front','front',0,0,0.3333,'F653',8,'*'),(549,'getting','getting',0,0,0.4667,'G352',5,'*'),(550,'give','give',0,0,0.2667,'G100',5,'*'),(551,'grip','grip',0,0,0.2667,'G610',5,'*'),(552,'guide','guide',0,0,0.3333,'G300',11,'*'),(553,'hands','hands',0,0,0.3333,'H532',8,'*'),(554,'here\'s','here\'s',0,0,0.4,'H620',5,'*'),(555,'hesitate','hesitate',0,0,0.5333,'H230',5,'*'),(556,'hitting','hitting',0,0,0.4667,'H352',5,'*'),(557,'hold','hold',0,0,0.2667,'H430',8,'*'),(558,'hosting','hosting',0,0,0.4667,'H2352',5,'*'),(559,'if','if',0,0,0.1333,'I100',8,'*'),(560,'improves','improves',0,0,0.5333,'I51612',5,'*'),(561,'keeping','keeping',0,0,0.4667,'K152',5,'*'),(562,'lands','lands',0,0,0.3333,'L532',5,'*'),(563,'learn','learn',0,0,0.3333,'L650',11,'*'),(564,'level','level',0,0,0.3333,'L140',5,'*'),(565,'levels','levels',0,0,0.4,'L142',5,'*'),(566,'like','like',0,0,0.2667,'L200',11,'*'),(567,'line','line',0,0,0.2667,'L500',11,'*'),(568,'maintain','maintain',0,0,0.5333,'M350',8,'*'),(569,'miss','miss',0,0,0.2667,'M200',5,'*'),(570,'naturally','naturally',0,0,0.6,'N364',5,'*'),(571,'once','once',0,0,0.2667,'O520',5,'*'),(572,'other','other',0,0,0.3333,'O360',8,'*'),(573,'ourselves','ourselves',0,0,0.6,'O62412',5,'*'),(574,'outing','outing',0,0,0.4,'O352',5,'*'),(575,'overhead','overhead',0,0,0.5333,'O163',5,'*'),(576,'palms','palms',0,0,0.3333,'P452',5,'*'),(577,'participants','participants',0,0,0.8,'P6321532',5,'*'),(578,'practice','practice',0,0,0.5333,'P6232',11,'*'),(579,'precision','precision',0,0,0.6,'P625',5,'*'),(580,'pride','pride',0,0,0.3333,'P630',5,'*'),(581,'priority','priority',0,0,0.5333,'P630',5,'*'),(582,'pro','pro',0,0,0.2,'P600',8,'*'),(583,'proper','proper',0,0,0.4,'P616',5,'*'),(584,'providing','providing',0,0,0.6,'P61352',5,'*'),(585,'regardless','regardless',0,0,0.6667,'R26342',5,'*'),(586,'relaxed','relaxed',0,0,0.4667,'R423',5,'*'),(587,'release','release',0,0,0.4667,'R420',8,'*'),(588,'releasing','releasing',0,0,0.6,'R4252',5,'*'),(589,'right','right',0,0,0.3333,'R230',8,'*'),(590,'rules','rules',0,0,0.3333,'R420',8,'*'),(591,'safe','safe',0,0,0.2667,'S100',11,'*'),(592,'select','select',0,0,0.4,'S423',8,'*'),(593,'session','session',0,0,0.4667,'S500',5,'*'),(594,'should','should',0,0,0.4,'S430',8,'*'),(595,'shoulder','shoulder',0,0,0.5333,'S436',5,'*'),(596,'shoulder-width','shoulder-width',0,0,0.9333,'S4363',11,'*'),(597,'similar','similar',0,0,0.4667,'S546',5,'*'),(598,'simple','simple',0,0,0.4,'S514',5,'*'),(599,'slightly','slightly',0,0,0.5333,'S4234',8,'*'),(600,'some','some',0,0,0.2667,'S500',5,'*'),(601,'spin','spin',0,0,0.2667,'S150',5,'*'),(602,'sport','sport',0,0,0.3333,'S163',8,'*'),(603,'stance','stance',0,0,0.4,'S352',11,'*'),(604,'stand','stand',0,0,0.3333,'S353',11,'*'),(605,'start','start',0,0,0.3333,'S363',8,'*'),(606,'step-by-step','step-by-step',0,0,0.8,'S31231',11,'*'),(607,'straight','straight',0,0,0.5333,'S3623',8,'*'),(608,'suitable','suitable',0,0,0.5333,'S314',5,'*'),(609,'take','take',0,0,0.2667,'T200',11,'*'),(610,'technique','technique',0,0,0.6,'T252',8,'*'),(611,'techniques','techniques',0,0,0.6667,'T252',11,'*'),(612,'then','then',0,0,0.2667,'T500',8,'*'),(613,'thrill','thrill',0,0,0.4,'T640',6,'*'),(614,'through','through',0,0,0.4667,'T620',11,'*'),(615,'top','top',0,0,0.2,'T100',5,'*'),(616,'toward','toward',0,0,0.4,'T630',8,'*'),(617,'try','try',0,0,0.2,'T600',14,'*'),(618,'way','way',0,0,0.2,'W000',5,'*'),(619,'welcoming','welcoming',0,0,0.6,'W4252',5,'*'),(620,'what','what',0,0,0.2667,'W300',8,'*'),(634,'competitionslearn','competitionslearn',0,0,1,'C51352465',6,'*'),(635,'groupsunique','groupsunique',0,0,0.8,'G61252',6,'*'),(636,'okax','okax',0,0,0.2667,'O200',6,'*'),(637,'oklahomaax','oklahomaax',0,0,0.6667,'O2452',6,'*'),(638,'partiesfun','partiesfun',0,0,0.6667,'P63215',6,'*'),(639,'throwingax','throwingax',0,0,0.6667,'T652',6,'*'),(641,'center','center',0,0,0.4,'C536',4,'*'),(642,'clintonfamily','clintonfamily',0,0,0.8667,'C4535154',2,'*'),(643,'dive','dive',0,0,0.2667,'D100',1,'*'),(644,'entertainmentarcade','entertainmentarcade',0,0,1,'E536353623',1,'*'),(645,'gamesvideo','gamesvideo',0,0,0.6667,'G5213',1,'*'),(646,'kidsarcade','kidsarcade',0,0,0.6667,'K32623',1,'*'),(647,'okarcade','okarcade',0,0,0.5333,'O2623',1,'*'),(648,'oklahomaclassic','oklahomaclassic',0,0,1,'O245242',1,'*'),(649,'tournamentsgaming','tournamentsgaming',0,0,1,'T653252',1,'*'),(656,'clintonbilliards','clintonbilliards',0,0,1,'C453514632',1,'*'),(657,'funpool','funpool',0,0,0.4667,'F514',1,'*'),(658,'hall','hall',0,0,0.2667,'H400',1,'*'),(659,'oklahomaplay','oklahomaplay',0,0,0.8,'O24514',1,'*'),(660,'okpool','okpool',0,0,0.4,'O214',1,'*'),(661,'outbilliards','outbilliards',0,0,0.8,'O314632',1,'*'),(662,'tournamentsbilliards','tournamentsbilliards',0,0,1,'T653214632',1,'*'),(663,'alley','alley',0,0,0.3333,'A400',1,'*'),(664,'bowlingbowling','bowlingbowling',0,0,0.9333,'B4521452',1,'*'),(665,'clintonbowling','clintonbowling',0,0,0.9333,'C45351452',1,'*'),(666,'funbirthday','funbirthday',0,0,0.7333,'F5163',1,'*'),(667,'kidsbowling','kidsbowling',0,0,0.7333,'K321452',1,'*'),(668,'leagues','leagues',0,0,0.4667,'L200',1,'*'),(669,'okbowling','okbowling',0,0,0.6,'O21452',4,'*'),(670,'oklahomabowling','oklahomabowling',0,0,1,'O2451452',1,'*'),(671,'state-of-the-art','state-of-the-art',0,0,1,'S31363',1,'*'),(678,'10','10',0,0,0.2,'',7,'*'),(679,'15','15',0,0,0.2,'',9,'*'),(680,'150','150',0,0,0.3,'',3,'*'),(681,'2-hour','2-hour',0,0,0.4,'H600',3,'*'),(682,'225','225',0,0,0.3,'',3,'*'),(683,'additional','additional',0,0,0.6667,'A354',3,'*'),(684,'adjust','adjust',0,0,0.4,'A323',3,'*'),(685,'axe','axe',0,0,0.2,'A200',3,'*'),(686,'bowlers','bowlers',0,0,0.4667,'B462',6,'*'),(687,'dogs','dogs',0,0,0.2667,'D200',3,'*'),(688,'drink','drink',0,0,0.3333,'D652',3,'*'),(689,'etc','etc',0,0,0.2,'E320',3,'*'),(690,'grill','grill',0,0,0.3333,'G640',3,'*'),(691,'happy','happy',0,0,0.3333,'H100',3,'*'),(692,'hot','hot',0,0,0.2,'H300',3,'*'),(693,'minimum','minimum',0,0,0.4667,'M000',3,'*'),(694,'now','now',0,0,0.2,'N000',3,'*'),(695,'open','open',0,0,0.2667,'O150',6,'*'),(696,'pack','pack',0,0,0.2667,'P200',3,'*'),(697,'pizza','pizza',0,0,0.3333,'P200',3,'*'),(698,'purchase','purchase',0,0,0.5333,'P620',3,'*'),(699,'rental','rental',0,0,0.4,'R534',3,'*'),(700,'shoe','shoe',0,0,0.2667,'S000',3,'*'),(701,'suit','suit',0,0,0.2667,'S300',4,'*'),(702,'unlimited','unlimited',0,0,0.6,'U5453',3,'*'),(703,'16','16',0,0,0.2,'',6,'*'),(704,'8','8',0,0,0.1,'',7,'*'),(705,'aiming','aiming',0,0,0.4,'A520',6,'*'),(706,'approach','approach',0,0,0.5333,'A162',3,'*'),(707,'arm','arm',0,0,0.2,'A650',3,'*'),(708,'arrows','arrows',0,0,0.4,'A620',3,'*'),(709,'avoid','avoid',0,0,0.3333,'A130',3,'*'),(710,'away','away',0,0,0.2667,'A000',3,'*'),(711,'back','back',0,0,0.2667,'B200',6,'*'),(712,'ball','ball',0,0,0.2667,'B400',6,'*'),(713,'basics','basics',0,0,0.4,'B200',6,'*'),(714,'become','become',0,0,0.4,'B250',3,'*'),(715,'beginnersbowling','beginnersbowling',0,0,1,'B25621452',3,'*'),(716,'behind','behind',0,0,0.4,'B530',6,'*'),(717,'bent','bent',0,0,0.2667,'B530',3,'*'),(718,'best','best',0,0,0.2667,'B230',3,'*'),(719,'better','better',0,0,0.4,'B360',6,'*'),(720,'between','between',0,0,0.4667,'B350',6,'*'),(721,'body','body',0,0,0.2667,'B300',3,'*'),(722,'bowl','bowl',0,0,0.2667,'B400',3,'*'),(723,'bowlbowling','bowlbowling',0,0,0.7333,'B41452',3,'*'),(724,'by','by',0,0,0.1333,'B000',6,'*'),(725,'choosing','choosing',0,0,0.5333,'C520',3,'*'),(726,'close','close',0,0,0.3333,'C420',3,'*'),(727,'comfortably','comfortably',0,0,0.7333,'C516314',6,'*'),(728,'conclusion','conclusion',0,0,0.6667,'C52425',6,'*'),(729,'control','control',0,0,0.4667,'C5364',6,'*'),(730,'controlled','controlled',0,0,0.6667,'C53643',6,'*'),(731,'countless','countless',0,0,0.6,'C5342',6,'*'),(732,'dedication','dedication',0,0,0.6667,'D235',6,'*'),(733,'delivering','delivering',0,0,0.6667,'D41652',3,'*'),(734,'delivery','delivery',0,0,0.5333,'D416',3,'*'),(735,'depending','depending',0,0,0.6,'D15352',3,'*'),(736,'desired','desired',0,0,0.4667,'D263',3,'*'),(737,'different','different',0,0,0.6,'D1653',6,'*'),(738,'distractions','distractions',0,0,0.8,'D2362352',3,'*'),(739,'during','during',0,0,0.4,'D652',3,'*'),(740,'end','end',0,0,0.2,'E530',3,'*'),(741,'enjoyed','enjoyed',0,0,0.4667,'E523',6,'*'),(742,'equipment','equipment',0,0,0.6,'E2153',6,'*'),(743,'etiquette','etiquette',0,0,0.6,'E323',3,'*'),(744,'experiment','experiment',0,0,0.6667,'E21653',3,'*'),(745,'extending','extending',0,0,0.6,'E235352',3,'*'),(746,'feels','feels',0,0,0.3333,'F420',6,'*'),(747,'final','final',0,0,0.3333,'F540',3,'*'),(748,'fingers','fingers',0,0,0.4667,'F5262',6,'*'),(749,'five','five',0,0,0.2667,'F000',3,'*'),(750,'follow-through','follow-through',0,0,0.9333,'F4362',3,'*'),(751,'foul','foul',0,0,0.2667,'F400',3,'*'),(752,'four','four',0,0,0.2667,'F600',3,'*'),(753,'fourth','fourth',0,0,0.4,'F630',3,'*'),(754,'funbowling','funbowling',0,0,0.6667,'F51452',3,'*'),(755,'grab','grab',0,0,0.2667,'G610',3,'*'),(756,'guidehow','guidehow',0,0,0.5333,'G300',6,'*'),(757,'height','height',0,0,0.4,'H230',3,'*'),(758,'holes','holes',0,0,0.3333,'H420',3,'*'),(759,'hook','hook',0,0,0.2667,'H200',3,'*'),(760,'hours','hours',0,0,0.3333,'H620',6,'*'),(761,'house','house',0,0,0.3333,'H200',3,'*'),(762,'knees','knees',0,0,0.3333,'K520',3,'*'),(763,'lane','lane',0,0,0.2667,'L500',3,'*'),(764,'left-handers','left-handers',0,0,0.8,'L135362',3,'*'),(765,'longer','longer',0,0,0.4,'L526',3,'*'),(766,'maintaining','maintaining',0,0,0.7333,'M352',3,'*'),(767,'makes','makes',0,0,0.3333,'M200',3,'*'),(768,'maximum','maximum',0,0,0.4667,'M250',3,'*'),(769,'measures','measures',0,0,0.5333,'M262',3,'*'),(770,'memory','memory',0,0,0.4,'M600',3,'*'),(771,'motion','motion',0,0,0.4,'M350',3,'*'),(772,'muscle','muscle',0,0,0.4,'M240',3,'*'),(773,'non-bowling','non-bowling',0,0,0.7333,'N1452',3,'*'),(774,'not','not',0,0,0.2,'N300',3,'*'),(775,'people','people',0,0,0.4,'P400',3,'*'),(776,'pins','pins',0,0,0.2667,'P520',3,'*'),(777,'pocket','pocket',0,0,0.4,'P230',6,'*'),(778,'position','position',0,0,0.5333,'P235',6,'*'),(779,'pounds','pounds',0,0,0.4,'P532',3,'*'),(780,'push','push',0,0,0.2667,'P200',6,'*'),(781,'rather','rather',0,0,0.4,'R360',3,'*'),(782,'reaches','reaches',0,0,0.4667,'R200',3,'*'),(783,'respectful','respectful',0,0,0.6667,'R212314',3,'*'),(784,'result','result',0,0,0.4,'R243',3,'*'),(785,'return','return',0,0,0.4,'R365',3,'*'),(786,'rhythm','rhythm',0,0,0.4,'R350',3,'*'),(787,'right-handers','right-handers',0,0,0.8667,'R235362',3,'*'),(788,'rotate','rotate',0,0,0.4,'R300',3,'*'),(789,'rule','rule',0,0,0.2667,'R400',3,'*'),(790,'rulesbowling','rulesbowling',0,0,0.8,'R421452',3,'*'),(791,'second','second',0,0,0.4,'S530',3,'*'),(792,'shot','shot',0,0,0.2667,'S300',6,'*'),(793,'side','side',0,0,0.2667,'S300',3,'*'),(794,'slide','slide',0,0,0.3333,'S430',3,'*'),(795,'small','small',0,0,0.3333,'S540',3,'*'),(796,'smooth','smooth',0,0,0.4,'S530',3,'*'),(797,'snug','snug',0,0,0.2667,'S520',3,'*'),(798,'so','so',0,0,0.1333,'S000',6,'*'),(799,'stay','stay',0,0,0.2667,'S300',3,'*'),(800,'stepping','stepping',0,0,0.5333,'S3152',3,'*'),(801,'steps','steps',0,0,0.3333,'S312',3,'*'),(802,'strategiesbowling','strategiesbowling',0,0,1,'S36321452',3,'*'),(803,'strike','strike',0,0,0.4,'S362',6,'*'),(804,'support','support',0,0,0.4667,'S163',3,'*'),(805,'swing','swing',0,0,0.3333,'S520',3,'*'),(806,'targets','targets',0,0,0.4667,'T6232',3,'*'),(807,'techniquesbowling','techniquesbowling',0,0,1,'T2521452',3,'*'),(808,'their','their',0,0,0.3333,'T600',3,'*'),(809,'these','these',0,0,0.3333,'T200',3,'*'),(810,'third','third',0,0,0.3333,'T630',3,'*'),(811,'thumb','thumb',0,0,0.3333,'T510',3,'*'),(812,'tidy','tidy',0,0,0.2667,'T000',3,'*'),(813,'tight','tight',0,0,0.3333,'T230',3,'*'),(814,'tipsbowling','tipsbowling',0,0,0.7333,'T121452',3,'*'),(815,'too','too',0,0,0.2,'T000',3,'*'),(816,'tricks','tricks',0,0,0.4,'T620',3,'*'),(817,'turn','turn',0,0,0.2667,'T650',6,'*'),(818,'typically','typically',0,0,0.6,'T124',6,'*'),(819,'understanding','understanding',0,0,0.8667,'U536235352',6,'*'),(820,'use','use',0,0,0.2,'U200',6,'*'),(821,'waist','waist',0,0,0.3333,'W230',3,'*'),(822,'weight','weight',0,0,0.4,'W230',3,'*'),(823,'weights','weights',0,0,0.4667,'W232',3,'*'),(824,'when','when',0,0,0.2667,'W500',6,'*'),(825,'works','works',0,0,0.3333,'W620',3,'*'),(830,'1-15','1-15',0,0,0.4,'',3,'*'),(831,'21','21',0,0,0.2,'',3,'*'),(832,'58','58',0,0,0.2,'',3,'*'),(833,'7-foot','7-foot',0,0,0.4,'F300',3,'*'),(834,'8-ball','8-ball',0,0,0.4,'B400',3,'*'),(835,'9','9',0,0,0.1,'',3,'*'),(836,'9-foot','9-foot',0,0,0.4,'F300',3,'*'),(837,'according','according',0,0,0.6,'A26352',3,'*'),(838,'accordingly','accordingly',0,0,0.7333,'A263524',3,'*'),(839,'accuracy','accuracy',0,0,0.5333,'A262',3,'*'),(840,'accurate','accurate',0,0,0.5333,'A263',3,'*'),(841,'anywhere','anywhere',0,0,0.5333,'A560',3,'*'),(842,'around','around',0,0,0.4,'A653',3,'*'),(843,'arrange','arrange',0,0,0.4667,'A652',3,'*'),(844,'balanced','balanced',0,0,0.5333,'B4523',3,'*'),(845,'ball-in-hand','ball-in-hand',0,0,0.8,'B453',3,'*'),(846,'balls','balls',0,0,0.3333,'B420',3,'*'),(847,'begin','begin',0,0,0.3333,'B250',3,'*'),(848,'beginner\'s','beginner\'s',0,0,0.6667,'B2562',3,'*'),(849,'beginnerspool','beginnerspool',0,0,0.8667,'B256214',3,'*'),(850,'being','being',0,0,0.3333,'B520',3,'*'),(851,'billiard','billiard',0,0,0.5333,'B463',3,'*'),(852,'billiardsbilliards','billiardsbilliards',0,0,1,'B463214632',3,'*'),(853,'break','break',0,0,0.3333,'B620',3,'*'),(854,'breaks','breaks',0,0,0.4,'B620',3,'*'),(855,'bridge','bridge',0,0,0.4,'B632',3,'*'),(856,'carom','carom',0,0,0.3333,'C650',3,'*'),(857,'chalk','chalk',0,0,0.3333,'C420',3,'*'),(858,'closed','closed',0,0,0.4,'C423',3,'*'),(859,'coin','coin',0,0,0.2667,'C500',3,'*'),(860,'common','common',0,0,0.4,'C500',3,'*'),(861,'consider','consider',0,0,0.5333,'C5236',3,'*'),(862,'consistent','consistent',0,0,0.6667,'C52353',3,'*'),(863,'continue','continue',0,0,0.5333,'C535',3,'*'),(864,'correct','correct',0,0,0.4667,'C623',3,'*'),(865,'crucial','crucial',0,0,0.4667,'C624',3,'*'),(866,'cue','cue',0,0,0.2,'C000',3,'*'),(867,'decide','decide',0,0,0.4,'D230',3,'*'),(868,'designated','designated',0,0,0.6667,'D253',3,'*'),(869,'determine','determine',0,0,0.6,'D650',3,'*'),(870,'e','e',0,0,0.0667,'E000',3,'*'),(871,'eight-ball','eight-ball',0,0,0.6667,'E2314',3,'*'),(872,'enhance','enhance',0,0,0.4667,'E520',3,'*'),(873,'equipmentbilliards','equipmentbilliards',0,0,1,'E215314632',3,'*'),(874,'fail','fail',0,0,0.2667,'F400',3,'*'),(875,'fails','fails',0,0,0.3333,'F420',3,'*'),(876,'finesse','finesse',0,0,0.4667,'F520',3,'*'),(877,'flat','flat',0,0,0.2667,'F430',3,'*'),(878,'flip','flip',0,0,0.2667,'F410',3,'*'),(879,'forming','forming',0,0,0.4667,'F652',3,'*'),(880,'fouls','fouls',0,0,0.3333,'F420',3,'*'),(881,'friction','friction',0,0,0.5333,'F6235',3,'*'),(882,'g','g',0,0,0.0667,'G000',3,'*'),(883,'gameplay','gameplay',0,0,0.5333,'G514',3,'*'),(884,'head','head',0,0,0.2667,'H300',3,'*'),(885,'helps','helps',0,0,0.3333,'H412',3,'*'),(886,'identify','identify',0,0,0.5333,'I3531',3,'*'),(887,'improvement','improvement',0,0,0.7333,'I516153',3,'*'),(888,'inches','inches',0,0,0.4,'I520',3,'*'),(889,'larger','larger',0,0,0.4,'L626',3,'*'),(890,'legally','legally',0,0,0.4667,'L240',3,'*'),(891,'length','length',0,0,0.4,'L523',3,'*'),(892,'lessons','lessons',0,0,0.4667,'L252',3,'*'),(893,'loop','loop',0,0,0.2667,'L100',3,'*'),(894,'made','made',0,0,0.2667,'M300',3,'*'),(895,'may','may',0,0,0.2,'M000',3,'*'),(896,'must','must',0,0,0.2667,'M230',3,'*'),(897,'non-dominant','non-dominant',0,0,0.8,'N353',3,'*'),(898,'numbered','numbered',0,0,0.5333,'N163',3,'*'),(899,'object','object',0,0,0.4,'O123',3,'*'),(900,'objective','objective',0,0,0.6,'O1231',3,'*'),(901,'observe','observe',0,0,0.4667,'O1261',3,'*'),(902,'occur','occur',0,0,0.3333,'O260',3,'*'),(903,'opposing','opposing',0,0,0.5333,'O1252',3,'*'),(904,'order','order',0,0,0.3333,'O636',3,'*'),(905,'others','others',0,0,0.4,'O362',3,'*'),(906,'overall','overall',0,0,0.4667,'O164',3,'*'),(907,'played','played',0,0,0.4,'P430',3,'*'),(908,'player','player',0,0,0.4,'P460',3,'*'),(909,'pocketless','pocketless',0,0,0.6667,'P2342',3,'*'),(910,'pockets','pockets',0,0,0.4667,'P232',3,'*'),(911,'popular','popular',0,0,0.4667,'P460',3,'*'),(912,'pull','pull',0,0,0.2667,'P400',3,'*'),(913,'random','random',0,0,0.4,'R535',3,'*'),(914,'refer','refer',0,0,0.3333,'R160',3,'*'),(915,'refine','refine',0,0,0.4,'R150',3,'*'),(916,'rest','rest',0,0,0.2667,'R230',3,'*'),(917,'resting','resting',0,0,0.4667,'R2352',3,'*'),(918,'rulesbilliards','rulesbilliards',0,0,0.9333,'R4214632',3,'*'),(919,'scatter','scatter',0,0,0.4667,'S360',3,'*'),(920,'scoringbilliards','scoringbilliards',0,0,1,'S65214632',3,'*'),(921,'set','set',0,0,0.2,'S300',3,'*'),(922,'shots','shots',0,0,0.3333,'S320',3,'*'),(923,'sink','sink',0,0,0.2667,'S520',3,'*'),(924,'smaller','smaller',0,0,0.4667,'S546',3,'*'),(925,'snooker','snooker',0,0,0.4667,'S526',3,'*'),(926,'solids','solids',0,0,0.4,'S432',3,'*'),(927,'stable','stable',0,0,0.4,'S314',3,'*'),(928,'standard','standard',0,0,0.5333,'S35363',3,'*'),(929,'stick','stick',0,0,0.3333,'S320',3,'*'),(930,'strategies','strategies',0,0,0.6667,'S3632',3,'*'),(931,'strategiesbilliards','strategiesbilliards',0,0,1,'S363214632',3,'*'),(932,'string','string',0,0,0.4,'S3652',3,'*'),(933,'stripes','stripes',0,0,0.4667,'S3612',3,'*'),(934,'stroke','stroke',0,0,0.4,'S362',3,'*'),(935,'success','success',0,0,0.4667,'S000',3,'*'),(936,'table','table',0,0,0.3333,'T140',3,'*'),(937,'taking','taking',0,0,0.4,'T252',3,'*'),(938,'techniquesbilliards','techniquesbilliards',0,0,1,'T25214632',3,'*'),(939,'them','them',0,0,0.2667,'T500',3,'*'),(940,'tip','tip',0,0,0.2,'T100',3,'*'),(941,'tipsplaying','tipsplaying',0,0,0.7333,'T121452',3,'*'),(942,'triangle','triangle',0,0,0.5333,'T6524',3,'*'),(943,'turns','turns',0,0,0.3333,'T652',3,'*'),(944,'two','two',0,0,0.2,'T000',3,'*'),(945,'until','until',0,0,0.3333,'U534',3,'*'),(946,'used','used',0,0,0.2667,'U230',3,'*'),(947,'variations','variations',0,0,0.6667,'V6352',3,'*'),(948,'various','various',0,0,0.4667,'V620',3,'*'),(949,'want','want',0,0,0.2667,'W530',3,'*'),(950,'watch','watch',0,0,0.3333,'W320',3,'*'),(951,'we\'ll','we\'ll',0,0,0.3333,'W400',3,'*'),(952,'white','white',0,0,0.3333,'W300',3,'*'),(953,'winner','winner',0,0,0.4,'W560',3,'*'),(954,'winning','winning',0,0,0.4667,'W520',3,'*'),(955,'available','available',0,0,0.6,'A1414',1,'*'),(956,'customize','customize',0,0,0.6,'C352',1,'*'),(957,'full-service','full-service',0,0,0.8,'F42612',1,'*'),(958,'inquire','inquire',0,0,0.4667,'I526',1,'*'),(959,'200','200',0,0,0.3,'',1,'*'),(960,'sunday','sunday',0,0,0.4,'S530',1,'*'),(961,'11','11',0,0,0.2,'',1,'*'),(962,'pricing','pricing',0,0,0.4667,'P6252',1,'*');

--
-- Table structure for table `jos78_finder_terms_common`
--

CREATE TABLE `jos78_finder_terms_common` (
  `term` varchar(75) CHARACTER SET utf8mb4 COLLATE utf8mb4_bin NOT NULL DEFAULT '',
  `language` char(7) COLLATE utf8mb4_unicode_ci NOT NULL DEFAULT '',
  `custom` int NOT NULL DEFAULT '0',
  UNIQUE KEY `idx_term_language` (`term`,`language`),
  KEY `idx_lang` (`language`)
) ENGINE=InnoDB DEFAULT CHARSET=utf8mb4 COLLATE=utf8mb4_unicode_ci;

--
-- Dumping data for table `jos78_finder_terms_common`
--

INSERT INTO `jos78_finder_terms_common` (`term`, `language`, `custom`) VALUES ('a','en',0),('about','en',0),('above','en',0),('after','en',0),('again','en',0),('against','en',0),('all','en',0),('am','en',0),('an','en',0),('and','en',0),('any','en',0),('are','en',0),('aren\'t','en',0),('as','en',0),('at','en',0),('be','en',0),('because','en',0),('been','en',0),('before','en',0),('being','en',0),('below','en',0),('between','en',0),('both','en',0),('but','en',0),('by','en',0),('can\'t','en',0),('cannot','en',0),('could','en',0),('couldn\'t','en',0),('did','en',0),('didn\'t','en',0),('do','en',0),('does','en',0),('doesn\'t','en',0),('doing','en',0),('don\'t','en',0),('down','en',0),('during','en',0),('each','en',0),('few','en',0),('for','en',0),('from','en',0),('further','en',0),('had','en',0),('hadn\'t','en',0),('has','en',0),('hasn\'t','en',0),('have','en',0),('haven\'t','en',0),('having','en',0),('he','en',0),('he\'d','en',0),('he\'ll','en',0),('he\'s','en',0),('her','en',0),('here','en',0),('here\'s','en',0),('hers','en',0),('herself','en',0),('him','en',0),('himself','en',0),('his','en',0),('how','en',0),('how\'s','en',0),('i','en',0),('i\'d','en',0),('i\'ll','en',0),('i\'m','en',0),('i\'ve','en',0),('if','en',0),('in','en',0),('into','en',0),('is','en',0),('isn\'t','en',0),('it','en',0),('it\'s','en',0),('its','en',0),('itself','en',0),('let\'s','en',0),('me','en',0),('more','en',0),('most','en',0),('mustn\'t','en',0),('my','en',0),('myself','en',0),('no','en',0),('nor','en',0),('not','en',0),('of','en',0),('off','en',0),('on','en',0),('once','en',0),('only','en',0),('or','en',0),('other','en',0),('ought','en',0),('our','en',0),('ours','en',0),('ourselves','en',0),('out','en',0),('over','en',0),('own','en',0),('same','en',0),('shan\'t','en',0),('she','en',0),('she\'d','en',0),('she\'ll','en',0),('she\'s','en',0),('should','en',0),('shouldn\'t','en',0),('so','en',0),('some','en',0),('such','en',0),('than','en',0),('that','en',0),('that\'s','en',0),('the','en',0),('their','en',0),('theirs','en',0),('them','en',0),('themselves','en',0),('then','en',0),('there','en',0),('there\'s','en',0),('these','en',0),('they','en',0),('they\'d','en',0),('they\'ll','en',0),('they\'re','en',0),('they\'ve','en',0),('this','en',0),('those','en',0),('through','en',0),('to','en',0),('too','en',0),('under','en',0),('until','en',0),('up','en',0),('very','en',0),('was','en',0),('wasn\'t','en',0),('we','en',0),('we\'d','en',0),('we\'ll','en',0),('we\'re','en',0),('we\'ve','en',0),('were','en',0),('weren\'t','en',0),('what','en',0),('what\'s','en',0),('when','en',0),('when\'s','en',0),('where','en',0),('where\'s','en',0),('which','en',0),('while','en',0),('who','en',0),('who\'s','en',0),('whom','en',0),('why','en',0),('why\'s','en',0),('with','en',0),('won\'t','en',0),('would','en',0),('wouldn\'t','en',0),('you','en',0),('you\'d','en',0),('you\'ll','en',0),('you\'re','en',0),('you\'ve','en',0),('your','en',0),('yours','en',0),('yourself','en',0),('yourselves','en',0);

--
-- Table structure for table `jos78_finder_tokens`
--

CREATE TABLE `jos78_finder_tokens` (
  `term` varchar(75) CHARACTER SET utf8mb4 COLLATE utf8mb4_bin NOT NULL,
  `stem` varchar(75) CHARACTER SET utf8mb4 COLLATE utf8mb4_bin NOT NULL DEFAULT '',
  `common` tinyint unsigned NOT NULL DEFAULT '0',
  `phrase` tinyint unsigned NOT NULL DEFAULT '0',
  `weight` float unsigned NOT NULL DEFAULT '1',
  `context` tinyint unsigned NOT NULL DEFAULT '2',
  `language` char(7) COLLATE utf8mb4_unicode_ci NOT NULL DEFAULT '',
  KEY `idx_word` (`term`),
  KEY `idx_stem` (`stem`),
  KEY `idx_context` (`context`),
  KEY `idx_language` (`language`)
) ENGINE=MEMORY DEFAULT CHARSET=utf8mb4 COLLATE=utf8mb4_unicode_ci;

--
-- Dumping data for table `jos78_finder_tokens`
--


--
-- Table structure for table `jos78_finder_tokens_aggregate`
--

CREATE TABLE `jos78_finder_tokens_aggregate` (
  `term_id` int unsigned NOT NULL,
  `term` varchar(75) CHARACTER SET utf8mb4 COLLATE utf8mb4_bin NOT NULL,
  `stem` varchar(75) CHARACTER SET utf8mb4 COLLATE utf8mb4_bin NOT NULL DEFAULT '',
  `common` tinyint unsigned NOT NULL DEFAULT '0',
  `phrase` tinyint unsigned NOT NULL DEFAULT '0',
  `term_weight` float unsigned NOT NULL DEFAULT '0',
  `context` tinyint unsigned NOT NULL DEFAULT '2',
  `context_weight` float unsigned NOT NULL DEFAULT '0',
  `total_weight` float unsigned NOT NULL DEFAULT '0',
  `language` char(7) COLLATE utf8mb4_unicode_ci NOT NULL DEFAULT '',
  KEY `token` (`term`),
  KEY `keyword_id` (`term_id`)
) ENGINE=MEMORY DEFAULT CHARSET=utf8mb4 COLLATE=utf8mb4_unicode_ci;

--
-- Dumping data for table `jos78_finder_tokens_aggregate`
--


--
-- Table structure for table `jos78_finder_types`
--

CREATE TABLE `jos78_finder_types` (
  `id` int unsigned NOT NULL AUTO_INCREMENT,
  `title` varchar(100) COLLATE utf8mb4_unicode_ci NOT NULL,
  `mime` varchar(100) COLLATE utf8mb4_unicode_ci NOT NULL DEFAULT '',
  PRIMARY KEY (`id`),
  UNIQUE KEY `title` (`title`)
) ENGINE=InnoDB AUTO_INCREMENT=7 DEFAULT CHARSET=utf8mb4 COLLATE=utf8mb4_unicode_ci;

--
-- Dumping data for table `jos78_finder_types`
--

INSERT INTO `jos78_finder_types` (`id`, `title`, `mime`) VALUES (1,'Category',''),(2,'Contact',''),(3,'Article',''),(4,'News Feed',''),(5,'Tag',''),(6,'Event','');

--
-- Table structure for table `jos78_guidedtour_steps`
--

CREATE TABLE `jos78_guidedtour_steps` (
  `id` int NOT NULL AUTO_INCREMENT,
  `tour_id` int NOT NULL DEFAULT '0',
  `title` varchar(255) COLLATE utf8mb4_unicode_ci NOT NULL,
  `published` tinyint NOT NULL DEFAULT '0',
  `description` text COLLATE utf8mb4_unicode_ci NOT NULL,
  `ordering` int NOT NULL DEFAULT '0',
  `position` varchar(255) COLLATE utf8mb4_unicode_ci NOT NULL,
  `target` varchar(255) COLLATE utf8mb4_unicode_ci NOT NULL,
  `type` int NOT NULL,
  `interactive_type` int NOT NULL DEFAULT '1',
  `url` varchar(255) COLLATE utf8mb4_unicode_ci NOT NULL,
  `created` datetime NOT NULL,
  `created_by` int unsigned NOT NULL DEFAULT '0',
  `modified` datetime NOT NULL,
  `modified_by` int unsigned NOT NULL DEFAULT '0',
  `checked_out_time` datetime DEFAULT NULL,
  `checked_out` int unsigned DEFAULT NULL,
  `language` varchar(7) COLLATE utf8mb4_unicode_ci NOT NULL,
  `note` varchar(255) COLLATE utf8mb4_unicode_ci NOT NULL DEFAULT '',
  PRIMARY KEY (`id`),
  KEY `idx_tour` (`tour_id`),
  KEY `idx_state` (`published`),
  KEY `idx_language` (`language`)
) ENGINE=InnoDB AUTO_INCREMENT=112 DEFAULT CHARSET=utf8mb4 COLLATE=utf8mb4_unicode_ci;

--
-- Dumping data for table `jos78_guidedtour_steps`
--

INSERT INTO `jos78_guidedtour_steps` (`id`, `tour_id`, `title`, `published`, `description`, `ordering`, `position`, `target`, `type`, `interactive_type`, `url`, `created`, `created_by`, `modified`, `modified_by`, `checked_out_time`, `checked_out`, `language`, `note`) VALUES (1,1,'COM_GUIDEDTOURS_TOUR_GUIDEDTOURS_STEP_NEW_TITLE',1,'COM_GUIDEDTOURS_TOUR_GUIDEDTOURS_STEP_NEW_DESCRIPTION',1,'bottom','.button-new',2,1,'administrator/index.php?option=com_guidedtours&view=tours','2024-09-19 11:34:02',0,'2024-09-19 11:34:02',0,NULL,NULL,'*',''),(2,1,'COM_GUIDEDTOURS_TOUR_GUIDEDTOURS_STEP_TITLE_TITLE',1,'COM_GUIDEDTOURS_TOUR_GUIDEDTOURS_STEP_TITLE_DESCRIPTION',2,'bottom','#jform_title',2,2,'administrator/index.php?option=com_guidedtours&view=tour&layout=edit','2024-09-19 11:34:02',0,'2024-09-19 11:34:02',0,NULL,NULL,'*',''),(3,1,'COM_GUIDEDTOURS_TOUR_GUIDEDTOURS_STEP_URL_TITLE',1,'COM_GUIDEDTOURS_TOUR_GUIDEDTOURS_STEP_URL_DESCRIPTION',3,'top','#jform_url',2,2,'administrator/index.php?option=com_guidedtours&view=tour&layout=edit','2024-09-19 11:34:02',0,'2024-09-19 11:34:02',0,NULL,NULL,'*',''),(4,1,'COM_GUIDEDTOURS_TOUR_GUIDEDTOURS_STEP_CONTENT_TITLE',1,'COM_GUIDEDTOURS_TOUR_GUIDEDTOURS_STEP_CONTENT_DESCRIPTION',4,'bottom','#jform_description,#jform_description_ifr',2,3,'administrator/index.php?option=com_guidedtours&view=tour&layout=edit','2024-09-19 11:34:02',0,'2024-09-19 11:34:02',0,NULL,NULL,'*',''),(5,1,'COM_GUIDEDTOURS_TOUR_GUIDEDTOURS_STEP_COMPONENT_TITLE',1,'COM_GUIDEDTOURS_TOUR_GUIDEDTOURS_STEP_COMPONENT_DESCRIPTION',5,'top','joomla-field-fancy-select .choices',2,3,'administrator/index.php?option=com_guidedtours&view=tour&layout=edit','2024-09-19 11:34:02',0,'2024-09-19 11:34:02',0,NULL,NULL,'*',''),(6,1,'COM_GUIDEDTOURS_TOUR_GUIDEDTOURS_STEP_SAVECLOSE_TITLE',1,'COM_GUIDEDTOURS_TOUR_GUIDEDTOURS_STEP_SAVECLOSE_DESCRIPTION',6,'top','#save-group-children-save .button-save',2,1,'administrator/index.php?option=com_guidedtours&view=tour&layout=edit','2024-09-19 11:34:02',0,'2024-09-19 11:34:02',0,NULL,NULL,'*',''),(7,1,'COM_GUIDEDTOURS_TOUR_GUIDEDTOURS_STEP_CONGRATULATIONS_TITLE',1,'COM_GUIDEDTOURS_TOUR_GUIDEDTOURS_STEP_CONGRATULATIONS_DESCRIPTION',7,'bottom','',0,1,'administrator/index.php?option=com_guidedtours&view=tour&layout=edit','2024-09-19 11:34:02',0,'2024-09-19 11:34:02',0,NULL,NULL,'*',''),(8,2,'COM_GUIDEDTOURS_TOUR_GUIDEDTOURSTEPS_STEP_COUNTER_TITLE',1,'COM_GUIDEDTOURS_TOUR_GUIDEDTOURSTEPS_STEP_COUNTER_DESCRIPTION',8,'top','#toursList tbody tr:nth-last-of-type(1) td:nth-of-type(5) .btn',2,1,'','2024-09-19 11:34:02',0,'2024-09-19 11:34:02',0,NULL,NULL,'*',''),(9,2,'COM_GUIDEDTOURS_TOUR_GUIDEDTOURSTEPS_STEP_NEW_TITLE',1,'COM_GUIDEDTOURS_TOUR_GUIDEDTOURSTEPS_STEP_NEW_DESCRIPTION',9,'bottom','.button-new',2,1,'','2024-09-19 11:34:02',0,'2024-09-19 11:34:02',0,NULL,NULL,'*',''),(10,2,'COM_GUIDEDTOURS_TOUR_GUIDEDTOURSTEPS_STEP_TITLE_TITLE',1,'COM_GUIDEDTOURS_TOUR_GUIDEDTOURSTEPS_STEP_TITLE_DESCRIPTION',10,'bottom','#jform_title',2,2,'','2024-09-19 11:34:02',0,'2024-09-19 11:34:02',0,NULL,NULL,'*',''),(11,2,'COM_GUIDEDTOURS_TOUR_GUIDEDTOURSTEPS_STEP_DESCRIPTION_TITLE',1,'COM_GUIDEDTOURS_TOUR_GUIDEDTOURSTEPS_STEP_DESCRIPTION_DESCRIPTION',11,'bottom','#jform_description,#jform_description_ifr',2,3,'','2024-09-19 11:34:02',0,'2024-09-19 11:34:02',0,NULL,NULL,'*',''),(12,2,'COM_GUIDEDTOURS_TOUR_GUIDEDTOURSTEPS_STEP_STATUS_TITLE',1,'COM_GUIDEDTOURS_TOUR_GUIDEDTOURSTEPS_STEP_STATUS_DESCRIPTION',12,'bottom','#jform_published',2,3,'','2024-09-19 11:34:02',0,'2024-09-19 11:34:02',0,NULL,NULL,'*',''),(13,2,'COM_GUIDEDTOURS_TOUR_GUIDEDTOURSTEPS_STEP_POSITION_TITLE',1,'COM_GUIDEDTOURS_TOUR_GUIDEDTOURSTEPS_STEP_POSITION_DESCRIPTION',13,'top','#jform_position',2,3,'','2024-09-19 11:34:02',0,'2024-09-19 11:34:02',0,NULL,NULL,'*',''),(14,2,'COM_GUIDEDTOURS_TOUR_GUIDEDTOURSTEPS_STEP_TARGET_TITLE',1,'COM_GUIDEDTOURS_TOUR_GUIDEDTOURSTEPS_STEP_TARGET_DESCRIPTION',14,'top','#jform_target',2,3,'','2024-09-19 11:34:02',0,'2024-09-19 11:34:02',0,NULL,NULL,'*',''),(15,2,'COM_GUIDEDTOURS_TOUR_GUIDEDTOURSTEPS_STEP_TYPE_TITLE',1,'COM_GUIDEDTOURS_TOUR_GUIDEDTOURSTEPS_STEP_TYPE_DESCRIPTION',15,'top','#jform_type',2,3,'','2024-09-19 11:34:02',0,'2024-09-19 11:34:02',0,NULL,NULL,'*',''),(16,2,'COM_GUIDEDTOURS_TOUR_GUIDEDTOURSTEPS_STEP_SAVECLOSE_TITLE',1,'COM_GUIDEDTOURS_TOUR_GUIDEDTOURSTEPS_STEP_SAVECLOSE_DESCRIPTION',16,'bottom','#save-group-children-save .button-save',2,1,'','2024-09-19 11:34:02',0,'2024-09-19 11:34:02',0,NULL,NULL,'*',''),(17,2,'COM_GUIDEDTOURS_TOUR_GUIDEDTOURSTEPS_STEP_CONGRATULATIONS_TITLE',1,'COM_GUIDEDTOURS_TOUR_GUIDEDTOURSTEPS_STEP_CONGRATULATIONS_DESCRIPTION',17,'bottom','',0,1,'','2024-09-19 11:34:02',0,'2024-09-19 11:34:02',0,NULL,NULL,'*',''),(18,3,'COM_GUIDEDTOURS_TOUR_ARTICLES_STEP_NEW_TITLE',1,'COM_GUIDEDTOURS_TOUR_ARTICLES_STEP_NEW_DESCRIPTION',18,'bottom','.button-new',2,1,'administrator/index.php?option=com_content&view=articles','2024-09-19 11:34:02',0,'2024-09-19 11:34:02',0,NULL,NULL,'*',''),(19,3,'COM_GUIDEDTOURS_TOUR_ARTICLES_STEP_TITLE_TITLE',1,'COM_GUIDEDTOURS_TOUR_ARTICLES_STEP_TITLE_DESCRIPTION',19,'bottom','#jform_title',2,2,'administrator/index.php?option=com_content&view=article&layout=edit','2024-09-19 11:34:02',0,'2024-09-19 11:34:02',0,NULL,NULL,'*',''),(20,3,'COM_GUIDEDTOURS_TOUR_ARTICLES_STEP_ALIAS_TITLE',1,'COM_GUIDEDTOURS_TOUR_ARTICLES_STEP_ALIAS_DESCRIPTION',20,'bottom','#jform_alias',2,2,'administrator/index.php?option=com_content&view=article&layout=edit','2024-09-19 11:34:02',0,'2024-09-19 11:34:02',0,NULL,NULL,'*',''),(21,3,'COM_GUIDEDTOURS_TOUR_ARTICLES_STEP_CONTENT_TITLE',1,'COM_GUIDEDTOURS_TOUR_ARTICLES_STEP_CONTENT_DESCRIPTION',21,'bottom','#jform_articletext,#jform_articletext_ifr',2,3,'administrator/index.php?option=com_content&view=article&layout=edit','2024-09-19 11:34:02',0,'2024-09-19 11:34:02',0,NULL,NULL,'*',''),(22,3,'COM_GUIDEDTOURS_TOUR_ARTICLES_STEP_STATUS_TITLE',1,'COM_GUIDEDTOURS_TOUR_ARTICLES_STEP_STATUS_DESCRIPTION',22,'bottom','#jform_state',2,3,'administrator/index.php?option=com_content&view=article&layout=edit','2024-09-19 11:34:02',0,'2024-09-19 11:34:02',0,NULL,NULL,'*',''),(23,3,'COM_GUIDEDTOURS_TOUR_ARTICLES_STEP_CATEGORY_TITLE',1,'COM_GUIDEDTOURS_TOUR_ARTICLES_STEP_CATEGORY_DESCRIPTION',23,'top','joomla-field-fancy-select .choices[data-type=select-one]',2,3,'administrator/index.php?option=com_content&view=article&layout=edit','2024-09-19 11:34:02',0,'2024-09-19 11:34:02',0,NULL,NULL,'*',''),(24,3,'COM_GUIDEDTOURS_TOUR_ARTICLES_STEP_FEATURED_TITLE',1,'COM_GUIDEDTOURS_TOUR_ARTICLES_STEP_FEATURED_DESCRIPTION',24,'bottom','#jform_featured0',2,3,'administrator/index.php?option=com_content&view=article&layout=edit','2024-09-19 11:34:02',0,'2024-09-19 11:34:02',0,NULL,NULL,'*',''),(25,3,'COM_GUIDEDTOURS_TOUR_ARTICLES_STEP_ACCESS_TITLE',1,'COM_GUIDEDTOURS_TOUR_ARTICLES_STEP_ACCESS_DESCRIPTION',25,'bottom','#jform_access',2,3,'administrator/index.php?option=com_content&view=article&layout=edit','2024-09-19 11:34:02',0,'2024-09-19 11:34:02',0,NULL,NULL,'*',''),(26,3,'COM_GUIDEDTOURS_TOUR_ARTICLES_STEP_TAGS_TITLE',1,'COM_GUIDEDTOURS_TOUR_ARTICLES_STEP_TAGS_DESCRIPTION',26,'top','joomla-field-fancy-select .choices[data-type=select-multiple]',2,3,'administrator/index.php?option=com_content&view=article&layout=edit','2024-09-19 11:34:02',0,'2024-09-19 11:34:02',0,NULL,NULL,'*',''),(27,3,'COM_GUIDEDTOURS_TOUR_ARTICLES_STEP_NOTE_TITLE',1,'COM_GUIDEDTOURS_TOUR_ARTICLES_STEP_NOTE_DESCRIPTION',27,'top','#jform_note',2,2,'administrator/index.php?option=com_content&view=article&layout=edit','2024-09-19 11:34:02',0,'2024-09-19 11:34:02',0,NULL,NULL,'*',''),(28,3,'COM_GUIDEDTOURS_TOUR_ARTICLES_STEP_VERSIONNOTE_TITLE',1,'COM_GUIDEDTOURS_TOUR_ARTICLES_STEP_VERSIONNOTE_DESCRIPTION',28,'top','#jform_version_note',2,2,'administrator/index.php?option=com_content&view=article&layout=edit','2024-09-19 11:34:02',0,'2024-09-19 11:34:02',0,NULL,NULL,'*',''),(29,3,'COM_GUIDEDTOURS_TOUR_ARTICLES_STEP_SAVECLOSE_TITLE',1,'COM_GUIDEDTOURS_TOUR_ARTICLES_STEP_SAVECLOSE_DESCRIPTION',29,'bottom','#save-group-children-save .button-save',2,1,'administrator/index.php?option=com_content&view=article&layout=edit','2024-09-19 11:34:02',0,'2024-09-19 11:34:02',0,NULL,NULL,'*',''),(30,3,'COM_GUIDEDTOURS_TOUR_ARTICLES_STEP_CONGRATULATIONS_TITLE',1,'COM_GUIDEDTOURS_TOUR_ARTICLES_STEP_CONGRATULATIONS_DESCRIPTION',30,'bottom','',0,1,'administrator/index.php?option=com_content&view=article&layout=edit','2024-09-19 11:34:02',0,'2024-09-19 11:34:02',0,NULL,NULL,'*',''),(31,4,'COM_GUIDEDTOURS_TOUR_CATEGORIES_STEP_NEW_TITLE',1,'COM_GUIDEDTOURS_TOUR_CATEGORIES_STEP_NEW_DESCRIPTION',31,'bottom','.button-new',2,1,'administrator/index.php?option=com_categories&view=categories&extension=com_content','2024-09-19 11:34:02',0,'2024-09-19 11:34:02',0,NULL,NULL,'*',''),(32,4,'COM_GUIDEDTOURS_TOUR_CATEGORIES_STEP_TITLE_TITLE',1,'COM_GUIDEDTOURS_TOUR_CATEGORIES_STEP_TITLE_DESCRIPTION',32,'bottom','#jform_title',2,2,'administrator/index.php?option=com_categories&view=category&layout=edit&extension=com_content','2024-09-19 11:34:02',0,'2024-09-19 11:34:02',0,NULL,NULL,'*',''),(33,4,'COM_GUIDEDTOURS_TOUR_CATEGORIES_STEP_ALIAS_TITLE',1,'COM_GUIDEDTOURS_TOUR_CATEGORIES_STEP_ALIAS_DESCRIPTION',33,'bottom','#jform_alias',2,2,'administrator/index.php?option=com_categories&view=category&layout=edit&extension=com_content','2024-09-19 11:34:02',0,'2024-09-19 11:34:02',0,NULL,NULL,'*',''),(34,4,'COM_GUIDEDTOURS_TOUR_CATEGORIES_STEP_CONTENT_TITLE',1,'COM_GUIDEDTOURS_TOUR_CATEGORIES_STEP_CONTENT_DESCRIPTION',34,'bottom','#jform_description,#jform_description_ifr',2,3,'administrator/index.php?option=com_categories&view=category&layout=edit&extension=com_content','2024-09-19 11:34:02',0,'2024-09-19 11:34:02',0,NULL,NULL,'*',''),(35,4,'COM_GUIDEDTOURS_TOUR_CATEGORIES_STEP_PARENT_TITLE',1,'COM_GUIDEDTOURS_TOUR_CATEGORIES_STEP_PARENT_DESCRIPTION',35,'top','joomla-field-fancy-select .choices[data-type=select-one]',2,3,'administrator/index.php?option=com_categories&view=category&layout=edit&extension=com_content','2024-09-19 11:34:02',0,'2024-09-19 11:34:02',0,NULL,NULL,'*',''),(36,4,'COM_GUIDEDTOURS_TOUR_CATEGORIES_STEP_STATUS_TITLE',1,'COM_GUIDEDTOURS_TOUR_CATEGORIES_STEP_STATUS_DESCRIPTION',36,'bottom','#jform_published',2,3,'administrator/index.php?option=com_categories&view=category&layout=edit&extension=com_content','2024-09-19 11:34:02',0,'2024-09-19 11:34:02',0,NULL,NULL,'*',''),(37,4,'COM_GUIDEDTOURS_TOUR_CATEGORIES_STEP_ACCESS_TITLE',1,'COM_GUIDEDTOURS_TOUR_CATEGORIES_STEP_ACCESS_DESCRIPTION',37,'bottom','#jform_access',2,3,'administrator/index.php?option=com_categories&view=category&layout=edit&extension=com_content','2024-09-19 11:34:02',0,'2024-09-19 11:34:02',0,NULL,NULL,'*',''),(38,4,'COM_GUIDEDTOURS_TOUR_CATEGORIES_STEP_TAGS_TITLE',1,'COM_GUIDEDTOURS_TOUR_CATEGORIES_STEP_TAGS_DESCRIPTION',38,'top','joomla-field-fancy-select .choices[data-type=select-multiple]',2,3,'administrator/index.php?option=com_categories&view=category&layout=edit&extension=com_content','2024-09-19 11:34:02',0,'2024-09-19 11:34:02',0,NULL,NULL,'*',''),(39,4,'COM_GUIDEDTOURS_TOUR_CATEGORIES_STEP_NOTE_TITLE',1,'COM_GUIDEDTOURS_TOUR_CATEGORIES_STEP_NOTE_DESCRIPTION',39,'top','#jform_note',2,2,'administrator/index.php?option=com_categories&view=category&layout=edit&extension=com_content','2024-09-19 11:34:02',0,'2024-09-19 11:34:02',0,NULL,NULL,'*',''),(40,4,'COM_GUIDEDTOURS_TOUR_CATEGORIES_STEP_VERSIONNOTE_TITLE',1,'COM_GUIDEDTOURS_TOUR_CATEGORIES_STEP_VERSIONNOTE_DESCRIPTION',40,'top','#jform_version_note',2,2,'administrator/index.php?option=com_categories&view=category&layout=edit&extension=com_content','2024-09-19 11:34:02',0,'2024-09-19 11:34:02',0,NULL,NULL,'*',''),(41,4,'COM_GUIDEDTOURS_TOUR_CATEGORIES_STEP_SAVECLOSE_TITLE',1,'COM_GUIDEDTOURS_TOUR_CATEGORIES_STEP_SAVECLOSE_DESCRIPTION',41,'bottom','#save-group-children-save .button-save',2,1,'administrator/index.php?option=com_categories&view=category&layout=edit&extension=com_content','2024-09-19 11:34:02',0,'2024-09-19 11:34:02',0,NULL,NULL,'*',''),(42,4,'COM_GUIDEDTOURS_TOUR_CATEGORIES_STEP_CONGRATULATIONS_TITLE',1,'COM_GUIDEDTOURS_TOUR_CATEGORIES_STEP_CONGRATULATIONS_DESCRIPTION',42,'bottom','',0,1,'administrator/index.php?option=com_categories&view=category&layout=edit&extension=com_content','2024-09-19 11:34:02',0,'2024-09-19 11:34:02',0,NULL,NULL,'*',''),(43,5,'COM_GUIDEDTOURS_TOUR_MENUS_STEP_NEW_TITLE',1,'COM_GUIDEDTOURS_TOUR_MENUS_STEP_NEW_DESCRIPTION',43,'bottom','.button-new',2,1,'administrator/index.php?option=com_menus&view=menus','2024-09-19 11:34:02',0,'2024-09-19 11:34:02',0,NULL,NULL,'*',''),(44,5,'COM_GUIDEDTOURS_TOUR_MENUS_STEP_TITLE_TITLE',1,'COM_GUIDEDTOURS_TOUR_MENUS_STEP_TITLE_DESCRIPTION',44,'bottom','#jform_title',2,2,'administrator/index.php?option=com_menus&view=menu&layout=edit','2024-09-19 11:34:02',0,'2024-09-19 11:34:02',0,NULL,NULL,'*',''),(45,5,'COM_GUIDEDTOURS_TOUR_MENUS_STEP_UNIQUENAME_TITLE',1,'COM_GUIDEDTOURS_TOUR_MENUS_STEP_UNIQUENAME_DESCRIPTION',45,'top','#jform_menutype',2,2,'administrator/index.php?option=com_menus&view=menu&layout=edit','2024-09-19 11:34:02',0,'2024-09-19 11:34:02',0,NULL,NULL,'*',''),(46,5,'COM_GUIDEDTOURS_TOUR_MENUS_STEP_DESCRIPTION_TITLE',1,'COM_GUIDEDTOURS_TOUR_MENUS_STEP_DESCRIPTION_DESCRIPTION',46,'top','#jform_menudescription',2,2,'administrator/index.php?option=com_menus&view=menu&layout=edit','2024-09-19 11:34:02',0,'2024-09-19 11:34:02',0,NULL,NULL,'*',''),(47,5,'COM_GUIDEDTOURS_TOUR_MENUS_STEP_SAVECLOSE_TITLE',1,'COM_GUIDEDTOURS_TOUR_MENUS_STEP_SAVECLOSE_DESCRIPTION',47,'bottom','#save-group-children-save .button-save',2,1,'administrator/index.php?option=com_menus&view=menu&layout=edit','2024-09-19 11:34:02',0,'2024-09-19 11:34:02',0,NULL,NULL,'*',''),(48,5,'COM_GUIDEDTOURS_TOUR_MENUS_STEP_CONGRATULATIONS_TITLE',1,'COM_GUIDEDTOURS_TOUR_MENUS_STEP_CONGRATULATIONS_DESCRIPTION',48,'bottom','',0,1,'administrator/index.php?option=com_menus&view=menu&layout=edit','2024-09-19 11:34:02',0,'2024-09-19 11:34:02',0,NULL,NULL,'*',''),(49,6,'COM_GUIDEDTOURS_TOUR_TAGS_STEP_NEW_TITLE',1,'COM_GUIDEDTOURS_TOUR_TAGS_STEP_NEW_DESCRIPTION',49,'bottom','.button-new',2,1,'administrator/index.php?option=com_tags&view=tags','2024-09-19 11:34:02',0,'2024-09-19 11:34:02',0,NULL,NULL,'*',''),(50,6,'COM_GUIDEDTOURS_TOUR_TAGS_STEP_TITLE_TITLE',1,'COM_GUIDEDTOURS_TOUR_TAGS_STEP_TITLE_DESCRIPTION',50,'bottom','#jform_title',2,2,'administrator/index.php?option=com_tags&view=tag&layout=edit','2024-09-19 11:34:02',0,'2024-09-19 11:34:02',0,NULL,NULL,'*',''),(51,6,'COM_GUIDEDTOURS_TOUR_TAGS_STEP_ALIAS_TITLE',1,'COM_GUIDEDTOURS_TOUR_TAGS_STEP_ALIAS_DESCRIPTION',51,'bottom','#jform_alias',2,2,'administrator/index.php?option=com_tags&view=tag&layout=edit','2024-09-19 11:34:02',0,'2024-09-19 11:34:02',0,NULL,NULL,'*',''),(52,6,'COM_GUIDEDTOURS_TOUR_TAGS_STEP_CONTENT_TITLE',1,'COM_GUIDEDTOURS_TOUR_TAGS_STEP_CONTENT_DESCRIPTION',52,'bottom','#jform_description,#jform_description_ifr',2,3,'administrator/index.php?option=com_tags&view=tag&layout=edit','2024-09-19 11:34:02',0,'2024-09-19 11:34:02',0,NULL,NULL,'*',''),(53,6,'COM_GUIDEDTOURS_TOUR_TAGS_STEP_PARENT_TITLE',1,'COM_GUIDEDTOURS_TOUR_TAGS_STEP_PARENT_DESCRIPTION',53,'top','joomla-field-fancy-select .choices[data-type=select-one]',2,3,'administrator/index.php?option=com_tags&view=tag&layout=edit','2024-09-19 11:34:02',0,'2024-09-19 11:34:02',0,NULL,NULL,'*',''),(54,6,'COM_GUIDEDTOURS_TOUR_TAGS_STEP_STATUS_TITLE',1,'COM_GUIDEDTOURS_TOUR_TAGS_STEP_STATUS_DESCRIPTION',54,'bottom','#jform_published',2,3,'administrator/index.php?option=com_tags&view=tag&layout=edit','2024-09-19 11:34:02',0,'2024-09-19 11:34:02',0,NULL,NULL,'*',''),(55,6,'COM_GUIDEDTOURS_TOUR_TAGS_STEP_ACCESS_TITLE',1,'COM_GUIDEDTOURS_TOUR_TAGS_STEP_ACCESS_DESCRIPTION',55,'bottom','#jform_access',2,3,'administrator/index.php?option=com_tags&view=tag&layout=edit','2024-09-19 11:34:02',0,'2024-09-19 11:34:02',0,NULL,NULL,'*',''),(56,6,'COM_GUIDEDTOURS_TOUR_TAGS_STEP_NOTE_TITLE',1,'COM_GUIDEDTOURS_TOUR_TAGS_STEP_NOTE_DESCRIPTION',56,'top','#jform_note',2,2,'administrator/index.php?option=com_tags&view=tag&layout=edit','2024-09-19 11:34:02',0,'2024-09-19 11:34:02',0,NULL,NULL,'*',''),(57,6,'COM_GUIDEDTOURS_TOUR_TAGS_STEP_VERSIONNOTE_TITLE',1,'COM_GUIDEDTOURS_TOUR_TAGS_STEP_VERSIONNOTE_DESCRIPTION',57,'top','#jform_version_note',2,2,'administrator/index.php?option=com_tags&view=tag&layout=edit','2024-09-19 11:34:02',0,'2024-09-19 11:34:02',0,NULL,NULL,'*',''),(58,6,'COM_GUIDEDTOURS_TOUR_TAGS_STEP_SAVECLOSE_TITLE',1,'COM_GUIDEDTOURS_TOUR_TAGS_STEP_SAVECLOSE_DESCRIPTION',58,'bottom','#save-group-children-save .button-save',2,1,'administrator/index.php?option=com_tags&view=tag&layout=edit','2024-09-19 11:34:02',0,'2024-09-19 11:34:02',0,NULL,NULL,'*',''),(59,6,'COM_GUIDEDTOURS_TOUR_TAGS_STEP_CONGRATULATIONS_TITLE',1,'COM_GUIDEDTOURS_TOUR_TAGS_STEP_CONGRATULATIONS_DESCRIPTION',59,'bottom','',0,1,'administrator/index.php?option=com_tags&view=tag&layout=edit','2024-09-19 11:34:02',0,'2024-09-19 11:34:02',0,NULL,NULL,'*',''),(60,7,'COM_GUIDEDTOURS_TOUR_BANNERS_STEP_NEW_TITLE',1,'COM_GUIDEDTOURS_TOUR_BANNERS_STEP_NEW_DESCRIPTION',60,'bottom','.button-new',2,1,'administrator/index.php?option=com_banners&view=banners','2024-09-19 11:34:02',0,'2024-09-19 11:34:02',0,NULL,NULL,'*',''),(61,7,'COM_GUIDEDTOURS_TOUR_BANNERS_STEP_TITLE_TITLE',1,'COM_GUIDEDTOURS_TOUR_BANNERS_STEP_TITLE_DESCRIPTION',61,'bottom','#jform_name',2,2,'administrator/index.php?option=com_banners&view=banner&layout=edit','2024-09-19 11:34:02',0,'2024-09-19 11:34:02',0,NULL,NULL,'*',''),(62,7,'COM_GUIDEDTOURS_TOUR_BANNERS_STEP_ALIAS_TITLE',1,'COM_GUIDEDTOURS_TOUR_BANNERS_STEP_ALIAS_DESCRIPTION',62,'bottom','#jform_alias',2,2,'administrator/index.php?option=com_banners&view=banner&layout=edit','2024-09-19 11:34:02',0,'2024-09-19 11:34:02',0,NULL,NULL,'*',''),(63,7,'COM_GUIDEDTOURS_TOUR_BANNERS_STEP_DETAILS_TITLE',1,'COM_GUIDEDTOURS_TOUR_BANNERS_STEP_DETAILS_DESCRIPTION',63,'bottom','.col-lg-9',2,3,'administrator/index.php?option=com_banners&view=banner&layout=edit','2024-09-19 11:34:02',0,'2024-09-19 11:34:02',0,NULL,NULL,'*',''),(64,7,'COM_GUIDEDTOURS_TOUR_BANNERS_STEP_STATUS_TITLE',1,'COM_GUIDEDTOURS_TOUR_BANNERS_STEP_STATUS_DESCRIPTION',64,'bottom','#jform_state',2,3,'administrator/index.php?option=com_banners&view=banner&layout=edit','2024-09-19 11:34:02',0,'2024-09-19 11:34:02',0,NULL,NULL,'*',''),(65,7,'COM_GUIDEDTOURS_TOUR_BANNERS_STEP_CATEGORY_TITLE',1,'COM_GUIDEDTOURS_TOUR_BANNERS_STEP_CATEGORY_DESCRIPTION',65,'top','joomla-field-fancy-select .choices[data-type=select-one]',2,3,'administrator/index.php?option=com_banners&view=banner&layout=edit','2024-09-19 11:34:02',0,'2024-09-19 11:34:02',0,NULL,NULL,'*',''),(66,7,'COM_GUIDEDTOURS_TOUR_BANNERS_STEP_PINNED_TITLE',1,'COM_GUIDEDTOURS_TOUR_BANNERS_STEP_PINNED_DESCRIPTION',66,'bottom','#jform_sticky1',2,3,'administrator/index.php?option=com_banners&view=banner&layout=edit','2024-09-19 11:34:02',0,'2024-09-19 11:34:02',0,NULL,NULL,'*',''),(67,7,'COM_GUIDEDTOURS_TOUR_BANNERS_STEP_VERSIONNOTE_TITLE',1,'COM_GUIDEDTOURS_TOUR_BANNERS_STEP_VERSIONNOTE_DESCRIPTION',67,'top','#jform_version_note',2,2,'administrator/index.php?option=com_banners&view=banner&layout=edit','2024-09-19 11:34:02',0,'2024-09-19 11:34:02',0,NULL,NULL,'*',''),(68,7,'COM_GUIDEDTOURS_TOUR_BANNERS_STEP_SAVECLOSE_TITLE',1,'COM_GUIDEDTOURS_TOUR_BANNERS_STEP_SAVECLOSE_DESCRIPTION',68,'bottom','#save-group-children-save .button-save',2,1,'administrator/index.php?option=com_banners&view=banner&layout=edit','2024-09-19 11:34:02',0,'2024-09-19 11:34:02',0,NULL,NULL,'*',''),(69,7,'COM_GUIDEDTOURS_TOUR_BANNERS_STEP_CONGRATULATIONS_TITLE',1,'COM_GUIDEDTOURS_TOUR_BANNERS_STEP_CONGRATULATIONS_DESCRIPTION',69,'bottom','',0,1,'administrator/index.php?option=com_banners&view=banner&layout=edit','2024-09-19 11:34:02',0,'2024-09-19 11:34:02',0,NULL,NULL,'*',''),(70,8,'COM_GUIDEDTOURS_TOUR_CONTACTS_STEP_NEW_TITLE',1,'COM_GUIDEDTOURS_TOUR_CONTACTS_STEP_NEW_DESCRIPTION',70,'bottom','.button-new',2,1,'administrator/index.php?option=com_contact&view=contacts','2024-09-19 11:34:02',0,'2024-09-19 11:34:02',0,NULL,NULL,'*',''),(71,8,'COM_GUIDEDTOURS_TOUR_CONTACTS_STEP_TITLE_TITLE',1,'COM_GUIDEDTOURS_TOUR_CONTACTS_STEP_TITLE_DESCRIPTION',71,'bottom','#jform_name',2,2,'administrator/index.php?option=com_contact&view=contact&layout=edit','2024-09-19 11:34:02',0,'2024-09-19 11:34:02',0,NULL,NULL,'*',''),(72,8,'COM_GUIDEDTOURS_TOUR_CONTACTS_STEP_ALIAS_TITLE',1,'COM_GUIDEDTOURS_TOUR_CONTACTS_STEP_ALIAS_DESCRIPTION',72,'bottom','#jform_alias',2,2,'administrator/index.php?option=com_contact&view=contact&layout=edit','2024-09-19 11:34:02',0,'2024-09-19 11:34:02',0,NULL,NULL,'*',''),(73,8,'COM_GUIDEDTOURS_TOUR_CONTACTS_STEP_DETAILS_TITLE',1,'COM_GUIDEDTOURS_TOUR_CONTACTS_STEP_DETAILS_DESCRIPTION',73,'bottom','.col-lg-9',0,1,'administrator/index.php?option=com_contact&view=contact&layout=edit','2024-09-19 11:34:02',0,'2024-09-19 11:34:02',0,NULL,NULL,'*',''),(74,8,'COM_GUIDEDTOURS_TOUR_CONTACTS_STEP_STATUS_TITLE',1,'COM_GUIDEDTOURS_TOUR_CONTACTS_STEP_STATUS_DESCRIPTION',74,'bottom','#jform_published',2,3,'administrator/index.php?option=com_contact&view=contact&layout=edit','2024-09-19 11:34:02',0,'2024-09-19 11:34:02',0,NULL,NULL,'*',''),(75,8,'COM_GUIDEDTOURS_TOUR_CONTACTS_STEP_CATEGORY_TITLE',1,'COM_GUIDEDTOURS_TOUR_CONTACTS_STEP_CATEGORY_DESCRIPTION',75,'top','joomla-field-fancy-select .choices[data-type=select-one]',2,3,'administrator/index.php?option=com_contact&view=contact&layout=edit','2024-09-19 11:34:02',0,'2024-09-19 11:34:02',0,NULL,NULL,'*',''),(76,8,'COM_GUIDEDTOURS_TOUR_CONTACTS_STEP_FEATURED_TITLE',1,'COM_GUIDEDTOURS_TOUR_CONTACTS_STEP_FEATURED_DESCRIPTION',76,'bottom','#jform_featured0',2,3,'administrator/index.php?option=com_contact&view=contact&layout=edit','2024-09-19 11:34:02',0,'2024-09-19 11:34:02',0,NULL,NULL,'*',''),(77,8,'COM_GUIDEDTOURS_TOUR_CONTACTS_STEP_ACCESS_TITLE',1,'COM_GUIDEDTOURS_TOUR_CONTACTS_STEP_ACCESS_DESCRIPTION',77,'bottom','#jform_access',2,3,'administrator/index.php?option=com_contact&view=contact&layout=edit','2024-09-19 11:34:02',0,'2024-09-19 11:34:02',0,NULL,NULL,'*',''),(78,8,'COM_GUIDEDTOURS_TOUR_CONTACTS_STEP_TAGS_TITLE',1,'COM_GUIDEDTOURS_TOUR_CONTACTS_STEP_TAGS_DESCRIPTION',78,'top','joomla-field-fancy-select .choices[data-type=select-multiple]',2,3,'administrator/index.php?option=com_contact&view=contact&layout=edit','2024-09-19 11:34:02',0,'2024-09-19 11:34:02',0,NULL,NULL,'*',''),(79,8,'COM_GUIDEDTOURS_TOUR_CONTACTS_STEP_VERSIONNOTE_TITLE',1,'COM_GUIDEDTOURS_TOUR_CONTACTS_STEP_VERSIONNOTE_DESCRIPTION',79,'top','#jform_version_note',2,2,'administrator/index.php?option=com_contact&view=contact&layout=edit','2024-09-19 11:34:02',0,'2024-09-19 11:34:02',0,NULL,NULL,'*',''),(80,8,'COM_GUIDEDTOURS_TOUR_CONTACTS_STEP_SAVECLOSE_TITLE',1,'COM_GUIDEDTOURS_TOUR_CONTACTS_STEP_SAVECLOSE_DESCRIPTION',80,'bottom','#save-group-children-save .button-save',2,1,'administrator/index.php?option=com_contact&view=contact&layout=edit','2024-09-19 11:34:02',0,'2024-09-19 11:34:02',0,NULL,NULL,'*',''),(81,8,'COM_GUIDEDTOURS_TOUR_CONTACTS_STEP_CONGRATULATIONS_TITLE',1,'COM_GUIDEDTOURS_TOUR_CONTACTS_STEP_CONGRATULATIONS_DESCRIPTION',81,'bottom','',0,1,'administrator/index.php?option=com_contact&view=contact&layout=edit','2024-09-19 11:34:02',0,'2024-09-19 11:34:02',0,NULL,NULL,'*',''),(82,9,'COM_GUIDEDTOURS_TOUR_NEWSFEEDS_STEP_NEW_TITLE',1,'COM_GUIDEDTOURS_TOUR_NEWSFEEDS_STEP_NEW_DESCRIPTION',82,'bottom','.button-new',2,1,'administrator/index.php?option=com_newsfeeds&view=newsfeeds','2024-09-19 11:34:02',0,'2024-09-19 11:34:02',0,NULL,NULL,'*',''),(83,9,'COM_GUIDEDTOURS_TOUR_NEWSFEEDS_STEP_TITLE_TITLE',1,'COM_GUIDEDTOURS_TOUR_NEWSFEEDS_STEP_TITLE_DESCRIPTION',83,'bottom','#jform_name',2,2,'administrator/index.php?option=com_newsfeeds&view=newsfeed&layout=edit','2024-09-19 11:34:02',0,'2024-09-19 11:34:02',0,NULL,NULL,'*',''),(84,9,'COM_GUIDEDTOURS_TOUR_NEWSFEEDS_STEP_ALIAS_TITLE',1,'COM_GUIDEDTOURS_TOUR_NEWSFEEDS_STEP_ALIAS_DESCRIPTION',84,'bottom','#jform_alias',2,2,'administrator/index.php?option=com_newsfeeds&view=newsfeed&layout=edit','2024-09-19 11:34:02',0,'2024-09-19 11:34:02',0,NULL,NULL,'*',''),(85,9,'COM_GUIDEDTOURS_TOUR_NEWSFEEDS_STEP_LINK_TITLE',1,'COM_GUIDEDTOURS_TOUR_NEWSFEEDS_STEP_LINK_DESCRIPTION',85,'bottom','#jform_link',2,2,'administrator/index.php?option=com_newsfeeds&view=newsfeed&layout=edit','2024-09-19 11:34:02',0,'2024-09-19 11:34:02',0,NULL,NULL,'*',''),(86,9,'COM_GUIDEDTOURS_TOUR_NEWSFEEDS_STEP_DESCRIPTION_TITLE',1,'COM_GUIDEDTOURS_TOUR_NEWSFEEDS_STEP_DESCRIPTION_DESCRIPTION',86,'bottom','#jform_description,#jform_description_ifr',2,3,'administrator/index.php?option=com_newsfeeds&view=newsfeed&layout=edit','2024-09-19 11:34:02',0,'2024-09-19 11:34:02',0,NULL,NULL,'*',''),(87,9,'COM_GUIDEDTOURS_TOUR_NEWSFEEDS_STEP_STATUS_TITLE',1,'COM_GUIDEDTOURS_TOUR_NEWSFEEDS_STEP_STATUS_DESCRIPTION',87,'bottom','#jform_published',2,3,'administrator/index.php?option=com_newsfeeds&view=newsfeed&layout=edit','2024-09-19 11:34:02',0,'2024-09-19 11:34:02',0,NULL,NULL,'*',''),(88,9,'COM_GUIDEDTOURS_TOUR_NEWSFEEDS_STEP_CATEGORY_TITLE',1,'COM_GUIDEDTOURS_TOUR_NEWSFEEDS_STEP_CATEGORY_DESCRIPTION',88,'top','joomla-field-fancy-select .choices[data-type=select-one]',2,3,'administrator/index.php?option=com_newsfeeds&view=newsfeed&layout=edit','2024-09-19 11:34:02',0,'2024-09-19 11:34:02',0,NULL,NULL,'*',''),(89,9,'COM_GUIDEDTOURS_TOUR_NEWSFEEDS_STEP_ACCESS_TITLE',1,'COM_GUIDEDTOURS_TOUR_NEWSFEEDS_STEP_ACCESS_DESCRIPTION',89,'bottom','#jform_access',2,3,'administrator/index.php?option=com_newsfeeds&view=newsfeed&layout=edit','2024-09-19 11:34:02',0,'2024-09-19 11:34:02',0,NULL,NULL,'*',''),(90,9,'COM_GUIDEDTOURS_TOUR_NEWSFEEDS_STEP_TAGS_TITLE',1,'COM_GUIDEDTOURS_TOUR_NEWSFEEDS_STEP_TAGS_DESCRIPTION',90,'top','joomla-field-fancy-select .choices[data-type=select-multiple]',2,3,'administrator/index.php?option=com_newsfeeds&view=newsfeed&layout=edit','2024-09-19 11:34:02',0,'2024-09-19 11:34:02',0,NULL,NULL,'*',''),(91,9,'COM_GUIDEDTOURS_TOUR_NEWSFEEDS_STEP_VERSIONNOTE_TITLE',1,'COM_GUIDEDTOURS_TOUR_NEWSFEEDS_STEP_VERSIONNOTE_DESCRIPTION',91,'top','#jform_version_note',2,2,'administrator/index.php?option=com_newsfeeds&view=newsfeed&layout=edit','2024-09-19 11:34:02',0,'2024-09-19 11:34:02',0,NULL,NULL,'*',''),(92,9,'COM_GUIDEDTOURS_TOUR_NEWSFEEDS_STEP_SAVECLOSE_TITLE',1,'COM_GUIDEDTOURS_TOUR_NEWSFEEDS_STEP_SAVECLOSE_DESCRIPTION',92,'bottom','#save-group-children-save .button-save',2,1,'administrator/index.php?option=com_newsfeeds&view=newsfeed&layout=edit','2024-09-19 11:34:02',0,'2024-09-19 11:34:02',0,NULL,NULL,'*',''),(93,9,'COM_GUIDEDTOURS_TOUR_NEWSFEEDS_STEP_CONGRATULATIONS_TITLE',1,'COM_GUIDEDTOURS_TOUR_NEWSFEEDS_STEP_CONGRATULATIONS_DESCRIPTION',93,'bottom','',0,1,'administrator/index.php?option=com_newsfeeds&view=newsfeed&layout=edit','2024-09-19 11:34:02',0,'2024-09-19 11:34:02',0,NULL,NULL,'*',''),(94,10,'COM_GUIDEDTOURS_TOUR_SMARTSEARCH_STEP_NEW_TITLE',1,'COM_GUIDEDTOURS_TOUR_SMARTSEARCH_STEP_NEW_DESCRIPTION',94,'bottom','.button-new',2,1,'administrator/index.php?option=com_finder&view=filters','2024-09-19 11:34:02',0,'2024-09-19 11:34:02',0,NULL,NULL,'*',''),(95,10,'COM_GUIDEDTOURS_TOUR_SMARTSEARCH_STEP_TITLE_TITLE',1,'COM_GUIDEDTOURS_TOUR_SMARTSEARCH_STEP_TITLE_DESCRIPTION',95,'bottom','#jform_title',2,2,'administrator/index.php?option=com_finder&view=filter&layout=edit','2024-09-19 11:34:02',0,'2024-09-19 11:34:02',0,NULL,NULL,'*',''),(96,10,'COM_GUIDEDTOURS_TOUR_SMARTSEARCH_STEP_ALIAS_TITLE',1,'COM_GUIDEDTOURS_TOUR_SMARTSEARCH_STEP_ALIAS_DESCRIPTION',96,'bottom','#jform_alias',2,2,'administrator/index.php?option=com_finder&view=filter&layout=edit','2024-09-19 11:34:02',0,'2024-09-19 11:34:02',0,NULL,NULL,'*',''),(97,10,'COM_GUIDEDTOURS_TOUR_SMARTSEARCH_STEP_CONTENT_TITLE',1,'COM_GUIDEDTOURS_TOUR_SMARTSEARCH_STEP_CONTENT_DESCRIPTION',97,'bottom','.col-lg-9',0,1,'administrator/index.php?option=com_finder&view=filter&layout=edit','2024-09-19 11:34:02',0,'2024-09-19 11:34:02',0,NULL,NULL,'*',''),(98,10,'COM_GUIDEDTOURS_TOUR_SMARTSEARCH_STEP_STATUS_TITLE',1,'COM_GUIDEDTOURS_TOUR_SMARTSEARCH_STEP_STATUS_DESCRIPTION',98,'bottom','#jform_state',2,3,'administrator/index.php?option=com_finder&view=filter&layout=edit','2024-09-19 11:34:02',0,'2024-09-19 11:34:02',0,NULL,NULL,'*',''),(99,10,'COM_GUIDEDTOURS_TOUR_SMARTSEARCH_STEP_SAVECLOSE_TITLE',1,'COM_GUIDEDTOURS_TOUR_SMARTSEARCH_STEP_SAVECLOSE_DESCRIPTION',99,'bottom','#save-group-children-save .button-save',2,1,'administrator/index.php?option=com_finder&view=filter&layout=edit','2024-09-19 11:34:02',0,'2024-09-19 11:34:02',0,NULL,NULL,'*',''),(100,10,'COM_GUIDEDTOURS_TOUR_SMARTSEARCH_STEP_CONGRATULATIONS_TITLE',1,'COM_GUIDEDTOURS_TOUR_SMARTSEARCH_STEP_CONGRATULATIONS_DESCRIPTION',100,'bottom','',0,1,'administrator/index.php?option=com_finder&view=filter&layout=edit','2024-09-19 11:34:02',0,'2024-09-19 11:34:02',0,NULL,NULL,'*',''),(101,11,'COM_GUIDEDTOURS_TOUR_USERS_STEP_NEW_TITLE',1,'COM_GUIDEDTOURS_TOUR_USERS_STEP_NEW_DESCRIPTION',101,'bottom','.button-new',2,1,'administrator/index.php?option=com_users&view=user&layout=edit','2024-09-19 11:34:02',0,'2024-09-19 11:34:02',0,NULL,NULL,'*',''),(102,11,'COM_GUIDEDTOURS_TOUR_USERS_STEP_NAME_TITLE',1,'COM_GUIDEDTOURS_TOUR_USERS_STEP_NAME_DESCRIPTION',102,'bottom','#jform_name',2,2,'administrator/index.php?option=com_users&view=user&layout=edit','2024-09-19 11:34:02',0,'2024-09-19 11:34:02',0,NULL,NULL,'*',''),(103,11,'COM_GUIDEDTOURS_TOUR_USERS_STEP_LOGINNAME_TITLE',1,'COM_GUIDEDTOURS_TOUR_USERS_STEP_LOGINNAME_DESCRIPTION',103,'bottom','#jform_username',2,2,'administrator/index.php?option=com_users&view=user&layout=edit','2024-09-19 11:34:02',0,'2024-09-19 11:34:02',0,NULL,NULL,'*',''),(104,11,'COM_GUIDEDTOURS_TOUR_USERS_STEP_PASSWORD_TITLE',1,'COM_GUIDEDTOURS_TOUR_USERS_STEP_PASSWORD_DESCRIPTION',104,'bottom','#jform_password',2,2,'administrator/index.php?option=com_users&view=user&layout=edit','2024-09-19 11:34:02',0,'2024-09-19 11:34:02',0,NULL,NULL,'*',''),(105,11,'COM_GUIDEDTOURS_TOUR_USERS_STEP_PASSWORD2_TITLE',1,'COM_GUIDEDTOURS_TOUR_USERS_STEP_PASSWORD2_DESCRIPTION',105,'bottom','#jform_password2',2,2,'administrator/index.php?option=com_users&view=user&layout=edit','2024-09-19 11:34:02',0,'2024-09-19 11:34:02',0,NULL,NULL,'*',''),(106,11,'COM_GUIDEDTOURS_TOUR_USERS_STEP_EMAIL_TITLE',1,'COM_GUIDEDTOURS_TOUR_USERS_STEP_EMAIL_DESCRIPTION',106,'bottom','#jform_email',2,2,'administrator/index.php?option=com_users&view=user&layout=edit','2024-09-19 11:34:02',0,'2024-09-19 11:34:02',0,NULL,NULL,'*',''),(107,11,'COM_GUIDEDTOURS_TOUR_USERS_STEP_SYSTEMEMAIL_TITLE',1,'COM_GUIDEDTOURS_TOUR_USERS_STEP_SYSTEMEMAIL_DESCRIPTION',107,'top','#jform_sendEmail0',2,3,'administrator/index.php?option=com_users&view=user&layout=edit','2024-09-19 11:34:02',0,'2024-09-19 11:34:02',0,NULL,NULL,'*',''),(108,11,'COM_GUIDEDTOURS_TOUR_USERS_STEP_STATUS_TITLE',1,'COM_GUIDEDTOURS_TOUR_USERS_STEP_STATUS_DESCRIPTION',108,'top','#jform_block0',2,3,'administrator/index.php?option=com_users&view=user&layout=edit','2024-09-19 11:34:02',0,'2024-09-19 11:34:02',0,NULL,NULL,'*',''),(109,11,'COM_GUIDEDTOURS_TOUR_USERS_STEP_PASSWORDRESET_TITLE',1,'COM_GUIDEDTOURS_TOUR_USERS_STEP_PASSWORDRESET_DESCRIPTION',109,'top','#jform_requireReset0',2,3,'administrator/index.php?option=com_users&view=user&layout=edit','2024-09-19 11:34:02',0,'2024-09-19 11:34:02',0,NULL,NULL,'*',''),(110,11,'COM_GUIDEDTOURS_TOUR_USERS_STEP_SAVECLOSE_TITLE',1,'COM_GUIDEDTOURS_TOUR_USERS_STEP_SAVECLOSE_DESCRIPTION',110,'bottom','#save-group-children-save .button-save',2,1,'administrator/index.php?option=com_users&view=user&layout=edit','2024-09-19 11:34:02',0,'2024-09-19 11:34:02',0,NULL,NULL,'*',''),(111,11,'COM_GUIDEDTOURS_TOUR_USERS_STEP_CONGRATULATIONS_TITLE',1,'COM_GUIDEDTOURS_TOUR_USERS_STEP_CONGRATULATIONS_DESCRIPTION',111,'bottom','',0,1,'administrator/index.php?option=com_users&view=user&layout=edit','2024-09-19 11:34:02',0,'2024-09-19 11:34:02',0,NULL,NULL,'*','');

--
-- Table structure for table `jos78_guidedtours`
--

CREATE TABLE `jos78_guidedtours` (
  `id` int NOT NULL AUTO_INCREMENT,
  `title` varchar(255) COLLATE utf8mb4_unicode_ci NOT NULL DEFAULT '',
  `description` text COLLATE utf8mb4_unicode_ci NOT NULL,
  `ordering` int NOT NULL DEFAULT '0',
  `extensions` text COLLATE utf8mb4_unicode_ci NOT NULL,
  `url` varchar(255) COLLATE utf8mb4_unicode_ci NOT NULL,
  `created` datetime NOT NULL,
  `created_by` int NOT NULL DEFAULT '0',
  `modified` datetime NOT NULL,
  `modified_by` int NOT NULL DEFAULT '0',
  `checked_out_time` datetime DEFAULT NULL,
  `checked_out` int unsigned DEFAULT NULL,
  `published` tinyint NOT NULL DEFAULT '0',
  `language` varchar(7) COLLATE utf8mb4_unicode_ci NOT NULL,
  `note` varchar(255) COLLATE utf8mb4_unicode_ci NOT NULL DEFAULT '',
  `access` int unsigned NOT NULL DEFAULT '0',
  PRIMARY KEY (`id`),
  KEY `idx_access` (`access`),
  KEY `idx_state` (`published`),
  KEY `idx_language` (`language`)
) ENGINE=InnoDB AUTO_INCREMENT=12 DEFAULT CHARSET=utf8mb4 COLLATE=utf8mb4_unicode_ci;

--
-- Dumping data for table `jos78_guidedtours`
--

INSERT INTO `jos78_guidedtours` (`id`, `title`, `description`, `ordering`, `extensions`, `url`, `created`, `created_by`, `modified`, `modified_by`, `checked_out_time`, `checked_out`, `published`, `language`, `note`, `access`) VALUES (1,'COM_GUIDEDTOURS_TOUR_GUIDEDTOURS_TITLE','COM_GUIDEDTOURS_TOUR_GUIDEDTOURS_DESCRIPTION',1,'[\"com_guidedtours\"]','administrator/index.php?option=com_guidedtours&view=tours','2024-09-19 11:34:02',0,'2024-09-19 11:34:02',0,NULL,NULL,1,'*','',1),(2,'COM_GUIDEDTOURS_TOUR_GUIDEDTOURSTEPS_TITLE','COM_GUIDEDTOURS_TOUR_GUIDEDTOURSTEPS_DESCRIPTION',2,'[\"com_guidedtours\"]','administrator/index.php?option=com_guidedtours&view=tours','2024-09-19 11:34:02',0,'2024-09-19 11:34:02',0,NULL,NULL,1,'*','',1),(3,'COM_GUIDEDTOURS_TOUR_ARTICLES_TITLE','COM_GUIDEDTOURS_TOUR_ARTICLES_DESCRIPTION',3,'[\"*\"]','administrator/index.php?option=com_content&view=articles','2024-09-19 11:34:02',0,'2024-09-19 11:34:02',0,NULL,NULL,1,'*','',1),(4,'COM_GUIDEDTOURS_TOUR_CATEGORIES_TITLE','COM_GUIDEDTOURS_TOUR_CATEGORIES_DESCRIPTION',4,'[\"*\"]','administrator/index.php?option=com_categories&view=categories&extension=com_content','2024-09-19 11:34:02',0,'2024-09-19 11:34:02',0,NULL,NULL,1,'*','',1),(5,'COM_GUIDEDTOURS_TOUR_MENUS_TITLE','COM_GUIDEDTOURS_TOUR_MENUS_DESCRIPTION',5,'[\"*\"]','administrator/index.php?option=com_menus&view=menus','2024-09-19 11:34:02',0,'2024-09-19 11:34:02',0,NULL,NULL,1,'*','',1),(6,'COM_GUIDEDTOURS_TOUR_TAGS_TITLE','COM_GUIDEDTOURS_TOUR_TAGS_DESCRIPTION',6,'[\"*\"]','administrator/index.php?option=com_tags&view=tags','2024-09-19 11:34:02',0,'2024-09-19 11:34:02',0,NULL,NULL,1,'*','',1),(7,'COM_GUIDEDTOURS_TOUR_BANNERS_TITLE','COM_GUIDEDTOURS_TOUR_BANNERS_DESCRIPTION',7,'[\"*\"]','administrator/index.php?option=com_banners&view=banners','2024-09-19 11:34:02',0,'2024-09-19 11:34:02',0,NULL,NULL,1,'*','',1),(8,'COM_GUIDEDTOURS_TOUR_CONTACTS_TITLE','COM_GUIDEDTOURS_TOUR_CONTACTS_DESCRIPTION',8,'[\"*\"]','administrator/index.php?option=com_contact&view=contacts','2024-09-19 11:34:02',0,'2024-09-19 11:34:02',0,NULL,NULL,1,'*','',1),(9,'COM_GUIDEDTOURS_TOUR_NEWSFEEDS_TITLE','COM_GUIDEDTOURS_TOUR_NEWSFEEDS_DESCRIPTION',9,'[\"*\"]','administrator/index.php?option=com_newsfeeds&view=newsfeeds','2024-09-19 11:34:02',0,'2024-09-19 11:34:02',0,NULL,NULL,1,'*','',1),(10,'COM_GUIDEDTOURS_TOUR_SMARTSEARCH_TITLE','COM_GUIDEDTOURS_TOUR_SMARTSEARCH_DESCRIPTION',10,'[\"*\"]','administrator/index.php?option=com_finder&view=filters','2024-09-19 11:34:02',0,'2024-09-19 11:34:02',0,NULL,NULL,1,'*','',1),(11,'COM_GUIDEDTOURS_TOUR_USERS_TITLE','COM_GUIDEDTOURS_TOUR_USERS_DESCRIPTION',11,'[\"*\"]','administrator/index.php?option=com_users&view=users','2024-09-19 11:34:02',0,'2024-09-19 11:34:02',0,NULL,NULL,1,'*','',1);

--
-- Table structure for table `jos78_history`
--

CREATE TABLE `jos78_history` (
  `version_id` int unsigned NOT NULL AUTO_INCREMENT,
  `item_id` varchar(50) COLLATE utf8mb4_unicode_ci NOT NULL,
  `version_note` varchar(255) COLLATE utf8mb4_unicode_ci NOT NULL DEFAULT '' COMMENT 'Optional version name',
  `save_date` datetime NOT NULL,
  `editor_user_id` int unsigned NOT NULL DEFAULT '0',
  `character_count` int unsigned NOT NULL DEFAULT '0' COMMENT 'Number of characters in this version.',
  `sha1_hash` varchar(50) COLLATE utf8mb4_unicode_ci NOT NULL DEFAULT '' COMMENT 'SHA1 hash of the version_data column.',
  `version_data` mediumtext COLLATE utf8mb4_unicode_ci NOT NULL COMMENT 'json-encoded string of version data',
  `keep_forever` tinyint NOT NULL DEFAULT '0' COMMENT '0=auto delete; 1=keep',
  PRIMARY KEY (`version_id`),
  KEY `idx_ucm_item_id` (`item_id`),
  KEY `idx_save_date` (`save_date`)
) ENGINE=InnoDB AUTO_INCREMENT=30 DEFAULT CHARSET=utf8mb4 COLLATE=utf8mb4_unicode_ci;

--
-- Dumping data for table `jos78_history`
--

INSERT INTO `jos78_history` (`version_id`, `item_id`, `version_note`, `save_date`, `editor_user_id`, `character_count`, `sha1_hash`, `version_data`, `keep_forever`) VALUES (1,'com_content.article.1','','2024-09-19 19:27:25',566,4764,'3af6fc6575a31d7fc7561558cba5873df80b94d0','{\"id\":1,\"asset_id\":101,\"title\":\"Private Events\",\"alias\":\"private-events\",\"introtext\":\"<h3>Celebrate in Style at Split Decision: Your Premier Venue for Private Events<\\/h3>\\r\\n<p>Are you looking for the perfect venue to host your next private event? Look no further than Split Decision! Our vibrant atmosphere and diverse offerings make us the ideal location for birthdays, corporate gatherings, family reunions, and more.<\\/p>\\r\\n<h4>A Unique Experience for Every Occasion<\\/h4>\\r\\n<p>At Split Decision, we understand that every event is special.<\\/p>\\r\\n<figure class=\\\"image align-right\\\"><img src=\\\"images\\/20231129_195409.jpg\\\" alt=\\\"Private Events\\\" width=\\\"220\\\" height=\\\"165\\\" loading=\\\"lazy\\\" \\/>\\r\\n<figcaption>Caption<\\/figcaption>\\r\\n<\\/figure>\\r\\n<p>Whether you\'re planning an intimate birthday party or a large corporate function, our flexible space can accommodate gatherings of all sizes. Our activities\\u2014bowling, billiards, arcade games, and ax throwing\\u2014ensure that your guests will have a blast!<\\/p>\\r\\n<h4>Tailored Packages to Meet Your Needs<\\/h4>\\r\\n<p>We offer customizable event packages that can be tailored to fit your specific requirements. Choose from our selection of activities and catering options to create the perfect event for your group. Our team is dedicated to helping you plan every detail, from entertainment to food, ensuring a seamless experience.<\\/p>\\r\\n<h4>Birthday Party Packages<\\/h4>\\r\\n<p>Make your child\'s birthday unforgettable with our exciting birthday party packages! We provide everything you need to celebrate in style, including reserved lanes, game tokens, and delicious food options. Plus, our friendly staff will be on hand to assist with setup and ensure the day goes off without a hitch.<\\/p>\\r\\n<h4>Corporate Events and Team Building<\\/h4>\\r\\n<p>Looking to strengthen team bonds or reward your staff? Our venue is ideal for corporate events and team-building activities. Enjoy friendly competition on the lanes, engage in ax throwing challenges, or relax over delicious food and drinks. We can help facilitate a range of activities to make your event both productive and enjoyable.<\\/p>\\r\\n<h4>Food and Beverage Options<\\/h4>\\r\\n<p>No event is complete without great food! Our menu features a variety of delicious options that can be customized to fit your group\'s preferences. Whether you\\u2019re looking for finger foods, hearty meals, or sweet treats, we have you covered. And don\\u2019t forget to explore our beverage selections to keep the good times flowing!<\\/p>\\r\\n<h4>Booking Your Private Event<\\/h4>\\r\\n<p>Ready to host your private event at Split Decision? Contact us today to discuss your ideas and requirements. Our experienced team will work with you to create a memorable experience tailored to your needs.<\\/p>\\r\\n<p>Don\\u2019t wait\\u2014secure your date today and let us help you make your next event a hit!<\\/p>\\r\\n<p>Call or eMail Us Today! <a href=\\\"tel:580-275-2105\\\">(580) 275-2105<\\/a> or <a href=\\\"mailto:info@splitdecision.fun\\\">info@splitdecision.fun<\\/a><\\/p>\",\"fulltext\":\"\",\"state\":\"1\",\"catid\":2,\"created\":\"2024-09-19 19:27:25\",\"created_by\":566,\"created_by_alias\":\"\",\"modified\":\"2024-09-19 19:27:25\",\"modified_by\":566,\"checked_out\":null,\"checked_out_time\":null,\"publish_up\":\"2024-09-19 19:27:25\",\"publish_down\":null,\"images\":\"{\\\"image_intro\\\":\\\"\\\",\\\"image_intro_alt\\\":\\\"\\\",\\\"float_intro\\\":\\\"\\\",\\\"image_intro_caption\\\":\\\"\\\",\\\"image_fulltext\\\":\\\"\\\",\\\"image_fulltext_alt\\\":\\\"\\\",\\\"float_fulltext\\\":\\\"\\\",\\\"image_fulltext_caption\\\":\\\"\\\"}\",\"urls\":\"{\\\"urla\\\":\\\"\\\",\\\"urlatext\\\":\\\"\\\",\\\"targeta\\\":\\\"\\\",\\\"urlb\\\":\\\"\\\",\\\"urlbtext\\\":\\\"\\\",\\\"targetb\\\":\\\"\\\",\\\"urlc\\\":\\\"\\\",\\\"urlctext\\\":\\\"\\\",\\\"targetc\\\":\\\"\\\"}\",\"attribs\":\"{\\\"article_layout\\\":\\\"\\\",\\\"show_title\\\":\\\"\\\",\\\"link_titles\\\":\\\"\\\",\\\"show_tags\\\":\\\"\\\",\\\"show_intro\\\":\\\"\\\",\\\"info_block_position\\\":\\\"\\\",\\\"info_block_show_title\\\":\\\"\\\",\\\"show_category\\\":\\\"\\\",\\\"link_category\\\":\\\"\\\",\\\"show_parent_category\\\":\\\"\\\",\\\"link_parent_category\\\":\\\"\\\",\\\"show_author\\\":\\\"\\\",\\\"link_author\\\":\\\"\\\",\\\"show_create_date\\\":\\\"\\\",\\\"show_modify_date\\\":\\\"\\\",\\\"show_publish_date\\\":\\\"\\\",\\\"show_item_navigation\\\":\\\"\\\",\\\"show_hits\\\":\\\"\\\",\\\"show_noauth\\\":\\\"\\\",\\\"urls_position\\\":\\\"\\\",\\\"alternative_readmore\\\":\\\"\\\",\\\"article_page_title\\\":\\\"\\\",\\\"show_publishing_options\\\":\\\"\\\",\\\"show_article_options\\\":\\\"\\\",\\\"show_urls_images_backend\\\":\\\"\\\",\\\"show_urls_images_frontend\\\":\\\"\\\",\\\"helix_ultimate_image\\\":\\\"\\\",\\\"helix_ultimate_image_alt_txt\\\":\\\"\\\",\\\"helix_ultimate_article_format\\\":\\\"standard\\\",\\\"helix_ultimate_audio\\\":\\\"\\\",\\\"helix_ultimate_gallery\\\":\\\"\\\",\\\"helix_ultimate_video\\\":\\\"\\\"}\",\"version\":\"1\",\"ordering\":null,\"metakey\":\"\",\"metadesc\":\"\",\"access\":1,\"hits\":0,\"metadata\":\"{\\\"robots\\\":\\\"\\\",\\\"author\\\":\\\"\\\",\\\"rights\\\":\\\"\\\"}\",\"featured\":\"0\",\"language\":\"*\",\"note\":\"\"}',0),(2,'com_content.article.2','','2024-09-19 19:35:59',566,4735,'6ac513b346eb6415487bd3fd1b23827cb3ddf56a','{\"id\":2,\"asset_id\":102,\"title\":\"Birthday Party Packages\",\"alias\":\"birthday-party-packages\",\"introtext\":\"<p>Are you ready to throw the ultimate birthday bash? Look no further than Split Decision in Clinton, Oklahoma! Our Birthday Party Packages are designed to provide an unforgettable experience filled with fun, laughter, and great memories.<\\/p>\\r\\n<h4>A Fun-Filled Experience<\\/h4>\\r\\n<p>At Split Decision, we offer a unique blend of activities to keep your guests entertained. Whether you\'re bowling strikes, playing arcade games, or trying your hand at ax throwing, there\\u2019s something for everyone. Our vibrant setting ensures that your birthday celebration will be lively and enjoyable.<\\/p>\\r\\n<h4>Customizable Party Packages<\\/h4>\\r\\n<p>We understand that every birthday is special, which is why our packages are customizable to fit your needs. Choose from a variety of options, including:<\\/p>\\r\\n<ul>\\r\\n<li>\\r\\n<p><strong>Bowling Lanes<\\/strong>: Reserve your own lanes for a fun-filled bowling experience. Our staff will ensure you have everything you need for a great time.<\\/p>\\r\\n<\\/li>\\r\\n<li>\\r\\n<p><strong>Arcade Games<\\/strong>: Enjoy access to our exciting arcade games! Your guests can compete for high scores and enjoy classic favorites.<\\/p>\\r\\n<\\/li>\\r\\n<li>\\r\\n<p><strong>Ax Throwing<\\/strong>: Add a unique twist to your party with ax throwing! Perfect for older kids and adults, this activity promises a thrilling challenge.<\\/p>\\r\\n<\\/li>\\r\\n<\\/ul>\\r\\n<h4>Delicious Food Options<\\/h4>\\r\\n<p>No birthday party is complete without great food! Our menu features a range of delicious options, including:<\\/p>\\r\\n<ul>\\r\\n<li><strong>Finger Foods<\\/strong>: Perfect for snacking while having fun!<\\/li>\\r\\n<li><strong>Pizzas<\\/strong>: A crowd favorite, customizable with your favorite toppings.<\\/li>\\r\\n<li><strong>Desserts<\\/strong>: Celebrate with sweet treats to satisfy your cravings.<\\/li>\\r\\n<\\/ul>\\r\\n<p>We can also accommodate dietary restrictions\\u2014just let us know your needs!<\\/p>\\r\\n<h4>Dedicated Party Host<\\/h4>\\r\\n<p>To ensure everything runs smoothly, each birthday party package includes a dedicated party host. Our friendly staff will assist with setup, activities, and cleanup, allowing you to relax and enjoy the celebration with your guests.<\\/p>\\r\\n<h4>Booking Your Birthday Party<\\/h4>\\r\\n<p>Ready to plan an unforgettable birthday party at Split Decision? Contact us today to discuss your ideas and reserve your date! We\\u2019re here to help you create a memorable experience tailored to your needs.<\\/p>\\r\\n<p>Don\\u2019t wait\\u2014make your birthday celebration a hit at Split Decision!<\\/p>\\r\\n<p>Call or eMail Us Today!\\u00a0<a href=\\\"tel:580-275-2105\\\">(580) 275-2105<\\/a>\\u00a0or\\u00a0<a href=\\\"mailto:info@splitdecision.fun\\\">info@splitdecision.fun<\\/a><\\/p>\\r\\n<p><strong>Keywords:<\\/strong> birthday party packages Clinton OK, bowling birthday parties, arcade birthday parties, ax throwing birthday parties, kids birthday parties Clinton, party venue Oklahoma<\\/p>\",\"fulltext\":\"\",\"state\":\"1\",\"catid\":2,\"created\":\"2024-09-19 19:35:59\",\"created_by\":566,\"created_by_alias\":\"\",\"modified\":\"2024-09-19 19:35:59\",\"modified_by\":566,\"checked_out\":null,\"checked_out_time\":null,\"publish_up\":\"2024-09-19 19:35:59\",\"publish_down\":null,\"images\":\"{\\\"image_intro\\\":\\\"\\\",\\\"image_intro_alt\\\":\\\"\\\",\\\"float_intro\\\":\\\"\\\",\\\"image_intro_caption\\\":\\\"\\\",\\\"image_fulltext\\\":\\\"\\\",\\\"image_fulltext_alt\\\":\\\"\\\",\\\"float_fulltext\\\":\\\"\\\",\\\"image_fulltext_caption\\\":\\\"\\\"}\",\"urls\":\"{\\\"urla\\\":\\\"\\\",\\\"urlatext\\\":\\\"\\\",\\\"targeta\\\":\\\"\\\",\\\"urlb\\\":\\\"\\\",\\\"urlbtext\\\":\\\"\\\",\\\"targetb\\\":\\\"\\\",\\\"urlc\\\":\\\"\\\",\\\"urlctext\\\":\\\"\\\",\\\"targetc\\\":\\\"\\\"}\",\"attribs\":\"{\\\"article_layout\\\":\\\"\\\",\\\"show_title\\\":\\\"\\\",\\\"link_titles\\\":\\\"\\\",\\\"show_tags\\\":\\\"\\\",\\\"show_intro\\\":\\\"\\\",\\\"info_block_position\\\":\\\"\\\",\\\"info_block_show_title\\\":\\\"\\\",\\\"show_category\\\":\\\"\\\",\\\"link_category\\\":\\\"\\\",\\\"show_parent_category\\\":\\\"\\\",\\\"link_parent_category\\\":\\\"\\\",\\\"show_author\\\":\\\"\\\",\\\"link_author\\\":\\\"\\\",\\\"show_create_date\\\":\\\"\\\",\\\"show_modify_date\\\":\\\"\\\",\\\"show_publish_date\\\":\\\"\\\",\\\"show_item_navigation\\\":\\\"\\\",\\\"show_hits\\\":\\\"\\\",\\\"show_noauth\\\":\\\"\\\",\\\"urls_position\\\":\\\"\\\",\\\"alternative_readmore\\\":\\\"\\\",\\\"article_page_title\\\":\\\"\\\",\\\"show_publishing_options\\\":\\\"\\\",\\\"show_article_options\\\":\\\"\\\",\\\"show_urls_images_backend\\\":\\\"\\\",\\\"show_urls_images_frontend\\\":\\\"\\\",\\\"helix_ultimate_image\\\":\\\"\\\",\\\"helix_ultimate_image_alt_txt\\\":\\\"\\\",\\\"helix_ultimate_article_format\\\":\\\"standard\\\",\\\"helix_ultimate_audio\\\":\\\"\\\",\\\"helix_ultimate_gallery\\\":\\\"\\\",\\\"helix_ultimate_video\\\":\\\"\\\"}\",\"version\":\"1\",\"ordering\":null,\"metakey\":\"\",\"metadesc\":\"\",\"access\":1,\"hits\":0,\"metadata\":\"{\\\"robots\\\":\\\"\\\",\\\"author\\\":\\\"\\\",\\\"rights\\\":\\\"\\\"}\",\"featured\":\"0\",\"language\":\"*\",\"note\":\"\"}',0),(3,'com_content.article.3','','2024-09-19 19:44:29',566,2648,'27b6cbc5d9ed95893b3a4dccea69ba78aaf4950e','{\"id\":3,\"asset_id\":103,\"title\":\"Bowling at Split Decision\",\"alias\":\"bowling-at-split-decision\",\"introtext\":\"<p>Bowling is more than just a game; it\'s a fun-filled experience perfect for families, friends, and parties! At Split Decision, our bowling lanes offer a lively environment where everyone can enjoy strikes, spares, and great times.<\\/p>\\r\\n<p>Our facility features modern, well-maintained lanes equipped with the latest technology for scoring and music. Whether you\\u2019re a seasoned bowler or a beginner, our friendly staff will help you get started. We also offer special bowling packages for birthday parties and corporate events, making it easy to plan your next gathering.<\\/p>\\r\\n<p>Come join us for a game of bowling, and let the good times roll!<\\/p>\\r\\n<p>Call or eMail Us Today!\\u00a0<a href=\\\"tel:580-275-2105\\\">(580) 275-2105<\\/a>\\u00a0or\\u00a0<a href=\\\"mailto:info@splitdecision.fun\\\">info@splitdecision.fun<\\/a><\\/p>\",\"fulltext\":\"\",\"state\":\"1\",\"catid\":2,\"created\":\"2024-09-19 19:44:29\",\"created_by\":566,\"created_by_alias\":\"\",\"modified\":\"2024-09-19 19:44:29\",\"modified_by\":566,\"checked_out\":null,\"checked_out_time\":null,\"publish_up\":\"2024-09-19 19:44:29\",\"publish_down\":null,\"images\":\"{\\\"image_intro\\\":\\\"\\\",\\\"image_intro_alt\\\":\\\"\\\",\\\"float_intro\\\":\\\"\\\",\\\"image_intro_caption\\\":\\\"\\\",\\\"image_fulltext\\\":\\\"\\\",\\\"image_fulltext_alt\\\":\\\"\\\",\\\"float_fulltext\\\":\\\"\\\",\\\"image_fulltext_caption\\\":\\\"\\\"}\",\"urls\":\"{\\\"urla\\\":\\\"\\\",\\\"urlatext\\\":\\\"\\\",\\\"targeta\\\":\\\"\\\",\\\"urlb\\\":\\\"\\\",\\\"urlbtext\\\":\\\"\\\",\\\"targetb\\\":\\\"\\\",\\\"urlc\\\":\\\"\\\",\\\"urlctext\\\":\\\"\\\",\\\"targetc\\\":\\\"\\\"}\",\"attribs\":\"{\\\"article_layout\\\":\\\"\\\",\\\"show_title\\\":\\\"\\\",\\\"link_titles\\\":\\\"\\\",\\\"show_tags\\\":\\\"\\\",\\\"show_intro\\\":\\\"\\\",\\\"info_block_position\\\":\\\"\\\",\\\"info_block_show_title\\\":\\\"\\\",\\\"show_category\\\":\\\"\\\",\\\"link_category\\\":\\\"\\\",\\\"show_parent_category\\\":\\\"\\\",\\\"link_parent_category\\\":\\\"\\\",\\\"show_author\\\":\\\"\\\",\\\"link_author\\\":\\\"\\\",\\\"show_create_date\\\":\\\"\\\",\\\"show_modify_date\\\":\\\"\\\",\\\"show_publish_date\\\":\\\"\\\",\\\"show_item_navigation\\\":\\\"\\\",\\\"show_hits\\\":\\\"\\\",\\\"show_noauth\\\":\\\"\\\",\\\"urls_position\\\":\\\"\\\",\\\"alternative_readmore\\\":\\\"\\\",\\\"article_page_title\\\":\\\"\\\",\\\"show_publishing_options\\\":\\\"\\\",\\\"show_article_options\\\":\\\"\\\",\\\"show_urls_images_backend\\\":\\\"\\\",\\\"show_urls_images_frontend\\\":\\\"\\\",\\\"helix_ultimate_image\\\":\\\"\\\",\\\"helix_ultimate_image_alt_txt\\\":\\\"\\\",\\\"helix_ultimate_article_format\\\":\\\"standard\\\",\\\"helix_ultimate_audio\\\":\\\"\\\",\\\"helix_ultimate_gallery\\\":\\\"\\\",\\\"helix_ultimate_video\\\":\\\"\\\"}\",\"version\":\"1\",\"ordering\":null,\"metakey\":\"\",\"metadesc\":\"\",\"access\":1,\"hits\":0,\"metadata\":\"{\\\"robots\\\":\\\"\\\",\\\"author\\\":\\\"\\\",\\\"rights\\\":\\\"\\\"}\",\"featured\":\"0\",\"language\":\"*\",\"note\":\"\"}',0),(4,'com_content.article.4','','2024-09-19 19:46:58',566,2430,'887e16378c919f0baad1864d25099ed3e512d9fd','{\"id\":4,\"asset_id\":104,\"title\":\"Billiards at Split Decision\",\"alias\":\"billiards-at-split-decision\",\"introtext\":\"<p>Billiards is the perfect blend of skill, strategy, and social interaction. At Split Decision, our billiards tables provide a great place to challenge friends or unwind after a long day.<\\/p>\\r\\n<p>Our pool area is designed for both casual play and competitive games, featuring well-maintained tables in a comfortable setting. Whether you\'re looking to improve your game or just have fun, you\'ll find the perfect atmosphere at Split Decision.<\\/p>\\r\\n<p>Gather your friends for a friendly match or join one of our billiards tournaments to showcase your skills. No matter how you play, great times await!<\\/p>\",\"fulltext\":\"\",\"state\":\"1\",\"catid\":2,\"created\":\"2024-09-19 19:46:58\",\"created_by\":566,\"created_by_alias\":\"\",\"modified\":\"2024-09-19 19:46:58\",\"modified_by\":566,\"checked_out\":null,\"checked_out_time\":null,\"publish_up\":\"2024-09-19 19:46:58\",\"publish_down\":null,\"images\":\"{\\\"image_intro\\\":\\\"\\\",\\\"image_intro_alt\\\":\\\"\\\",\\\"float_intro\\\":\\\"\\\",\\\"image_intro_caption\\\":\\\"\\\",\\\"image_fulltext\\\":\\\"\\\",\\\"image_fulltext_alt\\\":\\\"\\\",\\\"float_fulltext\\\":\\\"\\\",\\\"image_fulltext_caption\\\":\\\"\\\"}\",\"urls\":\"{\\\"urla\\\":\\\"\\\",\\\"urlatext\\\":\\\"\\\",\\\"targeta\\\":\\\"\\\",\\\"urlb\\\":\\\"\\\",\\\"urlbtext\\\":\\\"\\\",\\\"targetb\\\":\\\"\\\",\\\"urlc\\\":\\\"\\\",\\\"urlctext\\\":\\\"\\\",\\\"targetc\\\":\\\"\\\"}\",\"attribs\":\"{\\\"article_layout\\\":\\\"\\\",\\\"show_title\\\":\\\"\\\",\\\"link_titles\\\":\\\"\\\",\\\"show_tags\\\":\\\"\\\",\\\"show_intro\\\":\\\"\\\",\\\"info_block_position\\\":\\\"\\\",\\\"info_block_show_title\\\":\\\"\\\",\\\"show_category\\\":\\\"\\\",\\\"link_category\\\":\\\"\\\",\\\"show_parent_category\\\":\\\"\\\",\\\"link_parent_category\\\":\\\"\\\",\\\"show_author\\\":\\\"\\\",\\\"link_author\\\":\\\"\\\",\\\"show_create_date\\\":\\\"\\\",\\\"show_modify_date\\\":\\\"\\\",\\\"show_publish_date\\\":\\\"\\\",\\\"show_item_navigation\\\":\\\"\\\",\\\"show_hits\\\":\\\"\\\",\\\"show_noauth\\\":\\\"\\\",\\\"urls_position\\\":\\\"\\\",\\\"alternative_readmore\\\":\\\"\\\",\\\"article_page_title\\\":\\\"\\\",\\\"show_publishing_options\\\":\\\"\\\",\\\"show_article_options\\\":\\\"\\\",\\\"show_urls_images_backend\\\":\\\"\\\",\\\"show_urls_images_frontend\\\":\\\"\\\",\\\"helix_ultimate_image\\\":\\\"\\\",\\\"helix_ultimate_image_alt_txt\\\":\\\"\\\",\\\"helix_ultimate_article_format\\\":\\\"standard\\\",\\\"helix_ultimate_audio\\\":\\\"\\\",\\\"helix_ultimate_gallery\\\":\\\"\\\",\\\"helix_ultimate_video\\\":\\\"\\\"}\",\"version\":\"1\",\"ordering\":null,\"metakey\":\"\",\"metadesc\":\"\",\"access\":1,\"hits\":0,\"metadata\":\"{\\\"robots\\\":\\\"\\\",\\\"author\\\":\\\"\\\",\\\"rights\\\":\\\"\\\"}\",\"featured\":\"0\",\"language\":\"*\",\"note\":\"\"}',0),(5,'com_content.article.5','','2024-09-19 19:48:35',566,2408,'d8f5c884cfd71ffc3cf5066c60d72d35f82fb922','{\"id\":5,\"asset_id\":105,\"title\":\"Arcade Games at Split Decision\",\"alias\":\"arcade-games-at-split-decision\",\"introtext\":\"<p>Step into the exciting world of arcade gaming at Split Decision! Our arcade features a wide variety of games that appeal to players of all ages. From classic pinball machines to the latest video games, there\\u2019s something for everyone to enjoy.<\\/p>\\r\\n<p>Challenge your friends to a race, test your skills in shooting games, or relive nostalgia with retro classics. Our arcade area is perfect for casual fun, birthday parties, or just a night out.<\\/p>\\r\\n<p>With new games added regularly, every visit promises fresh excitement. Come play and rack up those high scores!<\\/p>\",\"fulltext\":\"\",\"state\":\"1\",\"catid\":2,\"created\":\"2024-09-19 19:48:35\",\"created_by\":566,\"created_by_alias\":\"\",\"modified\":\"2024-09-19 19:48:35\",\"modified_by\":566,\"checked_out\":null,\"checked_out_time\":null,\"publish_up\":\"2024-09-19 19:48:35\",\"publish_down\":null,\"images\":\"{\\\"image_intro\\\":\\\"\\\",\\\"image_intro_alt\\\":\\\"\\\",\\\"float_intro\\\":\\\"\\\",\\\"image_intro_caption\\\":\\\"\\\",\\\"image_fulltext\\\":\\\"\\\",\\\"image_fulltext_alt\\\":\\\"\\\",\\\"float_fulltext\\\":\\\"\\\",\\\"image_fulltext_caption\\\":\\\"\\\"}\",\"urls\":\"{\\\"urla\\\":\\\"\\\",\\\"urlatext\\\":\\\"\\\",\\\"targeta\\\":\\\"\\\",\\\"urlb\\\":\\\"\\\",\\\"urlbtext\\\":\\\"\\\",\\\"targetb\\\":\\\"\\\",\\\"urlc\\\":\\\"\\\",\\\"urlctext\\\":\\\"\\\",\\\"targetc\\\":\\\"\\\"}\",\"attribs\":\"{\\\"article_layout\\\":\\\"\\\",\\\"show_title\\\":\\\"\\\",\\\"link_titles\\\":\\\"\\\",\\\"show_tags\\\":\\\"\\\",\\\"show_intro\\\":\\\"\\\",\\\"info_block_position\\\":\\\"\\\",\\\"info_block_show_title\\\":\\\"\\\",\\\"show_category\\\":\\\"\\\",\\\"link_category\\\":\\\"\\\",\\\"show_parent_category\\\":\\\"\\\",\\\"link_parent_category\\\":\\\"\\\",\\\"show_author\\\":\\\"\\\",\\\"link_author\\\":\\\"\\\",\\\"show_create_date\\\":\\\"\\\",\\\"show_modify_date\\\":\\\"\\\",\\\"show_publish_date\\\":\\\"\\\",\\\"show_item_navigation\\\":\\\"\\\",\\\"show_hits\\\":\\\"\\\",\\\"show_noauth\\\":\\\"\\\",\\\"urls_position\\\":\\\"\\\",\\\"alternative_readmore\\\":\\\"\\\",\\\"article_page_title\\\":\\\"\\\",\\\"show_publishing_options\\\":\\\"\\\",\\\"show_article_options\\\":\\\"\\\",\\\"show_urls_images_backend\\\":\\\"\\\",\\\"show_urls_images_frontend\\\":\\\"\\\",\\\"helix_ultimate_image\\\":\\\"\\\",\\\"helix_ultimate_image_alt_txt\\\":\\\"\\\",\\\"helix_ultimate_article_format\\\":\\\"standard\\\",\\\"helix_ultimate_audio\\\":\\\"\\\",\\\"helix_ultimate_gallery\\\":\\\"\\\",\\\"helix_ultimate_video\\\":\\\"\\\"}\",\"version\":\"1\",\"ordering\":null,\"metakey\":\"\",\"metadesc\":\"\",\"access\":1,\"hits\":0,\"metadata\":\"{\\\"robots\\\":\\\"\\\",\\\"author\\\":\\\"\\\",\\\"rights\\\":\\\"\\\"}\",\"featured\":\"0\",\"language\":\"*\",\"note\":\"\"}',0),(6,'com_content.article.6','','2024-09-19 19:50:24',566,2518,'22d29c461ca0a639a5931f3fe3cbee0db88d566e','{\"id\":6,\"asset_id\":106,\"title\":\"Ax Throwing at Split Decision\",\"alias\":\"ax-throwing-at-split-decision\",\"introtext\":\"<p>Ready to unleash your inner lumberjack? Ax throwing at Split Decision offers a unique and exhilarating experience that\\u2019s perfect for groups and individuals alike!<\\/p>\\r\\n<p>Our dedicated ax throwing area is designed for both beginners and experienced throwers. Our staff will provide safety instructions and tips to help you hit the target. Whether you\\u2019re celebrating a special occasion or looking for a fun night out, ax throwing is sure to deliver an adrenaline rush and plenty of laughter.<\\/p>\\r\\n<p>Challenge your friends or join in on friendly competitions to see who can score the most points. It\\u2019s an activity that promises excitement and unforgettable memories!<\\/p>\",\"fulltext\":\"\",\"state\":\"1\",\"catid\":2,\"created\":\"2024-09-19 19:50:24\",\"created_by\":566,\"created_by_alias\":\"\",\"modified\":\"2024-09-19 19:50:24\",\"modified_by\":566,\"checked_out\":null,\"checked_out_time\":null,\"publish_up\":\"2024-09-19 19:50:24\",\"publish_down\":null,\"images\":\"{\\\"image_intro\\\":\\\"\\\",\\\"image_intro_alt\\\":\\\"\\\",\\\"float_intro\\\":\\\"\\\",\\\"image_intro_caption\\\":\\\"\\\",\\\"image_fulltext\\\":\\\"\\\",\\\"image_fulltext_alt\\\":\\\"\\\",\\\"float_fulltext\\\":\\\"\\\",\\\"image_fulltext_caption\\\":\\\"\\\"}\",\"urls\":\"{\\\"urla\\\":\\\"\\\",\\\"urlatext\\\":\\\"\\\",\\\"targeta\\\":\\\"\\\",\\\"urlb\\\":\\\"\\\",\\\"urlbtext\\\":\\\"\\\",\\\"targetb\\\":\\\"\\\",\\\"urlc\\\":\\\"\\\",\\\"urlctext\\\":\\\"\\\",\\\"targetc\\\":\\\"\\\"}\",\"attribs\":\"{\\\"article_layout\\\":\\\"\\\",\\\"show_title\\\":\\\"\\\",\\\"link_titles\\\":\\\"\\\",\\\"show_tags\\\":\\\"\\\",\\\"show_intro\\\":\\\"\\\",\\\"info_block_position\\\":\\\"\\\",\\\"info_block_show_title\\\":\\\"\\\",\\\"show_category\\\":\\\"\\\",\\\"link_category\\\":\\\"\\\",\\\"show_parent_category\\\":\\\"\\\",\\\"link_parent_category\\\":\\\"\\\",\\\"show_author\\\":\\\"\\\",\\\"link_author\\\":\\\"\\\",\\\"show_create_date\\\":\\\"\\\",\\\"show_modify_date\\\":\\\"\\\",\\\"show_publish_date\\\":\\\"\\\",\\\"show_item_navigation\\\":\\\"\\\",\\\"show_hits\\\":\\\"\\\",\\\"show_noauth\\\":\\\"\\\",\\\"urls_position\\\":\\\"\\\",\\\"alternative_readmore\\\":\\\"\\\",\\\"article_page_title\\\":\\\"\\\",\\\"show_publishing_options\\\":\\\"\\\",\\\"show_article_options\\\":\\\"\\\",\\\"show_urls_images_backend\\\":\\\"\\\",\\\"show_urls_images_frontend\\\":\\\"\\\",\\\"helix_ultimate_image\\\":\\\"\\\",\\\"helix_ultimate_image_alt_txt\\\":\\\"\\\",\\\"helix_ultimate_article_format\\\":\\\"standard\\\",\\\"helix_ultimate_audio\\\":\\\"\\\",\\\"helix_ultimate_gallery\\\":\\\"\\\",\\\"helix_ultimate_video\\\":\\\"\\\"}\",\"version\":\"1\",\"ordering\":null,\"metakey\":\"\",\"metadesc\":\"\",\"access\":1,\"hits\":0,\"metadata\":\"{\\\"robots\\\":\\\"\\\",\\\"author\\\":\\\"\\\",\\\"rights\\\":\\\"\\\"}\",\"featured\":\"0\",\"language\":\"*\",\"note\":\"\"}',0),(7,'com_content.article.7','','2024-09-19 20:39:29',566,5777,'f95d458ed9bdf6b993d0a7dade23f10a39aae9f4','{\"id\":7,\"asset_id\":109,\"title\":\"Unleash Your Inner Lumberjack: A Guide to Ax Throwing at Split Decision\",\"alias\":\"unleash-your-inner-lumberjack-a-guide-to-ax-throwing-at-split-decision\",\"introtext\":\"<p>If you\\u2019re looking for a unique and exhilarating experience, ax throwing is the perfect activity! At Split Decision in Clinton, Oklahoma, we offer a safe and fun environment where you can unleash your inner lumberjack. Here\\u2019s everything you need to know about ax throwing and how to get started.<\\/p>\\r\\n<h4>What is Ax Throwing?<\\/h4>\\r\\n<p>Ax throwing is a competitive sport where participants throw an ax at a target, similar to darts but with a twist! It combines skill, precision, and a bit of friendly competition, making it an exciting activity for individuals and groups alike. Whether you\\u2019re celebrating a birthday, hosting a corporate event, or just enjoying a night out with friends, ax throwing is sure to deliver fun and laughter.<\\/p>\\r\\n<h4>Getting Started with Ax Throwing<\\/h4>\\r\\n<ol>\\r\\n<li>\\r\\n<p><strong>Safety First<\\/strong>: Before you start throwing, our experienced staff will guide you through essential safety instructions. Safety is our top priority, and we ensure that all participants understand the rules and proper throwing techniques.<\\/p>\\r\\n<\\/li>\\r\\n<li>\\r\\n<p><strong>Choose Your Ax<\\/strong>: We provide a range of axes suitable for all skill levels. Our staff will help you select the right ax based on your comfort and experience.<\\/p>\\r\\n<\\/li>\\r\\n<li>\\r\\n<p><strong>Learn the Technique<\\/strong>: Ax throwing is all about technique. Here\\u2019s a simple step-by-step guide to get you started:<\\/p>\\r\\n<ul>\\r\\n<li><strong>Stance<\\/strong>: Stand with your feet shoulder-width apart, with one foot slightly in front of the other. Your dominant foot should be forward.<\\/li>\\r\\n<li><strong>Grip<\\/strong>: Hold the ax with both hands, palms facing each other. Your grip should be firm but relaxed.<\\/li>\\r\\n<li><strong>Aim<\\/strong>: Focus on the target. Align the ax with your throwing shoulder, keeping your eye on the bullseye.<\\/li>\\r\\n<li><strong>Throw<\\/strong>: Bring the ax overhead and then smoothly bring it down in a straight line toward the target. Release the ax at eye level, allowing it to spin as it flies toward the target.<\\/li>\\r\\n<li><strong>Follow Through<\\/strong>: After releasing, let your arms follow through naturally to maintain balance.<\\/li>\\r\\n<\\/ul>\\r\\n<\\/li>\\r\\n<li>\\r\\n<p><strong>Practice<\\/strong>: Like any skill, ax throwing improves with practice. Take your time, and don\\u2019t hesitate to ask our staff for tips and feedback.<\\/p>\\r\\n<\\/li>\\r\\n<li>\\r\\n<p><strong>Compete<\\/strong>: Once you feel comfortable, challenge your friends to a friendly competition! Score points based on where the ax lands on the target. It\\u2019s a great way to add excitement to your outing!<\\/p>\\r\\n<\\/li>\\r\\n<\\/ol>\\r\\n<h4>Why Choose Ax Throwing at Split Decision?<\\/h4>\\r\\n<p>At Split Decision, we pride ourselves on providing a welcoming atmosphere where everyone can enjoy ax throwing, regardless of skill level. Our dedicated ax throwing area is designed for safety and fun, ensuring you have an unforgettable experience.<\\/p>\\r\\n<p>Whether you\'re looking for a unique date night, a fun outing with friends, or an exciting addition to your next party, ax throwing at Split Decision is a fantastic choice.<\\/p>\\r\\n<h4>Book Your Ax Throwing Experience Today!<\\/h4>\\r\\n<p>Ready to give ax throwing a try? Contact us to book your session and experience the thrill of hitting the target! Our friendly staff is here to make your visit enjoyable and memorable. Don\\u2019t miss out on this exciting activity\\u2014come throw some axes with us!<\\/p>\",\"fulltext\":\"\",\"state\":\"1\",\"catid\":2,\"created\":\"2024-09-19 20:39:29\",\"created_by\":566,\"created_by_alias\":\"\",\"modified\":\"2024-09-19 20:39:29\",\"modified_by\":566,\"checked_out\":null,\"checked_out_time\":null,\"publish_up\":\"2024-09-19 20:39:29\",\"publish_down\":null,\"images\":\"{\\\"image_intro\\\":\\\"\\\",\\\"image_intro_alt\\\":\\\"\\\",\\\"float_intro\\\":\\\"\\\",\\\"image_intro_caption\\\":\\\"\\\",\\\"image_fulltext\\\":\\\"\\\",\\\"image_fulltext_alt\\\":\\\"\\\",\\\"float_fulltext\\\":\\\"\\\",\\\"image_fulltext_caption\\\":\\\"\\\"}\",\"urls\":\"{\\\"urla\\\":\\\"\\\",\\\"urlatext\\\":\\\"\\\",\\\"targeta\\\":\\\"\\\",\\\"urlb\\\":\\\"\\\",\\\"urlbtext\\\":\\\"\\\",\\\"targetb\\\":\\\"\\\",\\\"urlc\\\":\\\"\\\",\\\"urlctext\\\":\\\"\\\",\\\"targetc\\\":\\\"\\\"}\",\"attribs\":\"{\\\"article_layout\\\":\\\"\\\",\\\"show_title\\\":\\\"\\\",\\\"link_titles\\\":\\\"\\\",\\\"show_tags\\\":\\\"\\\",\\\"show_intro\\\":\\\"\\\",\\\"info_block_position\\\":\\\"\\\",\\\"info_block_show_title\\\":\\\"\\\",\\\"show_category\\\":\\\"\\\",\\\"link_category\\\":\\\"\\\",\\\"show_parent_category\\\":\\\"\\\",\\\"link_parent_category\\\":\\\"\\\",\\\"show_author\\\":\\\"\\\",\\\"link_author\\\":\\\"\\\",\\\"show_create_date\\\":\\\"\\\",\\\"show_modify_date\\\":\\\"\\\",\\\"show_publish_date\\\":\\\"\\\",\\\"show_item_navigation\\\":\\\"\\\",\\\"show_hits\\\":\\\"\\\",\\\"show_noauth\\\":\\\"\\\",\\\"urls_position\\\":\\\"\\\",\\\"alternative_readmore\\\":\\\"\\\",\\\"article_page_title\\\":\\\"\\\",\\\"show_publishing_options\\\":\\\"\\\",\\\"show_article_options\\\":\\\"\\\",\\\"show_urls_images_backend\\\":\\\"\\\",\\\"show_urls_images_frontend\\\":\\\"\\\",\\\"helix_ultimate_image\\\":\\\"\\\",\\\"helix_ultimate_image_alt_txt\\\":\\\"\\\",\\\"helix_ultimate_article_format\\\":\\\"standard\\\",\\\"helix_ultimate_audio\\\":\\\"\\\",\\\"helix_ultimate_gallery\\\":\\\"\\\",\\\"helix_ultimate_video\\\":\\\"\\\"}\",\"version\":\"1\",\"ordering\":null,\"metakey\":\"ax throwing Clinton OK, ax throwing venue Oklahoma, ax throwing parties, learn ax throwing, fun activities Clinton, unique entertainment Oklahoma, competitive ax throwing, group activities Clinton\",\"metadesc\":\"Discover the thrill of ax throwing at Split Decision in Clinton, Oklahoma! Learn how to throw axes like a pro and enjoy this exciting activity with friends.\",\"access\":1,\"hits\":0,\"metadata\":\"{\\\"robots\\\":\\\"\\\",\\\"author\\\":\\\"\\\",\\\"rights\\\":\\\"\\\"}\",\"featured\":\"0\",\"language\":\"*\",\"note\":\"\"}',0),(8,'com_content.article.6','','2024-09-19 20:40:40',566,3302,'662ab90cf93af16dc3e113bac0459d6e6f96d51e','{\"id\":\"6\",\"asset_id\":106,\"title\":\"Ax Throwing at Split Decision\",\"alias\":\"ax-throwing-at-split-decision\",\"introtext\":\"<p>Ready to unleash your inner lumberjack? Ax throwing at\\u00a0<\\/p>\\r\\n<p><img style=\\\"float: right;\\\" src=\\\"images\\/IMG_8697.jpg\\\" alt=\\\"Ax Throwing Clinton Oklahoma\\\" width=\\\"180\\\" height=\\\"120\\\" loading=\\\"lazy\\\" \\/><\\/p>\\r\\n<p>Split Decision offers a unique\\u00a0and exhilarating experience that\\u2019s perfect for groups and individuals alike!<\\/p>\\r\\n<p>Our dedicated ax throwing area is designed for both beginners and experienced throwers. Our staff will provide safety instructions and tips to help you hit the target. Whether you\\u2019re celebrating a special occasion or looking for a fun night out, ax throwing is sure to deliver an adrenaline rush and plenty of laughter.<\\/p>\\r\\n<p>Challenge your friends or join in on friendly competitions to see who can score the most points. It\\u2019s an activity that promises excitement and unforgettable memories!<\\/p>\\r\\n<p><a href=\\\"index.php?option=com_content&amp;view=article&amp;layout=edit&amp;id=7\\\">&lt;LEARN THE TECHNIQUES&gt;<\\/a><\\/p>\\r\\n<p>Call or eMail Us Today!\\u00a0<a href=\\\"tel:580-275-2105\\\">(580) 275-2105<\\/a>\\u00a0or\\u00a0<a href=\\\"mailto:info@splitdecision.fun\\\">info@splitdecision.fun<\\/a><\\/p>\",\"fulltext\":\"\",\"state\":\"1\",\"catid\":2,\"created\":\"2024-09-19 19:50:24\",\"created_by\":\"566\",\"created_by_alias\":\"\",\"modified\":\"2024-09-19 20:40:40\",\"modified_by\":566,\"checked_out\":566,\"checked_out_time\":\"2024-09-19 20:30:24\",\"publish_up\":\"2024-09-19 19:50:24\",\"publish_down\":null,\"images\":\"{\\\"image_intro\\\":\\\"\\\",\\\"image_intro_alt\\\":\\\"\\\",\\\"float_intro\\\":\\\"\\\",\\\"image_intro_caption\\\":\\\"\\\",\\\"image_fulltext\\\":\\\"\\\",\\\"image_fulltext_alt\\\":\\\"\\\",\\\"float_fulltext\\\":\\\"\\\",\\\"image_fulltext_caption\\\":\\\"\\\"}\",\"urls\":\"{\\\"urla\\\":\\\"\\\",\\\"urlatext\\\":\\\"\\\",\\\"targeta\\\":\\\"\\\",\\\"urlb\\\":\\\"\\\",\\\"urlbtext\\\":\\\"\\\",\\\"targetb\\\":\\\"\\\",\\\"urlc\\\":\\\"\\\",\\\"urlctext\\\":\\\"\\\",\\\"targetc\\\":\\\"\\\"}\",\"attribs\":\"{\\\"article_layout\\\":\\\"\\\",\\\"show_title\\\":\\\"\\\",\\\"link_titles\\\":\\\"\\\",\\\"show_tags\\\":\\\"\\\",\\\"show_intro\\\":\\\"\\\",\\\"info_block_position\\\":\\\"\\\",\\\"info_block_show_title\\\":\\\"\\\",\\\"show_category\\\":\\\"\\\",\\\"link_category\\\":\\\"\\\",\\\"show_parent_category\\\":\\\"\\\",\\\"link_parent_category\\\":\\\"\\\",\\\"show_author\\\":\\\"\\\",\\\"link_author\\\":\\\"\\\",\\\"show_create_date\\\":\\\"\\\",\\\"show_modify_date\\\":\\\"\\\",\\\"show_publish_date\\\":\\\"\\\",\\\"show_item_navigation\\\":\\\"\\\",\\\"show_hits\\\":\\\"\\\",\\\"show_noauth\\\":\\\"\\\",\\\"urls_position\\\":\\\"\\\",\\\"alternative_readmore\\\":\\\"\\\",\\\"article_page_title\\\":\\\"\\\",\\\"show_publishing_options\\\":\\\"\\\",\\\"show_article_options\\\":\\\"\\\",\\\"show_urls_images_backend\\\":\\\"\\\",\\\"show_urls_images_frontend\\\":\\\"\\\",\\\"helix_ultimate_image\\\":\\\"\\\",\\\"helix_ultimate_image_alt_txt\\\":\\\"\\\",\\\"helix_ultimate_article_format\\\":\\\"standard\\\",\\\"helix_ultimate_audio\\\":\\\"\\\",\\\"helix_ultimate_gallery\\\":\\\"\\\",\\\"helix_ultimate_video\\\":\\\"\\\"}\",\"version\":2,\"ordering\":1,\"metakey\":\"ax throwing Clinton OKax throwing venue Oklahomaax throwing partiesfun ax throwingax throwing competitionslearn ax throwingax throwing for groupsunique activities Clinton\",\"metadesc\":\"Try ax throwing at Split Decision in Clinton, Oklahoma! Experience this thrilling activity in a safe and fun environment.\",\"access\":1,\"hits\":0,\"metadata\":\"{\\\"robots\\\":\\\"\\\",\\\"author\\\":\\\"\\\",\\\"rights\\\":\\\"\\\"}\",\"featured\":\"0\",\"language\":\"*\",\"note\":\"\"}',0),(9,'com_content.article.5','','2024-09-19 20:44:45',566,2884,'80f2a272f727ea72324c3695e43ea6745e4673e0','{\"id\":\"5\",\"asset_id\":105,\"title\":\"Arcade Games at Split Decision\",\"alias\":\"arcade-games-at-split-decision\",\"introtext\":\"<p>Step into the exciting world of arcade gaming at Split Decision! Our arcade features a wide variety of games that appeal to players of all ages. From classic pinball machines to the latest video games, there\\u2019s something for everyone to enjoy.<\\/p>\\r\\n<p>Challenge your friends to a race, test your skills in shooting games, or relive nostalgia with retro classics. Our arcade area is perfect for casual fun, birthday parties, or just a night out.<\\/p>\\r\\n<p>With new games added regularly, every visit promises fresh excitement. Come play and rack up those high scores!<\\/p>\\r\\n<p>Call or eMail Us Today!\\u00a0<a href=\\\"tel:580-275-2105\\\">(580) 275-2105<\\/a>\\u00a0or\\u00a0<a href=\\\"mailto:info@splitdecision.fun\\\">info@splitdecision.fun<\\/a><\\/p>\",\"fulltext\":\"\",\"state\":\"1\",\"catid\":2,\"created\":\"2024-09-19 19:48:35\",\"created_by\":\"566\",\"created_by_alias\":\"\",\"modified\":\"2024-09-19 20:44:45\",\"modified_by\":566,\"checked_out\":566,\"checked_out_time\":\"2024-09-19 20:40:45\",\"publish_up\":\"2024-09-19 19:48:35\",\"publish_down\":null,\"images\":\"{\\\"image_intro\\\":\\\"\\\",\\\"image_intro_alt\\\":\\\"\\\",\\\"float_intro\\\":\\\"\\\",\\\"image_intro_caption\\\":\\\"\\\",\\\"image_fulltext\\\":\\\"\\\",\\\"image_fulltext_alt\\\":\\\"\\\",\\\"float_fulltext\\\":\\\"\\\",\\\"image_fulltext_caption\\\":\\\"\\\"}\",\"urls\":\"{\\\"urla\\\":\\\"\\\",\\\"urlatext\\\":\\\"\\\",\\\"targeta\\\":\\\"\\\",\\\"urlb\\\":\\\"\\\",\\\"urlbtext\\\":\\\"\\\",\\\"targetb\\\":\\\"\\\",\\\"urlc\\\":\\\"\\\",\\\"urlctext\\\":\\\"\\\",\\\"targetc\\\":\\\"\\\"}\",\"attribs\":\"{\\\"article_layout\\\":\\\"\\\",\\\"show_title\\\":\\\"\\\",\\\"link_titles\\\":\\\"\\\",\\\"show_tags\\\":\\\"\\\",\\\"show_intro\\\":\\\"\\\",\\\"info_block_position\\\":\\\"\\\",\\\"info_block_show_title\\\":\\\"\\\",\\\"show_category\\\":\\\"\\\",\\\"link_category\\\":\\\"\\\",\\\"show_parent_category\\\":\\\"\\\",\\\"link_parent_category\\\":\\\"\\\",\\\"show_author\\\":\\\"\\\",\\\"link_author\\\":\\\"\\\",\\\"show_create_date\\\":\\\"\\\",\\\"show_modify_date\\\":\\\"\\\",\\\"show_publish_date\\\":\\\"\\\",\\\"show_item_navigation\\\":\\\"\\\",\\\"show_hits\\\":\\\"\\\",\\\"show_noauth\\\":\\\"\\\",\\\"urls_position\\\":\\\"\\\",\\\"alternative_readmore\\\":\\\"\\\",\\\"article_page_title\\\":\\\"\\\",\\\"show_publishing_options\\\":\\\"\\\",\\\"show_article_options\\\":\\\"\\\",\\\"show_urls_images_backend\\\":\\\"\\\",\\\"show_urls_images_frontend\\\":\\\"\\\",\\\"helix_ultimate_image\\\":\\\"\\\",\\\"helix_ultimate_image_alt_txt\\\":\\\"\\\",\\\"helix_ultimate_article_format\\\":\\\"standard\\\",\\\"helix_ultimate_audio\\\":\\\"\\\",\\\"helix_ultimate_gallery\\\":\\\"\\\",\\\"helix_ultimate_video\\\":\\\"\\\"}\",\"version\":2,\"ordering\":2,\"metakey\":\"arcade games Clinton OKarcade fun Oklahomaclassic arcade gamesvideo games Clintonfamily arcade entertainmentarcade games for kidsarcade tournamentsgaming center Clinton\",\"metadesc\":\"Dive into fun with arcade games at Split Decision in Clinton, Oklahoma! Experience classic and modern games for all ages.\",\"access\":1,\"hits\":0,\"metadata\":\"{\\\"robots\\\":\\\"\\\",\\\"author\\\":\\\"\\\",\\\"rights\\\":\\\"\\\"}\",\"featured\":\"0\",\"language\":\"*\",\"note\":\"\"}',0),(10,'com_content.article.4','','2024-09-19 20:45:35',566,2746,'7bb929453aaa708349671c55d121896350928f70','{\"id\":\"4\",\"asset_id\":104,\"title\":\"Billiards at Split Decision\",\"alias\":\"billiards-at-split-decision\",\"introtext\":\"<p>Billiards is the perfect blend of skill, strategy, and social interaction. At Split Decision, our billiards tables provide a great place to challenge friends or unwind after a long day.<\\/p>\\r\\n<p>Our pool area is designed for both casual play and competitive games, featuring well-maintained tables in a comfortable setting. Whether you\'re looking to improve your game or just have fun, you\'ll find the perfect atmosphere at Split Decision.<\\/p>\\r\\n<p>Gather your friends for a friendly match or join one of our billiards tournaments to showcase your skills. No matter how you play, great times await!<\\/p>\",\"fulltext\":\"\",\"state\":\"1\",\"catid\":2,\"created\":\"2024-09-19 19:46:58\",\"created_by\":\"566\",\"created_by_alias\":\"\",\"modified\":\"2024-09-19 20:45:35\",\"modified_by\":566,\"checked_out\":566,\"checked_out_time\":\"2024-09-19 20:44:51\",\"publish_up\":\"2024-09-19 19:46:58\",\"publish_down\":null,\"images\":\"{\\\"image_intro\\\":\\\"\\\",\\\"image_intro_alt\\\":\\\"\\\",\\\"float_intro\\\":\\\"\\\",\\\"image_intro_caption\\\":\\\"\\\",\\\"image_fulltext\\\":\\\"\\\",\\\"image_fulltext_alt\\\":\\\"\\\",\\\"float_fulltext\\\":\\\"\\\",\\\"image_fulltext_caption\\\":\\\"\\\"}\",\"urls\":\"{\\\"urla\\\":\\\"\\\",\\\"urlatext\\\":\\\"\\\",\\\"targeta\\\":\\\"\\\",\\\"urlb\\\":\\\"\\\",\\\"urlbtext\\\":\\\"\\\",\\\"targetb\\\":\\\"\\\",\\\"urlc\\\":\\\"\\\",\\\"urlctext\\\":\\\"\\\",\\\"targetc\\\":\\\"\\\"}\",\"attribs\":\"{\\\"article_layout\\\":\\\"\\\",\\\"show_title\\\":\\\"\\\",\\\"link_titles\\\":\\\"\\\",\\\"show_tags\\\":\\\"\\\",\\\"show_intro\\\":\\\"\\\",\\\"info_block_position\\\":\\\"\\\",\\\"info_block_show_title\\\":\\\"\\\",\\\"show_category\\\":\\\"\\\",\\\"link_category\\\":\\\"\\\",\\\"show_parent_category\\\":\\\"\\\",\\\"link_parent_category\\\":\\\"\\\",\\\"show_author\\\":\\\"\\\",\\\"link_author\\\":\\\"\\\",\\\"show_create_date\\\":\\\"\\\",\\\"show_modify_date\\\":\\\"\\\",\\\"show_publish_date\\\":\\\"\\\",\\\"show_item_navigation\\\":\\\"\\\",\\\"show_hits\\\":\\\"\\\",\\\"show_noauth\\\":\\\"\\\",\\\"urls_position\\\":\\\"\\\",\\\"alternative_readmore\\\":\\\"\\\",\\\"article_page_title\\\":\\\"\\\",\\\"show_publishing_options\\\":\\\"\\\",\\\"show_article_options\\\":\\\"\\\",\\\"show_urls_images_backend\\\":\\\"\\\",\\\"show_urls_images_frontend\\\":\\\"\\\",\\\"helix_ultimate_image\\\":\\\"\\\",\\\"helix_ultimate_image_alt_txt\\\":\\\"\\\",\\\"helix_ultimate_article_format\\\":\\\"standard\\\",\\\"helix_ultimate_audio\\\":\\\"\\\",\\\"helix_ultimate_gallery\\\":\\\"\\\",\\\"helix_ultimate_video\\\":\\\"\\\"}\",\"version\":2,\"ordering\":3,\"metakey\":\"billiards Clinton OKpool tables Clintonbilliards games Oklahomaplay billiards Clintonbilliards tournamentsbilliards night outbilliards funpool hall Clinton\",\"metadesc\":\"Play billiards at Split Decision in Clinton, Oklahoma! Enjoy our well-maintained tables and a fun atmosphere for casual play or competitive games.\",\"access\":1,\"hits\":0,\"metadata\":\"{\\\"robots\\\":\\\"\\\",\\\"author\\\":\\\"\\\",\\\"rights\\\":\\\"\\\"}\",\"featured\":\"0\",\"language\":\"*\",\"note\":\"\"}',0),(11,'com_content.article.3','','2024-09-19 20:46:21',566,2980,'cd3f90f16eec9e8fb17d75ba3a379164732216a6','{\"id\":\"3\",\"asset_id\":103,\"title\":\"Bowling at Split Decision\",\"alias\":\"bowling-at-split-decision\",\"introtext\":\"<p>Bowling is more than just a game; it\'s a fun-filled experience perfect for families, friends, and parties! At Split Decision, our bowling lanes offer a lively environment where everyone can enjoy strikes, spares, and great times.<\\/p>\\r\\n<p>Our facility features modern, well-maintained lanes equipped with the latest technology for scoring and music. Whether you\\u2019re a seasoned bowler or a beginner, our friendly staff will help you get started. We also offer special bowling packages for birthday parties and corporate events, making it easy to plan your next gathering.<\\/p>\\r\\n<p>Come join us for a game of bowling, and let the good times roll!<\\/p>\\r\\n<p>Call or eMail Us Today!\\u00a0<a href=\\\"tel:580-275-2105\\\">(580) 275-2105<\\/a>\\u00a0or\\u00a0<a href=\\\"mailto:info@splitdecision.fun\\\">info@splitdecision.fun<\\/a><\\/p>\",\"fulltext\":\"\",\"state\":\"1\",\"catid\":2,\"created\":\"2024-09-19 19:44:29\",\"created_by\":\"566\",\"created_by_alias\":\"\",\"modified\":\"2024-09-19 20:46:21\",\"modified_by\":566,\"checked_out\":566,\"checked_out_time\":\"2024-09-19 20:45:41\",\"publish_up\":\"2024-09-19 19:44:29\",\"publish_down\":null,\"images\":\"{\\\"image_intro\\\":\\\"\\\",\\\"image_intro_alt\\\":\\\"\\\",\\\"float_intro\\\":\\\"\\\",\\\"image_intro_caption\\\":\\\"\\\",\\\"image_fulltext\\\":\\\"\\\",\\\"image_fulltext_alt\\\":\\\"\\\",\\\"float_fulltext\\\":\\\"\\\",\\\"image_fulltext_caption\\\":\\\"\\\"}\",\"urls\":\"{\\\"urla\\\":\\\"\\\",\\\"urlatext\\\":\\\"\\\",\\\"targeta\\\":\\\"\\\",\\\"urlb\\\":\\\"\\\",\\\"urlbtext\\\":\\\"\\\",\\\"targetb\\\":\\\"\\\",\\\"urlc\\\":\\\"\\\",\\\"urlctext\\\":\\\"\\\",\\\"targetc\\\":\\\"\\\"}\",\"attribs\":\"{\\\"article_layout\\\":\\\"\\\",\\\"show_title\\\":\\\"\\\",\\\"link_titles\\\":\\\"\\\",\\\"show_tags\\\":\\\"\\\",\\\"show_intro\\\":\\\"\\\",\\\"info_block_position\\\":\\\"\\\",\\\"info_block_show_title\\\":\\\"\\\",\\\"show_category\\\":\\\"\\\",\\\"link_category\\\":\\\"\\\",\\\"show_parent_category\\\":\\\"\\\",\\\"link_parent_category\\\":\\\"\\\",\\\"show_author\\\":\\\"\\\",\\\"link_author\\\":\\\"\\\",\\\"show_create_date\\\":\\\"\\\",\\\"show_modify_date\\\":\\\"\\\",\\\"show_publish_date\\\":\\\"\\\",\\\"show_item_navigation\\\":\\\"\\\",\\\"show_hits\\\":\\\"\\\",\\\"show_noauth\\\":\\\"\\\",\\\"urls_position\\\":\\\"\\\",\\\"alternative_readmore\\\":\\\"\\\",\\\"article_page_title\\\":\\\"\\\",\\\"show_publishing_options\\\":\\\"\\\",\\\"show_article_options\\\":\\\"\\\",\\\"show_urls_images_backend\\\":\\\"\\\",\\\"show_urls_images_frontend\\\":\\\"\\\",\\\"helix_ultimate_image\\\":\\\"\\\",\\\"helix_ultimate_image_alt_txt\\\":\\\"\\\",\\\"helix_ultimate_article_format\\\":\\\"standard\\\",\\\"helix_ultimate_audio\\\":\\\"\\\",\\\"helix_ultimate_gallery\\\":\\\"\\\",\\\"helix_ultimate_video\\\":\\\"\\\"}\",\"version\":2,\"ordering\":4,\"metakey\":\"bowling Clinton OKbowling alley Clintonfamily bowling funbirthday party bowlingbowling leagues Oklahomabowling activities Clintonbowling for kidsbowling entertainment\",\"metadesc\":\"Experience the thrill of bowling at Split Decision in Clinton, Oklahoma! Enjoy fun for all ages with our state-of-the-art lanes and vibrant atmosphere.\",\"access\":1,\"hits\":0,\"metadata\":\"{\\\"robots\\\":\\\"\\\",\\\"author\\\":\\\"\\\",\\\"rights\\\":\\\"\\\"}\",\"featured\":\"0\",\"language\":\"*\",\"note\":\"\"}',0),(12,'com_content.article.2','','2024-09-19 20:47:07',566,4887,'ce09958a0f7bea481d69935ff9bd05e0ae036707','{\"id\":\"2\",\"asset_id\":102,\"title\":\"Birthday Party Packages\",\"alias\":\"birthday-party-packages\",\"introtext\":\"<p>Are you ready to throw the ultimate birthday bash? Look no further than Split Decision in Clinton, Oklahoma! Our Birthday Party Packages are designed to provide an unforgettable experience filled with fun, laughter, and great memories.<\\/p>\\r\\n<h4>A Fun-Filled Experience<\\/h4>\\r\\n<p>At Split Decision, we offer a unique blend of activities to keep your guests entertained. Whether you\'re bowling strikes, playing arcade games, or trying your hand at ax throwing, there\\u2019s something for everyone. Our vibrant setting ensures that your birthday celebration will be lively and enjoyable.<\\/p>\\r\\n<h4>Customizable Party Packages<\\/h4>\\r\\n<p>We understand that every birthday is special, which is why our packages are customizable to fit your needs. Choose from a variety of options, including:<\\/p>\\r\\n<ul>\\r\\n<li>\\r\\n<p><strong>Bowling Lanes<\\/strong>: Reserve your own lanes for a fun-filled bowling experience. Our staff will ensure you have everything you need for a great time.<\\/p>\\r\\n<\\/li>\\r\\n<li>\\r\\n<p><strong>Arcade Games<\\/strong>: Enjoy access to our exciting arcade games! Your guests can compete for high scores and enjoy classic favorites.<\\/p>\\r\\n<\\/li>\\r\\n<li>\\r\\n<p><strong>Ax Throwing<\\/strong>: Add a unique twist to your party with ax throwing! Perfect for older kids and adults, this activity promises a thrilling challenge.<\\/p>\\r\\n<\\/li>\\r\\n<\\/ul>\\r\\n<h4>Delicious Food Options<\\/h4>\\r\\n<p>No birthday party is complete without great food! Our menu features a range of delicious options, including:<\\/p>\\r\\n<ul>\\r\\n<li><strong>Finger Foods<\\/strong>: Perfect for snacking while having fun!<\\/li>\\r\\n<li><strong>Pizzas<\\/strong>: A crowd favorite, customizable with your favorite toppings.<\\/li>\\r\\n<li><strong>Desserts<\\/strong>: Celebrate with sweet treats to satisfy your cravings.<\\/li>\\r\\n<\\/ul>\\r\\n<p>We can also accommodate dietary restrictions\\u2014just let us know your needs!<\\/p>\\r\\n<h4>Dedicated Party Host<\\/h4>\\r\\n<p>To ensure everything runs smoothly, each birthday party package includes a dedicated party host. Our friendly staff will assist with setup, activities, and cleanup, allowing you to relax and enjoy the celebration with your guests.<\\/p>\\r\\n<h4>Booking Your Birthday Party<\\/h4>\\r\\n<p>Ready to plan an unforgettable birthday party at Split Decision? Contact us today to discuss your ideas and reserve your date! We\\u2019re here to help you create a memorable experience tailored to your needs.<\\/p>\\r\\n<p>Don\\u2019t wait\\u2014make your birthday celebration a hit at Split Decision!<\\/p>\\r\\n<p>Call or eMail Us Today!\\u00a0<a href=\\\"tel:580-275-2105\\\">(580) 275-2105<\\/a>\\u00a0or\\u00a0<a href=\\\"mailto:info@splitdecision.fun\\\">info@splitdecision.fun<\\/a><\\/p>\\r\\n<p>\\u00a0<\\/p>\",\"fulltext\":\"\",\"state\":\"1\",\"catid\":2,\"created\":\"2024-09-19 19:35:59\",\"created_by\":\"566\",\"created_by_alias\":\"\",\"modified\":\"2024-09-19 20:47:07\",\"modified_by\":566,\"checked_out\":566,\"checked_out_time\":\"2024-09-19 20:46:26\",\"publish_up\":\"2024-09-19 19:35:59\",\"publish_down\":null,\"images\":\"{\\\"image_intro\\\":\\\"\\\",\\\"image_intro_alt\\\":\\\"\\\",\\\"float_intro\\\":\\\"\\\",\\\"image_intro_caption\\\":\\\"\\\",\\\"image_fulltext\\\":\\\"\\\",\\\"image_fulltext_alt\\\":\\\"\\\",\\\"float_fulltext\\\":\\\"\\\",\\\"image_fulltext_caption\\\":\\\"\\\"}\",\"urls\":\"{\\\"urla\\\":\\\"\\\",\\\"urlatext\\\":\\\"\\\",\\\"targeta\\\":\\\"\\\",\\\"urlb\\\":\\\"\\\",\\\"urlbtext\\\":\\\"\\\",\\\"targetb\\\":\\\"\\\",\\\"urlc\\\":\\\"\\\",\\\"urlctext\\\":\\\"\\\",\\\"targetc\\\":\\\"\\\"}\",\"attribs\":\"{\\\"article_layout\\\":\\\"\\\",\\\"show_title\\\":\\\"\\\",\\\"link_titles\\\":\\\"\\\",\\\"show_tags\\\":\\\"\\\",\\\"show_intro\\\":\\\"\\\",\\\"info_block_position\\\":\\\"\\\",\\\"info_block_show_title\\\":\\\"\\\",\\\"show_category\\\":\\\"\\\",\\\"link_category\\\":\\\"\\\",\\\"show_parent_category\\\":\\\"\\\",\\\"link_parent_category\\\":\\\"\\\",\\\"show_author\\\":\\\"\\\",\\\"link_author\\\":\\\"\\\",\\\"show_create_date\\\":\\\"\\\",\\\"show_modify_date\\\":\\\"\\\",\\\"show_publish_date\\\":\\\"\\\",\\\"show_item_navigation\\\":\\\"\\\",\\\"show_hits\\\":\\\"\\\",\\\"show_noauth\\\":\\\"\\\",\\\"urls_position\\\":\\\"\\\",\\\"alternative_readmore\\\":\\\"\\\",\\\"article_page_title\\\":\\\"\\\",\\\"show_publishing_options\\\":\\\"\\\",\\\"show_article_options\\\":\\\"\\\",\\\"show_urls_images_backend\\\":\\\"\\\",\\\"show_urls_images_frontend\\\":\\\"\\\",\\\"helix_ultimate_image\\\":\\\"\\\",\\\"helix_ultimate_image_alt_txt\\\":\\\"\\\",\\\"helix_ultimate_article_format\\\":\\\"standard\\\",\\\"helix_ultimate_audio\\\":\\\"\\\",\\\"helix_ultimate_gallery\\\":\\\"\\\",\\\"helix_ultimate_video\\\":\\\"\\\"}\",\"version\":2,\"ordering\":5,\"metakey\":\"birthday party packages Clinton OK, bowling birthday parties, arcade birthday parties, ax throwing birthday parties, kids birthday parties Clinton, party venue Oklahoma\",\"metadesc\":\"Host an unforgettable birthday party at Split Decision in Clinton, Oklahoma! Enjoy bowling, arcade games, ax throwing, and delicious food in a vibrant setting.\",\"access\":1,\"hits\":1,\"metadata\":\"{\\\"robots\\\":\\\"\\\",\\\"author\\\":\\\"\\\",\\\"rights\\\":\\\"\\\"}\",\"featured\":\"0\",\"language\":\"*\",\"note\":\"\"}',0),(13,'com_content.article.1','','2024-09-19 20:48:04',566,5140,'d4517fc060909aefaaacdb65cb0c237b5fefd9f3','{\"id\":\"1\",\"asset_id\":101,\"title\":\"Private Events\",\"alias\":\"private-events\",\"introtext\":\"<h3>Celebrate in Style at Split Decision: Your Premier Venue for Private Events<\\/h3>\\r\\n<p>Are you looking for the perfect venue to host your next private event? Look no further than Split Decision! Our vibrant atmosphere and diverse offerings make us the ideal location for birthdays, corporate gatherings, family reunions, and more.<\\/p>\\r\\n<h4>A Unique Experience for Every Occasion<\\/h4>\\r\\n<p>At Split Decision, we understand that every event is special.<\\/p>\\r\\n<figure class=\\\"image align-right\\\"><img src=\\\"images\\/20231129_195409.jpg\\\" alt=\\\"Private Events\\\" width=\\\"220\\\" height=\\\"165\\\" loading=\\\"lazy\\\" \\/>\\r\\n<figcaption>Caption<\\/figcaption>\\r\\n<\\/figure>\\r\\n<p>Whether you\'re planning an intimate birthday party or a large corporate function, our flexible space can accommodate gatherings of all sizes. Our activities\\u2014bowling, billiards, arcade games, and ax throwing\\u2014ensure that your guests will have a blast!<\\/p>\\r\\n<h4>Tailored Packages to Meet Your Needs<\\/h4>\\r\\n<p>We offer customizable event packages that can be tailored to fit your specific requirements. Choose from our selection of activities and catering options to create the perfect event for your group. Our team is dedicated to helping you plan every detail, from entertainment to food, ensuring a seamless experience.<\\/p>\\r\\n<h4>Birthday Party Packages<\\/h4>\\r\\n<p>Make your child\'s birthday unforgettable with our exciting birthday party packages! We provide everything you need to celebrate in style, including reserved lanes, game tokens, and delicious food options. Plus, our friendly staff will be on hand to assist with setup and ensure the day goes off without a hitch.<\\/p>\\r\\n<h4>Corporate Events and Team Building<\\/h4>\\r\\n<p>Looking to strengthen team bonds or reward your staff? Our venue is ideal for corporate events and team-building activities. Enjoy friendly competition on the lanes, engage in ax throwing challenges, or relax over delicious food and drinks. We can help facilitate a range of activities to make your event both productive and enjoyable.<\\/p>\\r\\n<h4>Food and Beverage Options<\\/h4>\\r\\n<p>No event is complete without great food! Our menu features a variety of delicious options that can be customized to fit your group\'s preferences. Whether you\\u2019re looking for finger foods, hearty meals, or sweet treats, we have you covered. And don\\u2019t forget to explore our beverage selections to keep the good times flowing!<\\/p>\\r\\n<h4>Booking Your Private Event<\\/h4>\\r\\n<p>Ready to host your private event at Split Decision? Contact us today to discuss your ideas and requirements. Our experienced team will work with you to create a memorable experience tailored to your needs.<\\/p>\\r\\n<p>Don\\u2019t wait\\u2014secure your date today and let us help you make your next event a hit!<\\/p>\\r\\n<p>Call or eMail Us Today! <a href=\\\"tel:580-275-2105\\\">(580) 275-2105<\\/a> or <a href=\\\"mailto:info@splitdecision.fun\\\">info@splitdecision.fun<\\/a><\\/p>\",\"fulltext\":\"\",\"state\":\"1\",\"catid\":2,\"created\":\"2024-09-19 19:27:25\",\"created_by\":\"566\",\"created_by_alias\":\"\",\"modified\":\"2024-09-19 20:48:04\",\"modified_by\":566,\"checked_out\":566,\"checked_out_time\":\"2024-09-19 20:47:12\",\"publish_up\":\"2024-09-19 19:27:25\",\"publish_down\":null,\"images\":\"{\\\"image_intro\\\":\\\"\\\",\\\"image_intro_alt\\\":\\\"\\\",\\\"float_intro\\\":\\\"\\\",\\\"image_intro_caption\\\":\\\"\\\",\\\"image_fulltext\\\":\\\"\\\",\\\"image_fulltext_alt\\\":\\\"\\\",\\\"float_fulltext\\\":\\\"\\\",\\\"image_fulltext_caption\\\":\\\"\\\"}\",\"urls\":\"{\\\"urla\\\":\\\"\\\",\\\"urlatext\\\":\\\"\\\",\\\"targeta\\\":\\\"\\\",\\\"urlb\\\":\\\"\\\",\\\"urlbtext\\\":\\\"\\\",\\\"targetb\\\":\\\"\\\",\\\"urlc\\\":\\\"\\\",\\\"urlctext\\\":\\\"\\\",\\\"targetc\\\":\\\"\\\"}\",\"attribs\":\"{\\\"article_layout\\\":\\\"\\\",\\\"show_title\\\":\\\"\\\",\\\"link_titles\\\":\\\"\\\",\\\"show_tags\\\":\\\"\\\",\\\"show_intro\\\":\\\"\\\",\\\"info_block_position\\\":\\\"\\\",\\\"info_block_show_title\\\":\\\"\\\",\\\"show_category\\\":\\\"\\\",\\\"link_category\\\":\\\"\\\",\\\"show_parent_category\\\":\\\"\\\",\\\"link_parent_category\\\":\\\"\\\",\\\"show_author\\\":\\\"\\\",\\\"link_author\\\":\\\"\\\",\\\"show_create_date\\\":\\\"\\\",\\\"show_modify_date\\\":\\\"\\\",\\\"show_publish_date\\\":\\\"\\\",\\\"show_item_navigation\\\":\\\"\\\",\\\"show_hits\\\":\\\"\\\",\\\"show_noauth\\\":\\\"\\\",\\\"urls_position\\\":\\\"\\\",\\\"alternative_readmore\\\":\\\"\\\",\\\"article_page_title\\\":\\\"\\\",\\\"show_publishing_options\\\":\\\"\\\",\\\"show_article_options\\\":\\\"\\\",\\\"show_urls_images_backend\\\":\\\"\\\",\\\"show_urls_images_frontend\\\":\\\"\\\",\\\"helix_ultimate_image\\\":\\\"\\\",\\\"helix_ultimate_image_alt_txt\\\":\\\"\\\",\\\"helix_ultimate_article_format\\\":\\\"standard\\\",\\\"helix_ultimate_audio\\\":\\\"\\\",\\\"helix_ultimate_gallery\\\":\\\"\\\",\\\"helix_ultimate_video\\\":\\\"\\\"}\",\"version\":3,\"ordering\":6,\"metakey\":\"private events Clinton OK, birthday party venue Clinton, corporate events Clinton, bowling parties Clinton, ax throwing events Clinton, event space Clinton, family reunions Clinton, entertainment venue Oklahoma\",\"metadesc\":\"Host your next private event at Split Decision in Clinton, Oklahoma! Enjoy bowling, arcade games, ax throwing, and delicious food in a vibrant setting.\",\"access\":1,\"hits\":1,\"metadata\":\"{\\\"robots\\\":\\\"\\\",\\\"author\\\":\\\"\\\",\\\"rights\\\":\\\"\\\"}\",\"featured\":\"0\",\"language\":\"*\",\"note\":\"\"}',0),(14,'com_content.article.7','','2024-09-19 20:48:45',566,5796,'c38daaf5761118e78377bd63a1e28a237c7c5bdc','{\"id\":\"7\",\"asset_id\":109,\"title\":\"A Guide to Ax Throwing at Split Decision: \\\"Unleash Your Inner Lumberjack\\\"\",\"alias\":\"unleash-your-inner-lumberjack-a-guide-to-ax-throwing-at-split-decision\",\"introtext\":\"<p>If you\\u2019re looking for a unique and exhilarating experience, ax throwing is the perfect activity! At Split Decision in Clinton, Oklahoma, we offer a safe and fun environment where you can unleash your inner lumberjack. Here\\u2019s everything you need to know about ax throwing and how to get started.<\\/p>\\r\\n<h4>What is Ax Throwing?<\\/h4>\\r\\n<p>Ax throwing is a competitive sport where participants throw an ax at a target, similar to darts but with a twist! It combines skill, precision, and a bit of friendly competition, making it an exciting activity for individuals and groups alike. Whether you\\u2019re celebrating a birthday, hosting a corporate event, or just enjoying a night out with friends, ax throwing is sure to deliver fun and laughter.<\\/p>\\r\\n<h4>Getting Started with Ax Throwing<\\/h4>\\r\\n<ol>\\r\\n<li>\\r\\n<p><strong>Safety First<\\/strong>: Before you start throwing, our experienced staff will guide you through essential safety instructions. Safety is our top priority, and we ensure that all participants understand the rules and proper throwing techniques.<\\/p>\\r\\n<\\/li>\\r\\n<li>\\r\\n<p><strong>Choose Your Ax<\\/strong>: We provide a range of axes suitable for all skill levels. Our staff will help you select the right ax based on your comfort and experience.<\\/p>\\r\\n<\\/li>\\r\\n<li>\\r\\n<p><strong>Learn the Technique<\\/strong>: Ax throwing is all about technique. Here\\u2019s a simple step-by-step guide to get you started:<\\/p>\\r\\n<ul>\\r\\n<li><strong>Stance<\\/strong>: Stand with your feet shoulder-width apart, with one foot slightly in front of the other. Your dominant foot should be forward.<\\/li>\\r\\n<li><strong>Grip<\\/strong>: Hold the ax with both hands, palms facing each other. Your grip should be firm but relaxed.<\\/li>\\r\\n<li><strong>Aim<\\/strong>: Focus on the target. Align the ax with your throwing shoulder, keeping your eye on the bullseye.<\\/li>\\r\\n<li><strong>Throw<\\/strong>: Bring the ax overhead and then smoothly bring it down in a straight line toward the target. Release the ax at eye level, allowing it to spin as it flies toward the target.<\\/li>\\r\\n<li><strong>Follow Through<\\/strong>: After releasing, let your arms follow through naturally to maintain balance.<\\/li>\\r\\n<\\/ul>\\r\\n<\\/li>\\r\\n<li>\\r\\n<p><strong>Practice<\\/strong>: Like any skill, ax throwing improves with practice. Take your time, and don\\u2019t hesitate to ask our staff for tips and feedback.<\\/p>\\r\\n<\\/li>\\r\\n<li>\\r\\n<p><strong>Compete<\\/strong>: Once you feel comfortable, challenge your friends to a friendly competition! Score points based on where the ax lands on the target. It\\u2019s a great way to add excitement to your outing!<\\/p>\\r\\n<\\/li>\\r\\n<\\/ol>\\r\\n<h4>Why Choose Ax Throwing at Split Decision?<\\/h4>\\r\\n<p>At Split Decision, we pride ourselves on providing a welcoming atmosphere where everyone can enjoy ax throwing, regardless of skill level. Our dedicated ax throwing area is designed for safety and fun, ensuring you have an unforgettable experience.<\\/p>\\r\\n<p>Whether you\'re looking for a unique date night, a fun outing with friends, or an exciting addition to your next party, ax throwing at Split Decision is a fantastic choice.<\\/p>\\r\\n<h4>Book Your Ax Throwing Experience Today!<\\/h4>\\r\\n<p>Ready to give ax throwing a try? Contact us to book your session and experience the thrill of hitting the target! Our friendly staff is here to make your visit enjoyable and memorable. Don\\u2019t miss out on this exciting activity\\u2014come throw some axes with us!<\\/p>\",\"fulltext\":\"\",\"state\":\"1\",\"catid\":2,\"created\":\"2024-09-19 20:39:29\",\"created_by\":\"566\",\"created_by_alias\":\"\",\"modified\":\"2024-09-19 20:48:45\",\"modified_by\":566,\"checked_out\":566,\"checked_out_time\":\"2024-09-19 20:48:25\",\"publish_up\":\"2024-09-19 20:39:29\",\"publish_down\":null,\"images\":\"{\\\"image_intro\\\":\\\"\\\",\\\"image_intro_alt\\\":\\\"\\\",\\\"float_intro\\\":\\\"\\\",\\\"image_intro_caption\\\":\\\"\\\",\\\"image_fulltext\\\":\\\"\\\",\\\"image_fulltext_alt\\\":\\\"\\\",\\\"float_fulltext\\\":\\\"\\\",\\\"image_fulltext_caption\\\":\\\"\\\"}\",\"urls\":\"{\\\"urla\\\":\\\"\\\",\\\"urlatext\\\":\\\"\\\",\\\"targeta\\\":\\\"\\\",\\\"urlb\\\":\\\"\\\",\\\"urlbtext\\\":\\\"\\\",\\\"targetb\\\":\\\"\\\",\\\"urlc\\\":\\\"\\\",\\\"urlctext\\\":\\\"\\\",\\\"targetc\\\":\\\"\\\"}\",\"attribs\":\"{\\\"article_layout\\\":\\\"\\\",\\\"show_title\\\":\\\"\\\",\\\"link_titles\\\":\\\"\\\",\\\"show_tags\\\":\\\"\\\",\\\"show_intro\\\":\\\"\\\",\\\"info_block_position\\\":\\\"\\\",\\\"info_block_show_title\\\":\\\"\\\",\\\"show_category\\\":\\\"\\\",\\\"link_category\\\":\\\"\\\",\\\"show_parent_category\\\":\\\"\\\",\\\"link_parent_category\\\":\\\"\\\",\\\"show_author\\\":\\\"\\\",\\\"link_author\\\":\\\"\\\",\\\"show_create_date\\\":\\\"\\\",\\\"show_modify_date\\\":\\\"\\\",\\\"show_publish_date\\\":\\\"\\\",\\\"show_item_navigation\\\":\\\"\\\",\\\"show_hits\\\":\\\"\\\",\\\"show_noauth\\\":\\\"\\\",\\\"urls_position\\\":\\\"\\\",\\\"alternative_readmore\\\":\\\"\\\",\\\"article_page_title\\\":\\\"\\\",\\\"show_publishing_options\\\":\\\"\\\",\\\"show_article_options\\\":\\\"\\\",\\\"show_urls_images_backend\\\":\\\"\\\",\\\"show_urls_images_frontend\\\":\\\"\\\",\\\"helix_ultimate_image\\\":\\\"\\\",\\\"helix_ultimate_image_alt_txt\\\":\\\"\\\",\\\"helix_ultimate_article_format\\\":\\\"standard\\\",\\\"helix_ultimate_audio\\\":\\\"\\\",\\\"helix_ultimate_gallery\\\":\\\"\\\",\\\"helix_ultimate_video\\\":\\\"\\\"}\",\"version\":3,\"ordering\":0,\"metakey\":\"ax throwing Clinton OK, ax throwing venue Oklahoma, ax throwing parties, learn ax throwing, fun activities Clinton, unique entertainment Oklahoma, competitive ax throwing, group activities Clinton\",\"metadesc\":\"Discover the thrill of ax throwing at Split Decision in Clinton, Oklahoma! Learn how to throw axes like a pro and enjoy this exciting activity with friends.\",\"access\":1,\"hits\":1,\"metadata\":\"{\\\"robots\\\":\\\"\\\",\\\"author\\\":\\\"\\\",\\\"rights\\\":\\\"\\\"}\",\"featured\":\"0\",\"language\":\"*\",\"note\":\"\"}',0),(15,'com_content.article.2','','2024-09-19 20:52:38',566,5889,'b6142009ccf65636900b4c7121ea121f403e9a0a','{\"id\":\"2\",\"asset_id\":102,\"title\":\"Birthday Party Packages\",\"alias\":\"birthday-party-packages\",\"introtext\":\"<p>Are you ready to throw the ultimate birthday bash? Look no further than Split Decision in Clinton, Oklahoma! Our Birthday Party Packages are designed to provide an unforgettable experience filled with fun, laughter, and great memories.<\\/p>\\r\\n<h4>A Fun-Filled Experience<\\/h4>\\r\\n<p>At Split Decision, we offer a unique blend of activities to keep your guests entertained. Whether you\'re bowling strikes, playing arcade games, or trying your hand at ax throwing, there\\u2019s something for everyone. Our vibrant setting ensures that your birthday celebration will be lively and enjoyable.<\\/p>\\r\\n<h4>Customizable Party Packages<\\/h4>\\r\\n<p>We understand that every birthday is special, which is why our packages are customizable to fit your needs. Choose from a variety of options, including:<\\/p>\\r\\n<ul>\\r\\n<li>\\r\\n<p><strong>Bowling Lanes<\\/strong>: Reserve your own lanes for a fun-filled bowling experience. Our staff will ensure you have everything you need for a great time.<\\/p>\\r\\n<\\/li>\\r\\n<li>\\r\\n<p><strong>Arcade Games<\\/strong>: Enjoy access to our exciting arcade games! Your guests can compete for high scores and enjoy classic favorites.<\\/p>\\r\\n<\\/li>\\r\\n<li>\\r\\n<p><strong>Ax Throwing<\\/strong>: Add a unique twist to your party with ax throwing! Perfect for older kids and adults, this activity promises a thrilling challenge.<\\/p>\\r\\n<\\/li>\\r\\n<\\/ul>\\r\\n<h4>Delicious Food Options<\\/h4>\\r\\n<p>No birthday party is complete without great food! Our menu features a range of delicious options, including:<\\/p>\\r\\n<ul>\\r\\n<li><strong>Finger Foods<\\/strong>: Perfect for snacking while having fun!<\\/li>\\r\\n<li><strong>Pizzas<\\/strong>: A crowd favorite, customizable with your favorite toppings.<\\/li>\\r\\n<li><strong>Desserts<\\/strong>: Celebrate with sweet treats to satisfy your cravings.<\\/li>\\r\\n<\\/ul>\\r\\n<p>We can also accommodate dietary restrictions\\u2014just let us know your needs!<\\/p>\\r\\n<h4>Dedicated Party Host<\\/h4>\\r\\n<p>To ensure everything runs smoothly, each birthday party package includes a dedicated party host. Our friendly staff will assist with setup, activities, and cleanup, allowing you to relax and enjoy the celebration with your guests.<\\/p>\\r\\n<h4>Booking Your Birthday Party<\\/h4>\\r\\n<p>Ready to plan an unforgettable birthday party at Split Decision? Contact us today to discuss your ideas and reserve your date! We\\u2019re here to help you create a memorable experience tailored to your needs.<\\/p>\\r\\n<p>Don\\u2019t wait\\u2014make your birthday celebration a hit at Split Decision!<\\/p>\\r\\n<p>\\u00a0<\\/p>\\r\\n<p>\\u00a0<\\/p>\\r\\n<div class=\\\"container\\\">\\r\\n<div class=\\\"package\\\">\\r\\n<h2>Party Pack #1<\\/h2>\\r\\n<p class=\\\"price\\\">$150 Minimum<\\/p>\\r\\n<p>2-Hour Party<\\/p>\\r\\n<p>We are happy to adjust parties to suit your needs!<\\/p>\\r\\n<p>Grill is open for purchase of Pizza, Hot Dogs, etc.<\\/p>\\r\\n<ul>\\r\\n<li>Unlimited Bowling<\\/li>\\r\\n<li>Shoe Rental<\\/li>\\r\\n<li>Drink<\\/li>\\r\\n<\\/ul>\\r\\n<p>Additional bowlers: $10 each<\\/p>\\r\\n<a class=\\\"button\\\" href=\\\"#\\\">Book Now<\\/a><\\/div>\\r\\n<div class=\\\"package\\\">\\r\\n<h2>Party Pack #2<\\/h2>\\r\\n<p class=\\\"price\\\">$225 Minimum<\\/p>\\r\\n<p>2-Hour Party<\\/p>\\r\\n<p>We are happy to adjust parties to suit your needs!<\\/p>\\r\\n<p>Grill is open for purchase of Pizza, Hot Dogs, etc.<\\/p>\\r\\n<ul>\\r\\n<li>Unlimited Axe Throwing<\\/li>\\r\\n<li>Unlimited Bowling<\\/li>\\r\\n<li>Shoe Rental<\\/li>\\r\\n<li>Drink<\\/li>\\r\\n<\\/ul>\\r\\n<p>Additional bowlers\\/throwers: $15 each<\\/p>\\r\\n<a class=\\\"button\\\" href=\\\"#\\\">Book Now<\\/a><\\/div>\\r\\n<\\/div>\\r\\n<p>\\u00a0<\\/p>\\r\\n<p>Call or eMail Us Today!\\u00a0<a href=\\\"tel:580-275-2105\\\">(580) 275-2105<\\/a>\\u00a0or\\u00a0<a href=\\\"mailto:info@splitdecision.fun\\\">info@splitdecision.fun<\\/a><\\/p>\\r\\n<p>\\u00a0<\\/p>\",\"fulltext\":\"\",\"state\":\"1\",\"catid\":2,\"created\":\"2024-09-19 19:35:59\",\"created_by\":\"566\",\"created_by_alias\":\"\",\"modified\":\"2024-09-19 20:52:38\",\"modified_by\":566,\"checked_out\":566,\"checked_out_time\":\"2024-09-19 20:50:29\",\"publish_up\":\"2024-09-19 19:35:59\",\"publish_down\":null,\"images\":\"{\\\"image_intro\\\":\\\"\\\",\\\"image_intro_alt\\\":\\\"\\\",\\\"float_intro\\\":\\\"\\\",\\\"image_intro_caption\\\":\\\"\\\",\\\"image_fulltext\\\":\\\"\\\",\\\"image_fulltext_alt\\\":\\\"\\\",\\\"float_fulltext\\\":\\\"\\\",\\\"image_fulltext_caption\\\":\\\"\\\"}\",\"urls\":\"{\\\"urla\\\":\\\"\\\",\\\"urlatext\\\":\\\"\\\",\\\"targeta\\\":\\\"\\\",\\\"urlb\\\":\\\"\\\",\\\"urlbtext\\\":\\\"\\\",\\\"targetb\\\":\\\"\\\",\\\"urlc\\\":\\\"\\\",\\\"urlctext\\\":\\\"\\\",\\\"targetc\\\":\\\"\\\"}\",\"attribs\":\"{\\\"article_layout\\\":\\\"\\\",\\\"show_title\\\":\\\"\\\",\\\"link_titles\\\":\\\"\\\",\\\"show_tags\\\":\\\"\\\",\\\"show_intro\\\":\\\"\\\",\\\"info_block_position\\\":\\\"\\\",\\\"info_block_show_title\\\":\\\"\\\",\\\"show_category\\\":\\\"\\\",\\\"link_category\\\":\\\"\\\",\\\"show_parent_category\\\":\\\"\\\",\\\"link_parent_category\\\":\\\"\\\",\\\"show_author\\\":\\\"\\\",\\\"link_author\\\":\\\"\\\",\\\"show_create_date\\\":\\\"\\\",\\\"show_modify_date\\\":\\\"\\\",\\\"show_publish_date\\\":\\\"\\\",\\\"show_item_navigation\\\":\\\"\\\",\\\"show_hits\\\":\\\"\\\",\\\"show_noauth\\\":\\\"\\\",\\\"urls_position\\\":\\\"\\\",\\\"alternative_readmore\\\":\\\"\\\",\\\"article_page_title\\\":\\\"\\\",\\\"show_publishing_options\\\":\\\"\\\",\\\"show_article_options\\\":\\\"\\\",\\\"show_urls_images_backend\\\":\\\"\\\",\\\"show_urls_images_frontend\\\":\\\"\\\",\\\"helix_ultimate_image\\\":\\\"\\\",\\\"helix_ultimate_image_alt_txt\\\":\\\"\\\",\\\"helix_ultimate_article_format\\\":\\\"standard\\\",\\\"helix_ultimate_audio\\\":\\\"\\\",\\\"helix_ultimate_gallery\\\":\\\"\\\",\\\"helix_ultimate_video\\\":\\\"\\\"}\",\"version\":3,\"ordering\":5,\"metakey\":\"birthday party packages Clinton OK, bowling birthday parties, arcade birthday parties, ax throwing birthday parties, kids birthday parties Clinton, party venue Oklahoma\",\"metadesc\":\"Host an unforgettable birthday party at Split Decision in Clinton, Oklahoma! Enjoy bowling, arcade games, ax throwing, and delicious food in a vibrant setting.\",\"access\":1,\"hits\":1,\"metadata\":\"{\\\"robots\\\":\\\"\\\",\\\"author\\\":\\\"\\\",\\\"rights\\\":\\\"\\\"}\",\"featured\":\"0\",\"language\":\"*\",\"note\":\"\"}',0),(16,'com_content.article.2','','2024-09-19 20:54:49',566,5907,'b84ff6afdec21de8d3c56483f402a81e04fac540','{\"id\":\"2\",\"asset_id\":102,\"title\":\"Birthday Party Packages\",\"alias\":\"birthday-party-packages\",\"introtext\":\"<p>Are you ready to throw the ultimate birthday bash? Look no further than Split Decision in Clinton, Oklahoma! Our Birthday Party Packages are designed to provide an unforgettable experience filled with fun, laughter, and great memories.<\\/p>\\r\\n<h4>A Fun-Filled Experience<\\/h4>\\r\\n<p>At Split Decision, we offer a unique blend of activities to keep your guests entertained. Whether you\'re bowling strikes, playing arcade games, or trying your hand at ax throwing, there\\u2019s something for everyone. Our vibrant setting ensures that your birthday celebration will be lively and enjoyable.<\\/p>\\r\\n<h4>Customizable Party Packages<\\/h4>\\r\\n<p>We understand that every birthday is special, which is why our packages are customizable to fit your needs. Choose from a variety of options, including:<\\/p>\\r\\n<ul>\\r\\n<li>\\r\\n<p><strong>Bowling Lanes<\\/strong>: Reserve your own lanes for a fun-filled bowling experience. Our staff will ensure you have everything you need for a great time.<\\/p>\\r\\n<\\/li>\\r\\n<li>\\r\\n<p><strong>Arcade Games<\\/strong>: Enjoy access to our exciting arcade games! Your guests can compete for high scores and enjoy classic favorites.<\\/p>\\r\\n<\\/li>\\r\\n<li>\\r\\n<p><strong>Ax Throwing<\\/strong>: Add a unique twist to your party with ax throwing! Perfect for older kids and adults, this activity promises a thrilling challenge.<\\/p>\\r\\n<\\/li>\\r\\n<\\/ul>\\r\\n<h4>Delicious Food Options<\\/h4>\\r\\n<p>No birthday party is complete without great food! Our menu features a range of delicious options, including:<\\/p>\\r\\n<ul>\\r\\n<li><strong>Finger Foods<\\/strong>: Perfect for snacking while having fun!<\\/li>\\r\\n<li><strong>Pizzas<\\/strong>: A crowd favorite, customizable with your favorite toppings.<\\/li>\\r\\n<li><strong>Desserts<\\/strong>: Celebrate with sweet treats to satisfy your cravings.<\\/li>\\r\\n<\\/ul>\\r\\n<p>We can also accommodate dietary restrictions\\u2014just let us know your needs!<\\/p>\\r\\n<h4>Dedicated Party Host<\\/h4>\\r\\n<p>To ensure everything runs smoothly, each birthday party package includes a dedicated party host. Our friendly staff will assist with setup, activities, and cleanup, allowing you to relax and enjoy the celebration with your guests.<\\/p>\\r\\n<h4>Booking Your Birthday Party<\\/h4>\\r\\n<p>Ready to plan an unforgettable birthday party at Split Decision? Contact us today to discuss your ideas and reserve your date! We\\u2019re here to help you create a memorable experience tailored to your needs.<\\/p>\\r\\n<p>Don\\u2019t wait\\u2014make your birthday celebration a hit at Split Decision!<\\/p>\\r\\n<p>\\u00a0<\\/p>\\r\\n<p>\\u00a0<\\/p>\\r\\n<p>\\u00a0<\\/p>\\r\\n<div class=\\\"container\\\">\\r\\n<div class=\\\"package\\\">\\r\\n<h2>Party Pack #1<\\/h2>\\r\\n<p class=\\\"price\\\">$150 Minimum<\\/p>\\r\\n<p>2-Hour Party<\\/p>\\r\\n<p>We are happy to adjust parties to suit your needs!<\\/p>\\r\\n<p>Grill is open for purchase of Pizza, Hot Dogs, etc.<\\/p>\\r\\n<ul>\\r\\n<li>Unlimited Bowling<\\/li>\\r\\n<li>Shoe Rental<\\/li>\\r\\n<li>Drink<\\/li>\\r\\n<\\/ul>\\r\\n<p>Additional bowlers: $10 each<\\/p>\\r\\n<a class=\\\"button\\\" href=\\\"#\\\">Book Now<\\/a><\\/div>\\r\\n<div class=\\\"package\\\">\\r\\n<h2>Party Pack #2<\\/h2>\\r\\n<p class=\\\"price\\\">$225 Minimum<\\/p>\\r\\n<p>2-Hour Party<\\/p>\\r\\n<p>We are happy to adjust parties to suit your needs!<\\/p>\\r\\n<p>Grill is open for purchase of Pizza, Hot Dogs, etc.<\\/p>\\r\\n<ul>\\r\\n<li>Unlimited Axe Throwing<\\/li>\\r\\n<li>Unlimited Bowling<\\/li>\\r\\n<li>Shoe Rental<\\/li>\\r\\n<li>Drink<\\/li>\\r\\n<\\/ul>\\r\\n<p>Additional bowlers\\/throwers: $15 each<\\/p>\\r\\n<a class=\\\"button\\\" href=\\\"#\\\">Book Now<\\/a><\\/div>\\r\\n<\\/div>\\r\\n<p>\\u00a0<\\/p>\\r\\n<p>Call or eMail Us Today!\\u00a0<a href=\\\"tel:580-275-2105\\\">(580) 275-2105<\\/a>\\u00a0or\\u00a0<a href=\\\"mailto:info@splitdecision.fun\\\">info@splitdecision.fun<\\/a><\\/p>\\r\\n<p>\\u00a0<\\/p>\",\"fulltext\":\"\",\"state\":\"1\",\"catid\":2,\"created\":\"2024-09-19 19:35:59\",\"created_by\":\"566\",\"created_by_alias\":\"\",\"modified\":\"2024-09-19 20:54:49\",\"modified_by\":566,\"checked_out\":566,\"checked_out_time\":\"2024-09-19 20:52:38\",\"publish_up\":\"2024-09-19 19:35:59\",\"publish_down\":null,\"images\":\"{\\\"image_intro\\\":\\\"\\\",\\\"image_intro_alt\\\":\\\"\\\",\\\"float_intro\\\":\\\"\\\",\\\"image_intro_caption\\\":\\\"\\\",\\\"image_fulltext\\\":\\\"\\\",\\\"image_fulltext_alt\\\":\\\"\\\",\\\"float_fulltext\\\":\\\"\\\",\\\"image_fulltext_caption\\\":\\\"\\\"}\",\"urls\":\"{\\\"urla\\\":\\\"\\\",\\\"urlatext\\\":\\\"\\\",\\\"targeta\\\":\\\"\\\",\\\"urlb\\\":\\\"\\\",\\\"urlbtext\\\":\\\"\\\",\\\"targetb\\\":\\\"\\\",\\\"urlc\\\":\\\"\\\",\\\"urlctext\\\":\\\"\\\",\\\"targetc\\\":\\\"\\\"}\",\"attribs\":\"{\\\"article_layout\\\":\\\"\\\",\\\"show_title\\\":\\\"\\\",\\\"link_titles\\\":\\\"\\\",\\\"show_tags\\\":\\\"\\\",\\\"show_intro\\\":\\\"\\\",\\\"info_block_position\\\":\\\"\\\",\\\"info_block_show_title\\\":\\\"\\\",\\\"show_category\\\":\\\"\\\",\\\"link_category\\\":\\\"\\\",\\\"show_parent_category\\\":\\\"\\\",\\\"link_parent_category\\\":\\\"\\\",\\\"show_author\\\":\\\"\\\",\\\"link_author\\\":\\\"\\\",\\\"show_create_date\\\":\\\"\\\",\\\"show_modify_date\\\":\\\"\\\",\\\"show_publish_date\\\":\\\"\\\",\\\"show_item_navigation\\\":\\\"\\\",\\\"show_hits\\\":\\\"\\\",\\\"show_noauth\\\":\\\"\\\",\\\"urls_position\\\":\\\"\\\",\\\"alternative_readmore\\\":\\\"\\\",\\\"article_page_title\\\":\\\"\\\",\\\"show_publishing_options\\\":\\\"\\\",\\\"show_article_options\\\":\\\"\\\",\\\"show_urls_images_backend\\\":\\\"\\\",\\\"show_urls_images_frontend\\\":\\\"\\\",\\\"helix_ultimate_image\\\":\\\"\\\",\\\"helix_ultimate_image_alt_txt\\\":\\\"\\\",\\\"helix_ultimate_article_format\\\":\\\"standard\\\",\\\"helix_ultimate_audio\\\":\\\"\\\",\\\"helix_ultimate_gallery\\\":\\\"\\\",\\\"helix_ultimate_video\\\":\\\"\\\"}\",\"version\":4,\"ordering\":5,\"metakey\":\"birthday party packages Clinton OK, bowling birthday parties, arcade birthday parties, ax throwing birthday parties, kids birthday parties Clinton, party venue Oklahoma\",\"metadesc\":\"Host an unforgettable birthday party at Split Decision in Clinton, Oklahoma! Enjoy bowling, arcade games, ax throwing, and delicious food in a vibrant setting.\",\"access\":1,\"hits\":2,\"metadata\":\"{\\\"robots\\\":\\\"\\\",\\\"author\\\":\\\"\\\",\\\"rights\\\":\\\"\\\"}\",\"featured\":\"0\",\"language\":\"*\",\"note\":\"\"}',0),(17,'com_content.article.8','','2024-10-02 11:52:43',566,5921,'addef8b3a1e4e45cc03f2660daf8268166ca100e','{\"id\":8,\"asset_id\":123,\"title\":\"The Ultimate Guide to Bowling: How to Bowl Like a Pro\",\"alias\":\"the-ultimate-guide-to-bowling-how-to-bowl-like-a-pro\",\"introtext\":\"<p>Bowling is a fun and exciting sport enjoyed by people of all ages. Whether you\'re a beginner or looking to improve your skills, this guide will take you through the essential steps to bowl like a pro.<\\/p>\\r\\n<h4>1. <strong>Choosing the Right Ball<\\/strong><\\/h4>\\r\\n<ul>\\r\\n<li><strong>Weight<\\/strong>: Select a ball that feels comfortable in your hand. A good rule of thumb is to choose a ball that is about 10% of your body weight (up to a maximum of 16 pounds).<\\/li>\\r\\n<li><strong>Finger Holes<\\/strong>: Ensure the finger holes are a snug fit but not too tight. Your fingers should slide in and out comfortably.<\\/li>\\r\\n<\\/ul>\\r\\n<h4>2. <strong>Understanding the Bowling Lane<\\/strong><\\/h4>\\r\\n<ul>\\r\\n<li><strong>Approach Area<\\/strong>: This is the area where you start your approach to the foul line. It typically measures about 15 feet.<\\/li>\\r\\n<li><strong>Foul Line<\\/strong>: Make sure to stay behind the foul line when delivering the ball, as stepping over it will result in a foul.<\\/li>\\r\\n<li><strong>Target Arrows<\\/strong>: The arrows on the lane help you aim. Focus on these targets rather than the pins at the end of the lane.<\\/li>\\r\\n<\\/ul>\\r\\n<h4>3. <strong>The Bowling Stance<\\/strong><\\/h4>\\r\\n<ul>\\r\\n<li>Stand with your feet shoulder-width apart, with your knees slightly bent.<\\/li>\\r\\n<li>Hold the ball close to your body at waist height.<\\/li>\\r\\n<li>Position your non-bowling hand on the side of the ball for support.<\\/li>\\r\\n<\\/ul>\\r\\n<h4>4. <strong>The Approach<\\/strong><\\/h4>\\r\\n<ul>\\r\\n<li><strong>Steps<\\/strong>: Take four or five steps toward the lane, depending on your comfort.\\r\\n<ul>\\r\\n<li><strong>First Step<\\/strong>: Take a small step with your non-bowling foot.<\\/li>\\r\\n<li><strong>Second Step<\\/strong>: Push the ball away from your body and take a longer step.<\\/li>\\r\\n<li><strong>Third Step<\\/strong>: Swing the ball down and back, maintaining control.<\\/li>\\r\\n<li><strong>Fourth Step<\\/strong>: As you bring the ball forward, step with your bowling foot.<\\/li>\\r\\n<\\/ul>\\r\\n<\\/li>\\r\\n<li>Maintain a smooth rhythm to your approach.<\\/li>\\r\\n<\\/ul>\\r\\n<h4>5. <strong>The Delivery<\\/strong><\\/h4>\\r\\n<ul>\\r\\n<li><strong>Swing<\\/strong>: As you take your final step, bring the ball forward in a smooth motion.<\\/li>\\r\\n<li><strong>Release<\\/strong>: Release the ball just before your foot reaches the foul line. Aim for a smooth follow-through, extending your arm toward your target.<\\/li>\\r\\n<li><strong>Fingers<\\/strong>: Rotate your fingers slightly at the release to add a hook if desired, but keep it controlled.<\\/li>\\r\\n<\\/ul>\\r\\n<h4>6. <strong>Aiming for the Pins<\\/strong><\\/h4>\\r\\n<ul>\\r\\n<li>Focus on the arrows or the target line on the lane to aim your shot.<\\/li>\\r\\n<li>If you\'re aiming for a strike, try to hit the pocket (the space between the 1 and 3 pins for right-handers, or 1 and 2 pins for left-handers).<\\/li>\\r\\n<\\/ul>\\r\\n<h4>7. <strong>Practice Makes Perfect<\\/strong><\\/h4>\\r\\n<ul>\\r\\n<li>Take your time to practice your approach, swing, and delivery. The more you bowl, the better your muscle memory will become.<\\/li>\\r\\n<li>Experiment with different weights and techniques to find what works best for you.<\\/li>\\r\\n<\\/ul>\\r\\n<h4>8. <strong>Bowling Etiquette<\\/strong><\\/h4>\\r\\n<ul>\\r\\n<li>Be respectful of other bowlers. Wait your turn and avoid distractions during their approach.<\\/li>\\r\\n<li>Keep the bowling area tidy and return any house equipment after use.<\\/li>\\r\\n<\\/ul>\\r\\n<h4>Conclusion<\\/h4>\\r\\n<p>Bowling is a sport that combines skill, technique, and fun. With practice and dedication, you can improve your game and enjoy countless hours of entertainment at Split Decision. So grab your friends, hit the lanes, and let the good times roll!<\\/p>\",\"fulltext\":\"\",\"state\":\"1\",\"catid\":2,\"created\":\"2024-10-02 11:52:43\",\"created_by\":566,\"created_by_alias\":\"\",\"modified\":\"2024-10-02 11:52:43\",\"modified_by\":566,\"checked_out\":null,\"checked_out_time\":null,\"publish_up\":\"2024-10-02 11:52:43\",\"publish_down\":null,\"images\":\"{\\\"image_intro\\\":\\\"\\\",\\\"image_intro_alt\\\":\\\"\\\",\\\"float_intro\\\":\\\"\\\",\\\"image_intro_caption\\\":\\\"\\\",\\\"image_fulltext\\\":\\\"\\\",\\\"image_fulltext_alt\\\":\\\"\\\",\\\"float_fulltext\\\":\\\"\\\",\\\"image_fulltext_caption\\\":\\\"\\\"}\",\"urls\":\"{\\\"urla\\\":\\\"\\\",\\\"urlatext\\\":\\\"\\\",\\\"targeta\\\":\\\"\\\",\\\"urlb\\\":\\\"\\\",\\\"urlbtext\\\":\\\"\\\",\\\"targetb\\\":\\\"\\\",\\\"urlc\\\":\\\"\\\",\\\"urlctext\\\":\\\"\\\",\\\"targetc\\\":\\\"\\\"}\",\"attribs\":\"{\\\"article_layout\\\":\\\"\\\",\\\"show_title\\\":\\\"\\\",\\\"link_titles\\\":\\\"\\\",\\\"show_tags\\\":\\\"\\\",\\\"show_intro\\\":\\\"\\\",\\\"info_block_position\\\":\\\"\\\",\\\"info_block_show_title\\\":\\\"\\\",\\\"show_category\\\":\\\"\\\",\\\"link_category\\\":\\\"\\\",\\\"show_parent_category\\\":\\\"\\\",\\\"link_parent_category\\\":\\\"\\\",\\\"show_author\\\":\\\"\\\",\\\"link_author\\\":\\\"\\\",\\\"show_create_date\\\":\\\"\\\",\\\"show_modify_date\\\":\\\"\\\",\\\"show_publish_date\\\":\\\"\\\",\\\"show_item_navigation\\\":\\\"\\\",\\\"show_hits\\\":\\\"\\\",\\\"show_noauth\\\":\\\"\\\",\\\"urls_position\\\":\\\"\\\",\\\"alternative_readmore\\\":\\\"\\\",\\\"article_page_title\\\":\\\"\\\",\\\"show_publishing_options\\\":\\\"\\\",\\\"show_article_options\\\":\\\"\\\",\\\"show_urls_images_backend\\\":\\\"\\\",\\\"show_urls_images_frontend\\\":\\\"\\\",\\\"helix_ultimate_image\\\":\\\"\\\",\\\"helix_ultimate_image_alt_txt\\\":\\\"\\\",\\\"helix_ultimate_article_format\\\":\\\"standard\\\",\\\"helix_ultimate_audio\\\":\\\"\\\",\\\"helix_ultimate_gallery\\\":\\\"\\\",\\\"helix_ultimate_video\\\":\\\"\\\"}\",\"version\":\"1\",\"ordering\":null,\"metakey\":\"bowling guidehow to bowlbowling tips for beginnersbowling techniquesbowling rulesbowling game strategiesbowling practice tipsbowling for funbowling lanes Clinton OKbowling basics\",\"metadesc\":\"Discover how to bowl with our step-by-step guide! Learn techniques, tips, and tricks to improve your game at Split Decision.\",\"access\":1,\"hits\":0,\"metadata\":\"{\\\"robots\\\":\\\"\\\",\\\"author\\\":\\\"\\\",\\\"rights\\\":\\\"\\\"}\",\"featured\":\"0\",\"language\":\"*\",\"note\":\"\"}',0),(18,'com_content.article.9','','2024-10-02 11:53:51',566,6498,'950bfb0ee34c91aef782df1bdad90ce27585dd95','{\"id\":9,\"asset_id\":124,\"title\":\"How to Play Billiards: A Beginner\'s Guide\",\"alias\":\"how-to-play-billiards-a-beginners-guide\",\"introtext\":\"<p>Billiards is a classic game enjoyed by players around the world. Whether you\'re looking to play for fun or to improve your skills, this guide will help you understand the basics of billiards, including the rules, techniques, and strategies for success.<\\/p>\\r\\n<h4>1. <strong>Understanding the Game<\\/strong><\\/h4>\\r\\n<p>Billiards can refer to different variations, but the most popular are:<\\/p>\\r\\n<ul>\\r\\n<li><strong>Pool<\\/strong>: Played with 16 balls (15 object balls and 1 cue ball).<\\/li>\\r\\n<li><strong>Carom<\\/strong>: Played on a pocketless table with two cue balls and one object ball.<\\/li>\\r\\n<li><strong>Snooker<\\/strong>: Played with 21 balls on a larger table with smaller pockets.<\\/li>\\r\\n<\\/ul>\\r\\n<p>In this guide, we\\u2019ll focus on the basics of playing pool.<\\/p>\\r\\n<h4>2. <strong>Equipment You\\u2019ll Need<\\/strong><\\/h4>\\r\\n<ul>\\r\\n<li><strong>Billiard Table<\\/strong>: Standard pool tables come in various sizes, with 7-foot and 9-foot being the most common.<\\/li>\\r\\n<li><strong>Cue Stick<\\/strong>: Choose a cue stick that feels comfortable and balanced in your hands. The standard length is about 58 inches.<\\/li>\\r\\n<li><strong>Balls<\\/strong>: A complete set includes 15 numbered object balls (1-15) and one white cue ball.<\\/li>\\r\\n<li><strong>Chalk<\\/strong>: Used to improve friction between the cue tip and the cue ball for better control.<\\/li>\\r\\n<\\/ul>\\r\\n<h4>3. <strong>Setting Up the Game<\\/strong><\\/h4>\\r\\n<ul>\\r\\n<li><strong>Rack the Balls<\\/strong>: For games like Eight-Ball, use a triangle rack to arrange the balls with the 8-ball in the center and the rest in random order.<\\/li>\\r\\n<li><strong>Determine the Break<\\/strong>: Players can flip a coin or take turns to decide who breaks first.<\\/li>\\r\\n<\\/ul>\\r\\n<h4>4. <strong>The Break Shot<\\/strong><\\/h4>\\r\\n<ul>\\r\\n<li>Position the cue ball behind the head string and aim for the front ball of the rack.<\\/li>\\r\\n<li>Strike the cue ball with a firm, controlled stroke, aiming to scatter the object balls and sink one in a pocket.<\\/li>\\r\\n<\\/ul>\\r\\n<h4>5. <strong>Taking Your Turn<\\/strong><\\/h4>\\r\\n<ul>\\r\\n<li><strong>Aim<\\/strong>: Identify the object ball you want to pocket. Focus on your target and align your cue stick accordingly.<\\/li>\\r\\n<li><strong>Stance<\\/strong>: Stand comfortably with your feet shoulder-width apart. Use your non-dominant hand to create a bridge for your cue.<\\/li>\\r\\n<li><strong>Bridge<\\/strong>: You can use a closed or open bridge. A closed bridge is made by forming a loop with your fingers over the cue, while an open bridge is made by resting your hand flat on the table.<\\/li>\\r\\n<li><strong>Stroke<\\/strong>:\\r\\n<ul>\\r\\n<li>Pull your cue back smoothly and then push forward in a straight line.<\\/li>\\r\\n<li>Follow through with your cue to ensure accuracy.<\\/li>\\r\\n<\\/ul>\\r\\n<\\/li>\\r\\n<\\/ul>\\r\\n<h4>6. <strong>Scoring Points<\\/strong><\\/h4>\\r\\n<ul>\\r\\n<li>The objective is to pocket balls according to the rules of the game you\\u2019re playing (e.g., in Eight-Ball, you must first call your shot).<\\/li>\\r\\n<li>Players continue to take turns until one player fails to pocket a ball.<\\/li>\\r\\n<\\/ul>\\r\\n<h4>7. <strong>Common Rules<\\/strong><\\/h4>\\r\\n<ul>\\r\\n<li><strong>Fouls<\\/strong>: Fouls occur when you fail to hit the correct ball or when the cue ball goes into a pocket. The opposing player may get ball-in-hand, allowing them to place the cue ball anywhere on the table.<\\/li>\\r\\n<li><strong>Winning the Game<\\/strong>: The winner is typically the first player to legally pocket the designated balls (solids or stripes) and then the 8-ball.<\\/li>\\r\\n<\\/ul>\\r\\n<h4>8. <strong>Tips for Improvement<\\/strong><\\/h4>\\r\\n<ul>\\r\\n<li><strong>Practice Regularly<\\/strong>: Consistent practice helps improve your aiming, cue control, and overall game strategy.<\\/li>\\r\\n<li><strong>Watch Your Stance<\\/strong>: A stable stance is crucial for accurate shots.<\\/li>\\r\\n<li><strong>Learn from Others<\\/strong>: Observe experienced players and consider taking lessons to refine your skills.<\\/li>\\r\\n<\\/ul>\\r\\n<h4>Conclusion<\\/h4>\\r\\n<p>Billiards is a game of skill, strategy, and finesse. With practice and dedication, you can enhance your gameplay and enjoy countless hours of fun at Split Decision. So gather your friends, hit the tables, and let the games begin!<\\/p>\",\"fulltext\":\"\",\"state\":\"1\",\"catid\":2,\"created\":\"2024-10-02 11:53:51\",\"created_by\":566,\"created_by_alias\":\"\",\"modified\":\"2024-10-02 11:53:51\",\"modified_by\":566,\"checked_out\":null,\"checked_out_time\":null,\"publish_up\":\"2024-10-02 11:53:51\",\"publish_down\":null,\"images\":\"{\\\"image_intro\\\":\\\"\\\",\\\"image_intro_alt\\\":\\\"\\\",\\\"float_intro\\\":\\\"\\\",\\\"image_intro_caption\\\":\\\"\\\",\\\"image_fulltext\\\":\\\"\\\",\\\"image_fulltext_alt\\\":\\\"\\\",\\\"float_fulltext\\\":\\\"\\\",\\\"image_fulltext_caption\\\":\\\"\\\"}\",\"urls\":\"{\\\"urla\\\":\\\"\\\",\\\"urlatext\\\":\\\"\\\",\\\"targeta\\\":\\\"\\\",\\\"urlb\\\":\\\"\\\",\\\"urlbtext\\\":\\\"\\\",\\\"targetb\\\":\\\"\\\",\\\"urlc\\\":\\\"\\\",\\\"urlctext\\\":\\\"\\\",\\\"targetc\\\":\\\"\\\"}\",\"attribs\":\"{\\\"article_layout\\\":\\\"\\\",\\\"show_title\\\":\\\"\\\",\\\"link_titles\\\":\\\"\\\",\\\"show_tags\\\":\\\"\\\",\\\"show_intro\\\":\\\"\\\",\\\"info_block_position\\\":\\\"\\\",\\\"info_block_show_title\\\":\\\"\\\",\\\"show_category\\\":\\\"\\\",\\\"link_category\\\":\\\"\\\",\\\"show_parent_category\\\":\\\"\\\",\\\"link_parent_category\\\":\\\"\\\",\\\"show_author\\\":\\\"\\\",\\\"link_author\\\":\\\"\\\",\\\"show_create_date\\\":\\\"\\\",\\\"show_modify_date\\\":\\\"\\\",\\\"show_publish_date\\\":\\\"\\\",\\\"show_item_navigation\\\":\\\"\\\",\\\"show_hits\\\":\\\"\\\",\\\"show_noauth\\\":\\\"\\\",\\\"urls_position\\\":\\\"\\\",\\\"alternative_readmore\\\":\\\"\\\",\\\"article_page_title\\\":\\\"\\\",\\\"show_publishing_options\\\":\\\"\\\",\\\"show_article_options\\\":\\\"\\\",\\\"show_urls_images_backend\\\":\\\"\\\",\\\"show_urls_images_frontend\\\":\\\"\\\",\\\"helix_ultimate_image\\\":\\\"\\\",\\\"helix_ultimate_image_alt_txt\\\":\\\"\\\",\\\"helix_ultimate_article_format\\\":\\\"standard\\\",\\\"helix_ultimate_audio\\\":\\\"\\\",\\\"helix_ultimate_gallery\\\":\\\"\\\",\\\"helix_ultimate_video\\\":\\\"\\\"}\",\"version\":\"1\",\"ordering\":null,\"metakey\":\"billiards guidehow to play billiardsbilliards tips for beginnerspool game techniquesbilliards rulesbilliards scoringbilliards practice tipsplaying pool strategiesbilliards equipmentbilliards in Clinton OK\",\"metadesc\":\"Learn how to play billiards with our step-by-step guide! Discover rules, techniques, and tips to enhance your game at Split Decision.\",\"access\":1,\"hits\":0,\"metadata\":\"{\\\"robots\\\":\\\"\\\",\\\"author\\\":\\\"\\\",\\\"rights\\\":\\\"\\\"}\",\"featured\":\"0\",\"language\":\"*\",\"note\":\"\"}',0),(19,'com_content.category.8','','2024-10-02 11:54:26',566,542,'c6e009c9fb36fe4b916a40c8f160dc4ca20bd0a1','{\"id\":8,\"asset_id\":125,\"parent_id\":1,\"lft\":11,\"rgt\":12,\"level\":1,\"path\":null,\"extension\":\"com_content\",\"title\":\"How to\",\"alias\":\"how-to\",\"note\":\"\",\"description\":\"\",\"published\":\"1\",\"checked_out\":null,\"checked_out_time\":null,\"access\":1,\"params\":\"{\\\"category_layout\\\":\\\"\\\",\\\"image\\\":\\\"\\\",\\\"image_alt\\\":\\\"\\\"}\",\"metadesc\":\"\",\"metakey\":\"\",\"metadata\":\"{\\\"author\\\":\\\"\\\",\\\"robots\\\":\\\"\\\"}\",\"created_user_id\":566,\"created_time\":\"2024-10-02 11:54:26\",\"modified_user_id\":566,\"modified_time\":\"2024-10-02 11:54:26\",\"hits\":null,\"language\":\"*\",\"version\":null}',0),(20,'com_content.article.7','','2024-10-02 11:54:41',566,5798,'43250a3faab151ffba4384ad6e74cd13fa039768','{\"id\":\"7\",\"asset_id\":109,\"title\":\"A Guide to Ax Throwing at Split Decision: \\\"Unleash Your Inner Lumberjack\\\"\",\"alias\":\"unleash-your-inner-lumberjack-a-guide-to-ax-throwing-at-split-decision\",\"introtext\":\"<p>If you\\u2019re looking for a unique and exhilarating experience, ax throwing is the perfect activity! At Split Decision in Clinton, Oklahoma, we offer a safe and fun environment where you can unleash your inner lumberjack. Here\\u2019s everything you need to know about ax throwing and how to get started.<\\/p>\\r\\n<h4>What is Ax Throwing?<\\/h4>\\r\\n<p>Ax throwing is a competitive sport where participants throw an ax at a target, similar to darts but with a twist! It combines skill, precision, and a bit of friendly competition, making it an exciting activity for individuals and groups alike. Whether you\\u2019re celebrating a birthday, hosting a corporate event, or just enjoying a night out with friends, ax throwing is sure to deliver fun and laughter.<\\/p>\\r\\n<h4>Getting Started with Ax Throwing<\\/h4>\\r\\n<ol>\\r\\n<li>\\r\\n<p><strong>Safety First<\\/strong>: Before you start throwing, our experienced staff will guide you through essential safety instructions. Safety is our top priority, and we ensure that all participants understand the rules and proper throwing techniques.<\\/p>\\r\\n<\\/li>\\r\\n<li>\\r\\n<p><strong>Choose Your Ax<\\/strong>: We provide a range of axes suitable for all skill levels. Our staff will help you select the right ax based on your comfort and experience.<\\/p>\\r\\n<\\/li>\\r\\n<li>\\r\\n<p><strong>Learn the Technique<\\/strong>: Ax throwing is all about technique. Here\\u2019s a simple step-by-step guide to get you started:<\\/p>\\r\\n<ul>\\r\\n<li><strong>Stance<\\/strong>: Stand with your feet shoulder-width apart, with one foot slightly in front of the other. Your dominant foot should be forward.<\\/li>\\r\\n<li><strong>Grip<\\/strong>: Hold the ax with both hands, palms facing each other. Your grip should be firm but relaxed.<\\/li>\\r\\n<li><strong>Aim<\\/strong>: Focus on the target. Align the ax with your throwing shoulder, keeping your eye on the bullseye.<\\/li>\\r\\n<li><strong>Throw<\\/strong>: Bring the ax overhead and then smoothly bring it down in a straight line toward the target. Release the ax at eye level, allowing it to spin as it flies toward the target.<\\/li>\\r\\n<li><strong>Follow Through<\\/strong>: After releasing, let your arms follow through naturally to maintain balance.<\\/li>\\r\\n<\\/ul>\\r\\n<\\/li>\\r\\n<li>\\r\\n<p><strong>Practice<\\/strong>: Like any skill, ax throwing improves with practice. Take your time, and don\\u2019t hesitate to ask our staff for tips and feedback.<\\/p>\\r\\n<\\/li>\\r\\n<li>\\r\\n<p><strong>Compete<\\/strong>: Once you feel comfortable, challenge your friends to a friendly competition! Score points based on where the ax lands on the target. It\\u2019s a great way to add excitement to your outing!<\\/p>\\r\\n<\\/li>\\r\\n<\\/ol>\\r\\n<h4>Why Choose Ax Throwing at Split Decision?<\\/h4>\\r\\n<p>At Split Decision, we pride ourselves on providing a welcoming atmosphere where everyone can enjoy ax throwing, regardless of skill level. Our dedicated ax throwing area is designed for safety and fun, ensuring you have an unforgettable experience.<\\/p>\\r\\n<p>Whether you\'re looking for a unique date night, a fun outing with friends, or an exciting addition to your next party, ax throwing at Split Decision is a fantastic choice.<\\/p>\\r\\n<h4>Book Your Ax Throwing Experience Today!<\\/h4>\\r\\n<p>Ready to give ax throwing a try? Contact us to book your session and experience the thrill of hitting the target! Our friendly staff is here to make your visit enjoyable and memorable. Don\\u2019t miss out on this exciting activity\\u2014come throw some axes with us!<\\/p>\",\"fulltext\":\"\",\"state\":\"1\",\"catid\":8,\"created\":\"2024-09-19 20:39:29\",\"created_by\":\"566\",\"created_by_alias\":\"\",\"modified\":\"2024-10-02 11:54:41\",\"modified_by\":566,\"checked_out\":566,\"checked_out_time\":\"2024-10-02 11:54:36\",\"publish_up\":\"2024-09-19 20:39:29\",\"publish_down\":null,\"images\":\"{\\\"image_intro\\\":\\\"\\\",\\\"image_intro_alt\\\":\\\"\\\",\\\"float_intro\\\":\\\"\\\",\\\"image_intro_caption\\\":\\\"\\\",\\\"image_fulltext\\\":\\\"\\\",\\\"image_fulltext_alt\\\":\\\"\\\",\\\"float_fulltext\\\":\\\"\\\",\\\"image_fulltext_caption\\\":\\\"\\\"}\",\"urls\":\"{\\\"urla\\\":\\\"\\\",\\\"urlatext\\\":\\\"\\\",\\\"targeta\\\":\\\"\\\",\\\"urlb\\\":\\\"\\\",\\\"urlbtext\\\":\\\"\\\",\\\"targetb\\\":\\\"\\\",\\\"urlc\\\":\\\"\\\",\\\"urlctext\\\":\\\"\\\",\\\"targetc\\\":\\\"\\\"}\",\"attribs\":\"{\\\"article_layout\\\":\\\"\\\",\\\"show_title\\\":\\\"\\\",\\\"link_titles\\\":\\\"\\\",\\\"show_tags\\\":\\\"\\\",\\\"show_intro\\\":\\\"\\\",\\\"info_block_position\\\":\\\"\\\",\\\"info_block_show_title\\\":\\\"\\\",\\\"show_category\\\":\\\"\\\",\\\"link_category\\\":\\\"\\\",\\\"show_parent_category\\\":\\\"\\\",\\\"link_parent_category\\\":\\\"\\\",\\\"show_author\\\":\\\"\\\",\\\"link_author\\\":\\\"\\\",\\\"show_create_date\\\":\\\"\\\",\\\"show_modify_date\\\":\\\"\\\",\\\"show_publish_date\\\":\\\"\\\",\\\"show_item_navigation\\\":\\\"\\\",\\\"show_hits\\\":\\\"\\\",\\\"show_noauth\\\":\\\"\\\",\\\"urls_position\\\":\\\"\\\",\\\"alternative_readmore\\\":\\\"\\\",\\\"article_page_title\\\":\\\"\\\",\\\"show_publishing_options\\\":\\\"\\\",\\\"show_article_options\\\":\\\"\\\",\\\"show_urls_images_backend\\\":\\\"\\\",\\\"show_urls_images_frontend\\\":\\\"\\\",\\\"helix_ultimate_image\\\":\\\"\\\",\\\"helix_ultimate_image_alt_txt\\\":\\\"\\\",\\\"helix_ultimate_article_format\\\":\\\"standard\\\",\\\"helix_ultimate_audio\\\":\\\"\\\",\\\"helix_ultimate_gallery\\\":\\\"\\\",\\\"helix_ultimate_video\\\":\\\"\\\"}\",\"version\":4,\"ordering\":2,\"metakey\":\"ax throwing Clinton OK, ax throwing venue Oklahoma, ax throwing parties, learn ax throwing, fun activities Clinton, unique entertainment Oklahoma, competitive ax throwing, group activities Clinton\",\"metadesc\":\"Discover the thrill of ax throwing at Split Decision in Clinton, Oklahoma! Learn how to throw axes like a pro and enjoy this exciting activity with friends.\",\"access\":1,\"hits\":347,\"metadata\":\"{\\\"robots\\\":\\\"\\\",\\\"author\\\":\\\"\\\",\\\"rights\\\":\\\"\\\"}\",\"featured\":\"0\",\"language\":\"*\",\"note\":\"\"}',0),(21,'com_content.article.8','','2024-10-02 11:54:49',566,5936,'2b170892d596aa49cef5e34b916e503065f4b481','{\"id\":\"8\",\"asset_id\":123,\"title\":\"The Ultimate Guide to Bowling: How to Bowl Like a Pro\",\"alias\":\"the-ultimate-guide-to-bowling-how-to-bowl-like-a-pro\",\"introtext\":\"<p>Bowling is a fun and exciting sport enjoyed by people of all ages. Whether you\'re a beginner or looking to improve your skills, this guide will take you through the essential steps to bowl like a pro.<\\/p>\\r\\n<h4>1. <strong>Choosing the Right Ball<\\/strong><\\/h4>\\r\\n<ul>\\r\\n<li><strong>Weight<\\/strong>: Select a ball that feels comfortable in your hand. A good rule of thumb is to choose a ball that is about 10% of your body weight (up to a maximum of 16 pounds).<\\/li>\\r\\n<li><strong>Finger Holes<\\/strong>: Ensure the finger holes are a snug fit but not too tight. Your fingers should slide in and out comfortably.<\\/li>\\r\\n<\\/ul>\\r\\n<h4>2. <strong>Understanding the Bowling Lane<\\/strong><\\/h4>\\r\\n<ul>\\r\\n<li><strong>Approach Area<\\/strong>: This is the area where you start your approach to the foul line. It typically measures about 15 feet.<\\/li>\\r\\n<li><strong>Foul Line<\\/strong>: Make sure to stay behind the foul line when delivering the ball, as stepping over it will result in a foul.<\\/li>\\r\\n<li><strong>Target Arrows<\\/strong>: The arrows on the lane help you aim. Focus on these targets rather than the pins at the end of the lane.<\\/li>\\r\\n<\\/ul>\\r\\n<h4>3. <strong>The Bowling Stance<\\/strong><\\/h4>\\r\\n<ul>\\r\\n<li>Stand with your feet shoulder-width apart, with your knees slightly bent.<\\/li>\\r\\n<li>Hold the ball close to your body at waist height.<\\/li>\\r\\n<li>Position your non-bowling hand on the side of the ball for support.<\\/li>\\r\\n<\\/ul>\\r\\n<h4>4. <strong>The Approach<\\/strong><\\/h4>\\r\\n<ul>\\r\\n<li><strong>Steps<\\/strong>: Take four or five steps toward the lane, depending on your comfort.\\r\\n<ul>\\r\\n<li><strong>First Step<\\/strong>: Take a small step with your non-bowling foot.<\\/li>\\r\\n<li><strong>Second Step<\\/strong>: Push the ball away from your body and take a longer step.<\\/li>\\r\\n<li><strong>Third Step<\\/strong>: Swing the ball down and back, maintaining control.<\\/li>\\r\\n<li><strong>Fourth Step<\\/strong>: As you bring the ball forward, step with your bowling foot.<\\/li>\\r\\n<\\/ul>\\r\\n<\\/li>\\r\\n<li>Maintain a smooth rhythm to your approach.<\\/li>\\r\\n<\\/ul>\\r\\n<h4>5. <strong>The Delivery<\\/strong><\\/h4>\\r\\n<ul>\\r\\n<li><strong>Swing<\\/strong>: As you take your final step, bring the ball forward in a smooth motion.<\\/li>\\r\\n<li><strong>Release<\\/strong>: Release the ball just before your foot reaches the foul line. Aim for a smooth follow-through, extending your arm toward your target.<\\/li>\\r\\n<li><strong>Fingers<\\/strong>: Rotate your fingers slightly at the release to add a hook if desired, but keep it controlled.<\\/li>\\r\\n<\\/ul>\\r\\n<h4>6. <strong>Aiming for the Pins<\\/strong><\\/h4>\\r\\n<ul>\\r\\n<li>Focus on the arrows or the target line on the lane to aim your shot.<\\/li>\\r\\n<li>If you\'re aiming for a strike, try to hit the pocket (the space between the 1 and 3 pins for right-handers, or 1 and 2 pins for left-handers).<\\/li>\\r\\n<\\/ul>\\r\\n<h4>7. <strong>Practice Makes Perfect<\\/strong><\\/h4>\\r\\n<ul>\\r\\n<li>Take your time to practice your approach, swing, and delivery. The more you bowl, the better your muscle memory will become.<\\/li>\\r\\n<li>Experiment with different weights and techniques to find what works best for you.<\\/li>\\r\\n<\\/ul>\\r\\n<h4>8. <strong>Bowling Etiquette<\\/strong><\\/h4>\\r\\n<ul>\\r\\n<li>Be respectful of other bowlers. Wait your turn and avoid distractions during their approach.<\\/li>\\r\\n<li>Keep the bowling area tidy and return any house equipment after use.<\\/li>\\r\\n<\\/ul>\\r\\n<h4>Conclusion<\\/h4>\\r\\n<p>Bowling is a sport that combines skill, technique, and fun. With practice and dedication, you can improve your game and enjoy countless hours of entertainment at Split Decision. So grab your friends, hit the lanes, and let the good times roll!<\\/p>\",\"fulltext\":\"\",\"state\":\"1\",\"catid\":8,\"created\":\"2024-10-02 11:52:43\",\"created_by\":\"566\",\"created_by_alias\":\"\",\"modified\":\"2024-10-02 11:54:49\",\"modified_by\":566,\"checked_out\":566,\"checked_out_time\":\"2024-10-02 11:54:44\",\"publish_up\":\"2024-10-02 11:52:43\",\"publish_down\":null,\"images\":\"{\\\"image_intro\\\":\\\"\\\",\\\"image_intro_alt\\\":\\\"\\\",\\\"float_intro\\\":\\\"\\\",\\\"image_intro_caption\\\":\\\"\\\",\\\"image_fulltext\\\":\\\"\\\",\\\"image_fulltext_alt\\\":\\\"\\\",\\\"float_fulltext\\\":\\\"\\\",\\\"image_fulltext_caption\\\":\\\"\\\"}\",\"urls\":\"{\\\"urla\\\":\\\"\\\",\\\"urlatext\\\":\\\"\\\",\\\"targeta\\\":\\\"\\\",\\\"urlb\\\":\\\"\\\",\\\"urlbtext\\\":\\\"\\\",\\\"targetb\\\":\\\"\\\",\\\"urlc\\\":\\\"\\\",\\\"urlctext\\\":\\\"\\\",\\\"targetc\\\":\\\"\\\"}\",\"attribs\":\"{\\\"article_layout\\\":\\\"\\\",\\\"show_title\\\":\\\"\\\",\\\"link_titles\\\":\\\"\\\",\\\"show_tags\\\":\\\"\\\",\\\"show_intro\\\":\\\"\\\",\\\"info_block_position\\\":\\\"\\\",\\\"info_block_show_title\\\":\\\"\\\",\\\"show_category\\\":\\\"\\\",\\\"link_category\\\":\\\"\\\",\\\"show_parent_category\\\":\\\"\\\",\\\"link_parent_category\\\":\\\"\\\",\\\"show_author\\\":\\\"\\\",\\\"link_author\\\":\\\"\\\",\\\"show_create_date\\\":\\\"\\\",\\\"show_modify_date\\\":\\\"\\\",\\\"show_publish_date\\\":\\\"\\\",\\\"show_item_navigation\\\":\\\"\\\",\\\"show_hits\\\":\\\"\\\",\\\"show_noauth\\\":\\\"\\\",\\\"urls_position\\\":\\\"\\\",\\\"alternative_readmore\\\":\\\"\\\",\\\"article_page_title\\\":\\\"\\\",\\\"show_publishing_options\\\":\\\"\\\",\\\"show_article_options\\\":\\\"\\\",\\\"show_urls_images_backend\\\":\\\"\\\",\\\"show_urls_images_frontend\\\":\\\"\\\",\\\"helix_ultimate_image\\\":\\\"\\\",\\\"helix_ultimate_image_alt_txt\\\":\\\"\\\",\\\"helix_ultimate_article_format\\\":\\\"standard\\\",\\\"helix_ultimate_audio\\\":\\\"\\\",\\\"helix_ultimate_gallery\\\":\\\"\\\",\\\"helix_ultimate_video\\\":\\\"\\\"}\",\"version\":2,\"ordering\":1,\"metakey\":\"bowling guidehow to bowlbowling tips for beginnersbowling techniquesbowling rulesbowling game strategiesbowling practice tipsbowling for funbowling lanes Clinton OKbowling basics\",\"metadesc\":\"Discover how to bowl with our step-by-step guide! Learn techniques, tips, and tricks to improve your game at Split Decision.\",\"access\":1,\"hits\":0,\"metadata\":\"{\\\"robots\\\":\\\"\\\",\\\"author\\\":\\\"\\\",\\\"rights\\\":\\\"\\\"}\",\"featured\":\"0\",\"language\":\"*\",\"note\":\"\"}',0),(22,'com_content.article.9','','2024-10-02 11:54:57',566,6513,'b2675ab8ead9b30cae42438af271fa74e263dee7','{\"id\":\"9\",\"asset_id\":124,\"title\":\"How to Play Billiards: A Beginner\'s Guide\",\"alias\":\"how-to-play-billiards-a-beginners-guide\",\"introtext\":\"<p>Billiards is a classic game enjoyed by players around the world. Whether you\'re looking to play for fun or to improve your skills, this guide will help you understand the basics of billiards, including the rules, techniques, and strategies for success.<\\/p>\\r\\n<h4>1. <strong>Understanding the Game<\\/strong><\\/h4>\\r\\n<p>Billiards can refer to different variations, but the most popular are:<\\/p>\\r\\n<ul>\\r\\n<li><strong>Pool<\\/strong>: Played with 16 balls (15 object balls and 1 cue ball).<\\/li>\\r\\n<li><strong>Carom<\\/strong>: Played on a pocketless table with two cue balls and one object ball.<\\/li>\\r\\n<li><strong>Snooker<\\/strong>: Played with 21 balls on a larger table with smaller pockets.<\\/li>\\r\\n<\\/ul>\\r\\n<p>In this guide, we\\u2019ll focus on the basics of playing pool.<\\/p>\\r\\n<h4>2. <strong>Equipment You\\u2019ll Need<\\/strong><\\/h4>\\r\\n<ul>\\r\\n<li><strong>Billiard Table<\\/strong>: Standard pool tables come in various sizes, with 7-foot and 9-foot being the most common.<\\/li>\\r\\n<li><strong>Cue Stick<\\/strong>: Choose a cue stick that feels comfortable and balanced in your hands. The standard length is about 58 inches.<\\/li>\\r\\n<li><strong>Balls<\\/strong>: A complete set includes 15 numbered object balls (1-15) and one white cue ball.<\\/li>\\r\\n<li><strong>Chalk<\\/strong>: Used to improve friction between the cue tip and the cue ball for better control.<\\/li>\\r\\n<\\/ul>\\r\\n<h4>3. <strong>Setting Up the Game<\\/strong><\\/h4>\\r\\n<ul>\\r\\n<li><strong>Rack the Balls<\\/strong>: For games like Eight-Ball, use a triangle rack to arrange the balls with the 8-ball in the center and the rest in random order.<\\/li>\\r\\n<li><strong>Determine the Break<\\/strong>: Players can flip a coin or take turns to decide who breaks first.<\\/li>\\r\\n<\\/ul>\\r\\n<h4>4. <strong>The Break Shot<\\/strong><\\/h4>\\r\\n<ul>\\r\\n<li>Position the cue ball behind the head string and aim for the front ball of the rack.<\\/li>\\r\\n<li>Strike the cue ball with a firm, controlled stroke, aiming to scatter the object balls and sink one in a pocket.<\\/li>\\r\\n<\\/ul>\\r\\n<h4>5. <strong>Taking Your Turn<\\/strong><\\/h4>\\r\\n<ul>\\r\\n<li><strong>Aim<\\/strong>: Identify the object ball you want to pocket. Focus on your target and align your cue stick accordingly.<\\/li>\\r\\n<li><strong>Stance<\\/strong>: Stand comfortably with your feet shoulder-width apart. Use your non-dominant hand to create a bridge for your cue.<\\/li>\\r\\n<li><strong>Bridge<\\/strong>: You can use a closed or open bridge. A closed bridge is made by forming a loop with your fingers over the cue, while an open bridge is made by resting your hand flat on the table.<\\/li>\\r\\n<li><strong>Stroke<\\/strong>:\\r\\n<ul>\\r\\n<li>Pull your cue back smoothly and then push forward in a straight line.<\\/li>\\r\\n<li>Follow through with your cue to ensure accuracy.<\\/li>\\r\\n<\\/ul>\\r\\n<\\/li>\\r\\n<\\/ul>\\r\\n<h4>6. <strong>Scoring Points<\\/strong><\\/h4>\\r\\n<ul>\\r\\n<li>The objective is to pocket balls according to the rules of the game you\\u2019re playing (e.g., in Eight-Ball, you must first call your shot).<\\/li>\\r\\n<li>Players continue to take turns until one player fails to pocket a ball.<\\/li>\\r\\n<\\/ul>\\r\\n<h4>7. <strong>Common Rules<\\/strong><\\/h4>\\r\\n<ul>\\r\\n<li><strong>Fouls<\\/strong>: Fouls occur when you fail to hit the correct ball or when the cue ball goes into a pocket. The opposing player may get ball-in-hand, allowing them to place the cue ball anywhere on the table.<\\/li>\\r\\n<li><strong>Winning the Game<\\/strong>: The winner is typically the first player to legally pocket the designated balls (solids or stripes) and then the 8-ball.<\\/li>\\r\\n<\\/ul>\\r\\n<h4>8. <strong>Tips for Improvement<\\/strong><\\/h4>\\r\\n<ul>\\r\\n<li><strong>Practice Regularly<\\/strong>: Consistent practice helps improve your aiming, cue control, and overall game strategy.<\\/li>\\r\\n<li><strong>Watch Your Stance<\\/strong>: A stable stance is crucial for accurate shots.<\\/li>\\r\\n<li><strong>Learn from Others<\\/strong>: Observe experienced players and consider taking lessons to refine your skills.<\\/li>\\r\\n<\\/ul>\\r\\n<h4>Conclusion<\\/h4>\\r\\n<p>Billiards is a game of skill, strategy, and finesse. With practice and dedication, you can enhance your gameplay and enjoy countless hours of fun at Split Decision. So gather your friends, hit the tables, and let the games begin!<\\/p>\",\"fulltext\":\"\",\"state\":\"1\",\"catid\":8,\"created\":\"2024-10-02 11:53:51\",\"created_by\":\"566\",\"created_by_alias\":\"\",\"modified\":\"2024-10-02 11:54:57\",\"modified_by\":566,\"checked_out\":566,\"checked_out_time\":\"2024-10-02 11:54:51\",\"publish_up\":\"2024-10-02 11:53:51\",\"publish_down\":null,\"images\":\"{\\\"image_intro\\\":\\\"\\\",\\\"image_intro_alt\\\":\\\"\\\",\\\"float_intro\\\":\\\"\\\",\\\"image_intro_caption\\\":\\\"\\\",\\\"image_fulltext\\\":\\\"\\\",\\\"image_fulltext_alt\\\":\\\"\\\",\\\"float_fulltext\\\":\\\"\\\",\\\"image_fulltext_caption\\\":\\\"\\\"}\",\"urls\":\"{\\\"urla\\\":\\\"\\\",\\\"urlatext\\\":\\\"\\\",\\\"targeta\\\":\\\"\\\",\\\"urlb\\\":\\\"\\\",\\\"urlbtext\\\":\\\"\\\",\\\"targetb\\\":\\\"\\\",\\\"urlc\\\":\\\"\\\",\\\"urlctext\\\":\\\"\\\",\\\"targetc\\\":\\\"\\\"}\",\"attribs\":\"{\\\"article_layout\\\":\\\"\\\",\\\"show_title\\\":\\\"\\\",\\\"link_titles\\\":\\\"\\\",\\\"show_tags\\\":\\\"\\\",\\\"show_intro\\\":\\\"\\\",\\\"info_block_position\\\":\\\"\\\",\\\"info_block_show_title\\\":\\\"\\\",\\\"show_category\\\":\\\"\\\",\\\"link_category\\\":\\\"\\\",\\\"show_parent_category\\\":\\\"\\\",\\\"link_parent_category\\\":\\\"\\\",\\\"show_author\\\":\\\"\\\",\\\"link_author\\\":\\\"\\\",\\\"show_create_date\\\":\\\"\\\",\\\"show_modify_date\\\":\\\"\\\",\\\"show_publish_date\\\":\\\"\\\",\\\"show_item_navigation\\\":\\\"\\\",\\\"show_hits\\\":\\\"\\\",\\\"show_noauth\\\":\\\"\\\",\\\"urls_position\\\":\\\"\\\",\\\"alternative_readmore\\\":\\\"\\\",\\\"article_page_title\\\":\\\"\\\",\\\"show_publishing_options\\\":\\\"\\\",\\\"show_article_options\\\":\\\"\\\",\\\"show_urls_images_backend\\\":\\\"\\\",\\\"show_urls_images_frontend\\\":\\\"\\\",\\\"helix_ultimate_image\\\":\\\"\\\",\\\"helix_ultimate_image_alt_txt\\\":\\\"\\\",\\\"helix_ultimate_article_format\\\":\\\"standard\\\",\\\"helix_ultimate_audio\\\":\\\"\\\",\\\"helix_ultimate_gallery\\\":\\\"\\\",\\\"helix_ultimate_video\\\":\\\"\\\"}\",\"version\":2,\"ordering\":0,\"metakey\":\"billiards guidehow to play billiardsbilliards tips for beginnerspool game techniquesbilliards rulesbilliards scoringbilliards practice tipsplaying pool strategiesbilliards equipmentbilliards in Clinton OK\",\"metadesc\":\"Learn how to play billiards with our step-by-step guide! Discover rules, techniques, and tips to enhance your game at Split Decision.\",\"access\":1,\"hits\":0,\"metadata\":\"{\\\"robots\\\":\\\"\\\",\\\"author\\\":\\\"\\\",\\\"rights\\\":\\\"\\\"}\",\"featured\":\"0\",\"language\":\"*\",\"note\":\"\"}',0),(23,'com_content.article.9','','2024-10-02 12:45:22',566,6501,'0a58bb7f31371f98dd0baa102516ba0d2c5d954a','{\"id\":\"9\",\"asset_id\":124,\"title\":\"Billiards: A Beginner\'s Guide\",\"alias\":\"how-to-play-billiards-a-beginners-guide\",\"introtext\":\"<p>Billiards is a classic game enjoyed by players around the world. Whether you\'re looking to play for fun or to improve your skills, this guide will help you understand the basics of billiards, including the rules, techniques, and strategies for success.<\\/p>\\r\\n<h4>1. <strong>Understanding the Game<\\/strong><\\/h4>\\r\\n<p>Billiards can refer to different variations, but the most popular are:<\\/p>\\r\\n<ul>\\r\\n<li><strong>Pool<\\/strong>: Played with 16 balls (15 object balls and 1 cue ball).<\\/li>\\r\\n<li><strong>Carom<\\/strong>: Played on a pocketless table with two cue balls and one object ball.<\\/li>\\r\\n<li><strong>Snooker<\\/strong>: Played with 21 balls on a larger table with smaller pockets.<\\/li>\\r\\n<\\/ul>\\r\\n<p>In this guide, we\\u2019ll focus on the basics of playing pool.<\\/p>\\r\\n<h4>2. <strong>Equipment You\\u2019ll Need<\\/strong><\\/h4>\\r\\n<ul>\\r\\n<li><strong>Billiard Table<\\/strong>: Standard pool tables come in various sizes, with 7-foot and 9-foot being the most common.<\\/li>\\r\\n<li><strong>Cue Stick<\\/strong>: Choose a cue stick that feels comfortable and balanced in your hands. The standard length is about 58 inches.<\\/li>\\r\\n<li><strong>Balls<\\/strong>: A complete set includes 15 numbered object balls (1-15) and one white cue ball.<\\/li>\\r\\n<li><strong>Chalk<\\/strong>: Used to improve friction between the cue tip and the cue ball for better control.<\\/li>\\r\\n<\\/ul>\\r\\n<h4>3. <strong>Setting Up the Game<\\/strong><\\/h4>\\r\\n<ul>\\r\\n<li><strong>Rack the Balls<\\/strong>: For games like Eight-Ball, use a triangle rack to arrange the balls with the 8-ball in the center and the rest in random order.<\\/li>\\r\\n<li><strong>Determine the Break<\\/strong>: Players can flip a coin or take turns to decide who breaks first.<\\/li>\\r\\n<\\/ul>\\r\\n<h4>4. <strong>The Break Shot<\\/strong><\\/h4>\\r\\n<ul>\\r\\n<li>Position the cue ball behind the head string and aim for the front ball of the rack.<\\/li>\\r\\n<li>Strike the cue ball with a firm, controlled stroke, aiming to scatter the object balls and sink one in a pocket.<\\/li>\\r\\n<\\/ul>\\r\\n<h4>5. <strong>Taking Your Turn<\\/strong><\\/h4>\\r\\n<ul>\\r\\n<li><strong>Aim<\\/strong>: Identify the object ball you want to pocket. Focus on your target and align your cue stick accordingly.<\\/li>\\r\\n<li><strong>Stance<\\/strong>: Stand comfortably with your feet shoulder-width apart. Use your non-dominant hand to create a bridge for your cue.<\\/li>\\r\\n<li><strong>Bridge<\\/strong>: You can use a closed or open bridge. A closed bridge is made by forming a loop with your fingers over the cue, while an open bridge is made by resting your hand flat on the table.<\\/li>\\r\\n<li><strong>Stroke<\\/strong>:\\r\\n<ul>\\r\\n<li>Pull your cue back smoothly and then push forward in a straight line.<\\/li>\\r\\n<li>Follow through with your cue to ensure accuracy.<\\/li>\\r\\n<\\/ul>\\r\\n<\\/li>\\r\\n<\\/ul>\\r\\n<h4>6. <strong>Scoring Points<\\/strong><\\/h4>\\r\\n<ul>\\r\\n<li>The objective is to pocket balls according to the rules of the game you\\u2019re playing (e.g., in Eight-Ball, you must first call your shot).<\\/li>\\r\\n<li>Players continue to take turns until one player fails to pocket a ball.<\\/li>\\r\\n<\\/ul>\\r\\n<h4>7. <strong>Common Rules<\\/strong><\\/h4>\\r\\n<ul>\\r\\n<li><strong>Fouls<\\/strong>: Fouls occur when you fail to hit the correct ball or when the cue ball goes into a pocket. The opposing player may get ball-in-hand, allowing them to place the cue ball anywhere on the table.<\\/li>\\r\\n<li><strong>Winning the Game<\\/strong>: The winner is typically the first player to legally pocket the designated balls (solids or stripes) and then the 8-ball.<\\/li>\\r\\n<\\/ul>\\r\\n<h4>8. <strong>Tips for Improvement<\\/strong><\\/h4>\\r\\n<ul>\\r\\n<li><strong>Practice Regularly<\\/strong>: Consistent practice helps improve your aiming, cue control, and overall game strategy.<\\/li>\\r\\n<li><strong>Watch Your Stance<\\/strong>: A stable stance is crucial for accurate shots.<\\/li>\\r\\n<li><strong>Learn from Others<\\/strong>: Observe experienced players and consider taking lessons to refine your skills.<\\/li>\\r\\n<\\/ul>\\r\\n<h4>Conclusion<\\/h4>\\r\\n<p>Billiards is a game of skill, strategy, and finesse. With practice and dedication, you can enhance your gameplay and enjoy countless hours of fun at Split Decision. So gather your friends, hit the tables, and let the games begin!<\\/p>\",\"fulltext\":\"\",\"state\":\"1\",\"catid\":8,\"created\":\"2024-10-02 11:53:51\",\"created_by\":\"566\",\"created_by_alias\":\"\",\"modified\":\"2024-10-02 12:45:22\",\"modified_by\":566,\"checked_out\":566,\"checked_out_time\":\"2024-10-02 12:45:14\",\"publish_up\":\"2024-10-02 11:53:51\",\"publish_down\":null,\"images\":\"{\\\"image_intro\\\":\\\"\\\",\\\"image_intro_alt\\\":\\\"\\\",\\\"float_intro\\\":\\\"\\\",\\\"image_intro_caption\\\":\\\"\\\",\\\"image_fulltext\\\":\\\"\\\",\\\"image_fulltext_alt\\\":\\\"\\\",\\\"float_fulltext\\\":\\\"\\\",\\\"image_fulltext_caption\\\":\\\"\\\"}\",\"urls\":\"{\\\"urla\\\":\\\"\\\",\\\"urlatext\\\":\\\"\\\",\\\"targeta\\\":\\\"\\\",\\\"urlb\\\":\\\"\\\",\\\"urlbtext\\\":\\\"\\\",\\\"targetb\\\":\\\"\\\",\\\"urlc\\\":\\\"\\\",\\\"urlctext\\\":\\\"\\\",\\\"targetc\\\":\\\"\\\"}\",\"attribs\":\"{\\\"article_layout\\\":\\\"\\\",\\\"show_title\\\":\\\"\\\",\\\"link_titles\\\":\\\"\\\",\\\"show_tags\\\":\\\"\\\",\\\"show_intro\\\":\\\"\\\",\\\"info_block_position\\\":\\\"\\\",\\\"info_block_show_title\\\":\\\"\\\",\\\"show_category\\\":\\\"\\\",\\\"link_category\\\":\\\"\\\",\\\"show_parent_category\\\":\\\"\\\",\\\"link_parent_category\\\":\\\"\\\",\\\"show_author\\\":\\\"\\\",\\\"link_author\\\":\\\"\\\",\\\"show_create_date\\\":\\\"\\\",\\\"show_modify_date\\\":\\\"\\\",\\\"show_publish_date\\\":\\\"\\\",\\\"show_item_navigation\\\":\\\"\\\",\\\"show_hits\\\":\\\"\\\",\\\"show_noauth\\\":\\\"\\\",\\\"urls_position\\\":\\\"\\\",\\\"alternative_readmore\\\":\\\"\\\",\\\"article_page_title\\\":\\\"\\\",\\\"show_publishing_options\\\":\\\"\\\",\\\"show_article_options\\\":\\\"\\\",\\\"show_urls_images_backend\\\":\\\"\\\",\\\"show_urls_images_frontend\\\":\\\"\\\",\\\"helix_ultimate_image\\\":\\\"\\\",\\\"helix_ultimate_image_alt_txt\\\":\\\"\\\",\\\"helix_ultimate_article_format\\\":\\\"standard\\\",\\\"helix_ultimate_audio\\\":\\\"\\\",\\\"helix_ultimate_gallery\\\":\\\"\\\",\\\"helix_ultimate_video\\\":\\\"\\\"}\",\"version\":3,\"ordering\":0,\"metakey\":\"billiards guidehow to play billiardsbilliards tips for beginnerspool game techniquesbilliards rulesbilliards scoringbilliards practice tipsplaying pool strategiesbilliards equipmentbilliards in Clinton OK\",\"metadesc\":\"Learn how to play billiards with our step-by-step guide! Discover rules, techniques, and tips to enhance your game at Split Decision.\",\"access\":1,\"hits\":0,\"metadata\":\"{\\\"robots\\\":\\\"\\\",\\\"author\\\":\\\"\\\",\\\"rights\\\":\\\"\\\"}\",\"featured\":\"0\",\"language\":\"*\",\"note\":\"\"}',0),(24,'com_content.article.8','','2024-10-02 12:45:42',566,5905,'c3436007e07a0a1cf3d89e85117db4a85ef7f8e9','{\"id\":\"8\",\"asset_id\":123,\"title\":\"How to Bowl Like a Pro\",\"alias\":\"the-ultimate-guide-to-bowling-how-to-bowl-like-a-pro\",\"introtext\":\"<p>Bowling is a fun and exciting sport enjoyed by people of all ages. Whether you\'re a beginner or looking to improve your skills, this guide will take you through the essential steps to bowl like a pro.<\\/p>\\r\\n<h4>1. <strong>Choosing the Right Ball<\\/strong><\\/h4>\\r\\n<ul>\\r\\n<li><strong>Weight<\\/strong>: Select a ball that feels comfortable in your hand. A good rule of thumb is to choose a ball that is about 10% of your body weight (up to a maximum of 16 pounds).<\\/li>\\r\\n<li><strong>Finger Holes<\\/strong>: Ensure the finger holes are a snug fit but not too tight. Your fingers should slide in and out comfortably.<\\/li>\\r\\n<\\/ul>\\r\\n<h4>2. <strong>Understanding the Bowling Lane<\\/strong><\\/h4>\\r\\n<ul>\\r\\n<li><strong>Approach Area<\\/strong>: This is the area where you start your approach to the foul line. It typically measures about 15 feet.<\\/li>\\r\\n<li><strong>Foul Line<\\/strong>: Make sure to stay behind the foul line when delivering the ball, as stepping over it will result in a foul.<\\/li>\\r\\n<li><strong>Target Arrows<\\/strong>: The arrows on the lane help you aim. Focus on these targets rather than the pins at the end of the lane.<\\/li>\\r\\n<\\/ul>\\r\\n<h4>3. <strong>The Bowling Stance<\\/strong><\\/h4>\\r\\n<ul>\\r\\n<li>Stand with your feet shoulder-width apart, with your knees slightly bent.<\\/li>\\r\\n<li>Hold the ball close to your body at waist height.<\\/li>\\r\\n<li>Position your non-bowling hand on the side of the ball for support.<\\/li>\\r\\n<\\/ul>\\r\\n<h4>4. <strong>The Approach<\\/strong><\\/h4>\\r\\n<ul>\\r\\n<li><strong>Steps<\\/strong>: Take four or five steps toward the lane, depending on your comfort.\\r\\n<ul>\\r\\n<li><strong>First Step<\\/strong>: Take a small step with your non-bowling foot.<\\/li>\\r\\n<li><strong>Second Step<\\/strong>: Push the ball away from your body and take a longer step.<\\/li>\\r\\n<li><strong>Third Step<\\/strong>: Swing the ball down and back, maintaining control.<\\/li>\\r\\n<li><strong>Fourth Step<\\/strong>: As you bring the ball forward, step with your bowling foot.<\\/li>\\r\\n<\\/ul>\\r\\n<\\/li>\\r\\n<li>Maintain a smooth rhythm to your approach.<\\/li>\\r\\n<\\/ul>\\r\\n<h4>5. <strong>The Delivery<\\/strong><\\/h4>\\r\\n<ul>\\r\\n<li><strong>Swing<\\/strong>: As you take your final step, bring the ball forward in a smooth motion.<\\/li>\\r\\n<li><strong>Release<\\/strong>: Release the ball just before your foot reaches the foul line. Aim for a smooth follow-through, extending your arm toward your target.<\\/li>\\r\\n<li><strong>Fingers<\\/strong>: Rotate your fingers slightly at the release to add a hook if desired, but keep it controlled.<\\/li>\\r\\n<\\/ul>\\r\\n<h4>6. <strong>Aiming for the Pins<\\/strong><\\/h4>\\r\\n<ul>\\r\\n<li>Focus on the arrows or the target line on the lane to aim your shot.<\\/li>\\r\\n<li>If you\'re aiming for a strike, try to hit the pocket (the space between the 1 and 3 pins for right-handers, or 1 and 2 pins for left-handers).<\\/li>\\r\\n<\\/ul>\\r\\n<h4>7. <strong>Practice Makes Perfect<\\/strong><\\/h4>\\r\\n<ul>\\r\\n<li>Take your time to practice your approach, swing, and delivery. The more you bowl, the better your muscle memory will become.<\\/li>\\r\\n<li>Experiment with different weights and techniques to find what works best for you.<\\/li>\\r\\n<\\/ul>\\r\\n<h4>8. <strong>Bowling Etiquette<\\/strong><\\/h4>\\r\\n<ul>\\r\\n<li>Be respectful of other bowlers. Wait your turn and avoid distractions during their approach.<\\/li>\\r\\n<li>Keep the bowling area tidy and return any house equipment after use.<\\/li>\\r\\n<\\/ul>\\r\\n<h4>Conclusion<\\/h4>\\r\\n<p>Bowling is a sport that combines skill, technique, and fun. With practice and dedication, you can improve your game and enjoy countless hours of entertainment at Split Decision. So grab your friends, hit the lanes, and let the good times roll!<\\/p>\",\"fulltext\":\"\",\"state\":\"1\",\"catid\":8,\"created\":\"2024-10-02 11:52:43\",\"created_by\":\"566\",\"created_by_alias\":\"\",\"modified\":\"2024-10-02 12:45:42\",\"modified_by\":566,\"checked_out\":566,\"checked_out_time\":\"2024-10-02 12:45:25\",\"publish_up\":\"2024-10-02 11:52:43\",\"publish_down\":null,\"images\":\"{\\\"image_intro\\\":\\\"\\\",\\\"image_intro_alt\\\":\\\"\\\",\\\"float_intro\\\":\\\"\\\",\\\"image_intro_caption\\\":\\\"\\\",\\\"image_fulltext\\\":\\\"\\\",\\\"image_fulltext_alt\\\":\\\"\\\",\\\"float_fulltext\\\":\\\"\\\",\\\"image_fulltext_caption\\\":\\\"\\\"}\",\"urls\":\"{\\\"urla\\\":\\\"\\\",\\\"urlatext\\\":\\\"\\\",\\\"targeta\\\":\\\"\\\",\\\"urlb\\\":\\\"\\\",\\\"urlbtext\\\":\\\"\\\",\\\"targetb\\\":\\\"\\\",\\\"urlc\\\":\\\"\\\",\\\"urlctext\\\":\\\"\\\",\\\"targetc\\\":\\\"\\\"}\",\"attribs\":\"{\\\"article_layout\\\":\\\"\\\",\\\"show_title\\\":\\\"\\\",\\\"link_titles\\\":\\\"\\\",\\\"show_tags\\\":\\\"\\\",\\\"show_intro\\\":\\\"\\\",\\\"info_block_position\\\":\\\"\\\",\\\"info_block_show_title\\\":\\\"\\\",\\\"show_category\\\":\\\"\\\",\\\"link_category\\\":\\\"\\\",\\\"show_parent_category\\\":\\\"\\\",\\\"link_parent_category\\\":\\\"\\\",\\\"show_author\\\":\\\"\\\",\\\"link_author\\\":\\\"\\\",\\\"show_create_date\\\":\\\"\\\",\\\"show_modify_date\\\":\\\"\\\",\\\"show_publish_date\\\":\\\"\\\",\\\"show_item_navigation\\\":\\\"\\\",\\\"show_hits\\\":\\\"\\\",\\\"show_noauth\\\":\\\"\\\",\\\"urls_position\\\":\\\"\\\",\\\"alternative_readmore\\\":\\\"\\\",\\\"article_page_title\\\":\\\"\\\",\\\"show_publishing_options\\\":\\\"\\\",\\\"show_article_options\\\":\\\"\\\",\\\"show_urls_images_backend\\\":\\\"\\\",\\\"show_urls_images_frontend\\\":\\\"\\\",\\\"helix_ultimate_image\\\":\\\"\\\",\\\"helix_ultimate_image_alt_txt\\\":\\\"\\\",\\\"helix_ultimate_article_format\\\":\\\"standard\\\",\\\"helix_ultimate_audio\\\":\\\"\\\",\\\"helix_ultimate_gallery\\\":\\\"\\\",\\\"helix_ultimate_video\\\":\\\"\\\"}\",\"version\":3,\"ordering\":1,\"metakey\":\"bowling guidehow to bowlbowling tips for beginnersbowling techniquesbowling rulesbowling game strategiesbowling practice tipsbowling for funbowling lanes Clinton OKbowling basics\",\"metadesc\":\"Discover how to bowl with our step-by-step guide! Learn techniques, tips, and tricks to improve your game at Split Decision.\",\"access\":1,\"hits\":2,\"metadata\":\"{\\\"robots\\\":\\\"\\\",\\\"author\\\":\\\"\\\",\\\"rights\\\":\\\"\\\"}\",\"featured\":\"0\",\"language\":\"*\",\"note\":\"\"}',0),(25,'com_content.article.7','','2024-10-02 12:46:22',566,5743,'e23776c321dbe7300c0154fcecfeb00ee6b04b6d','{\"id\":\"7\",\"asset_id\":109,\"title\":\"Guide to Ax Throwing\",\"alias\":\"unleash-your-inner-lumberjack-a-guide-to-ax-throwing-at-split-decision\",\"introtext\":\"<p>If you\\u2019re looking for a unique and exhilarating experience, ax throwing is the perfect activity! At Split Decision in Clinton, Oklahoma, we offer a safe and fun environment where you can unleash your inner lumberjack. Here\\u2019s everything you need to know about ax throwing and how to get started.<\\/p>\\r\\n<h4>What is Ax Throwing?<\\/h4>\\r\\n<p>Ax throwing is a competitive sport where participants throw an ax at a target, similar to darts but with a twist! It combines skill, precision, and a bit of friendly competition, making it an exciting activity for individuals and groups alike. Whether you\\u2019re celebrating a birthday, hosting a corporate event, or just enjoying a night out with friends, ax throwing is sure to deliver fun and laughter.<\\/p>\\r\\n<h4>Getting Started with Ax Throwing<\\/h4>\\r\\n<ol>\\r\\n<li>\\r\\n<p><strong>Safety First<\\/strong>: Before you start throwing, our experienced staff will guide you through essential safety instructions. Safety is our top priority, and we ensure that all participants understand the rules and proper throwing techniques.<\\/p>\\r\\n<\\/li>\\r\\n<li>\\r\\n<p><strong>Choose Your Ax<\\/strong>: We provide a range of axes suitable for all skill levels. Our staff will help you select the right ax based on your comfort and experience.<\\/p>\\r\\n<\\/li>\\r\\n<li>\\r\\n<p><strong>Learn the Technique<\\/strong>: Ax throwing is all about technique. Here\\u2019s a simple step-by-step guide to get you started:<\\/p>\\r\\n<ul>\\r\\n<li><strong>Stance<\\/strong>: Stand with your feet shoulder-width apart, with one foot slightly in front of the other. Your dominant foot should be forward.<\\/li>\\r\\n<li><strong>Grip<\\/strong>: Hold the ax with both hands, palms facing each other. Your grip should be firm but relaxed.<\\/li>\\r\\n<li><strong>Aim<\\/strong>: Focus on the target. Align the ax with your throwing shoulder, keeping your eye on the bullseye.<\\/li>\\r\\n<li><strong>Throw<\\/strong>: Bring the ax overhead and then smoothly bring it down in a straight line toward the target. Release the ax at eye level, allowing it to spin as it flies toward the target.<\\/li>\\r\\n<li><strong>Follow Through<\\/strong>: After releasing, let your arms follow through naturally to maintain balance.<\\/li>\\r\\n<\\/ul>\\r\\n<\\/li>\\r\\n<li>\\r\\n<p><strong>Practice<\\/strong>: Like any skill, ax throwing improves with practice. Take your time, and don\\u2019t hesitate to ask our staff for tips and feedback.<\\/p>\\r\\n<\\/li>\\r\\n<li>\\r\\n<p><strong>Compete<\\/strong>: Once you feel comfortable, challenge your friends to a friendly competition! Score points based on where the ax lands on the target. It\\u2019s a great way to add excitement to your outing!<\\/p>\\r\\n<\\/li>\\r\\n<\\/ol>\\r\\n<h4>Why Choose Ax Throwing at Split Decision?<\\/h4>\\r\\n<p>At Split Decision, we pride ourselves on providing a welcoming atmosphere where everyone can enjoy ax throwing, regardless of skill level. Our dedicated ax throwing area is designed for safety and fun, ensuring you have an unforgettable experience.<\\/p>\\r\\n<p>Whether you\'re looking for a unique date night, a fun outing with friends, or an exciting addition to your next party, ax throwing at Split Decision is a fantastic choice.<\\/p>\\r\\n<h4>Book Your Ax Throwing Experience Today!<\\/h4>\\r\\n<p>Ready to give ax throwing a try? Contact us to book your session and experience the thrill of hitting the target! Our friendly staff is here to make your visit enjoyable and memorable. Don\\u2019t miss out on this exciting activity\\u2014come throw some axes with us!<\\/p>\",\"fulltext\":\"\",\"state\":\"1\",\"catid\":8,\"created\":\"2024-09-19 20:39:29\",\"created_by\":\"566\",\"created_by_alias\":\"\",\"modified\":\"2024-10-02 12:46:22\",\"modified_by\":566,\"checked_out\":566,\"checked_out_time\":\"2024-10-02 12:45:45\",\"publish_up\":\"2024-09-19 20:39:29\",\"publish_down\":null,\"images\":\"{\\\"image_intro\\\":\\\"\\\",\\\"image_intro_alt\\\":\\\"\\\",\\\"float_intro\\\":\\\"\\\",\\\"image_intro_caption\\\":\\\"\\\",\\\"image_fulltext\\\":\\\"\\\",\\\"image_fulltext_alt\\\":\\\"\\\",\\\"float_fulltext\\\":\\\"\\\",\\\"image_fulltext_caption\\\":\\\"\\\"}\",\"urls\":\"{\\\"urla\\\":\\\"\\\",\\\"urlatext\\\":\\\"\\\",\\\"targeta\\\":\\\"\\\",\\\"urlb\\\":\\\"\\\",\\\"urlbtext\\\":\\\"\\\",\\\"targetb\\\":\\\"\\\",\\\"urlc\\\":\\\"\\\",\\\"urlctext\\\":\\\"\\\",\\\"targetc\\\":\\\"\\\"}\",\"attribs\":\"{\\\"article_layout\\\":\\\"\\\",\\\"show_title\\\":\\\"\\\",\\\"link_titles\\\":\\\"\\\",\\\"show_tags\\\":\\\"\\\",\\\"show_intro\\\":\\\"\\\",\\\"info_block_position\\\":\\\"\\\",\\\"info_block_show_title\\\":\\\"\\\",\\\"show_category\\\":\\\"\\\",\\\"link_category\\\":\\\"\\\",\\\"show_parent_category\\\":\\\"\\\",\\\"link_parent_category\\\":\\\"\\\",\\\"show_author\\\":\\\"\\\",\\\"link_author\\\":\\\"\\\",\\\"show_create_date\\\":\\\"\\\",\\\"show_modify_date\\\":\\\"\\\",\\\"show_publish_date\\\":\\\"\\\",\\\"show_item_navigation\\\":\\\"\\\",\\\"show_hits\\\":\\\"\\\",\\\"show_noauth\\\":\\\"\\\",\\\"urls_position\\\":\\\"\\\",\\\"alternative_readmore\\\":\\\"\\\",\\\"article_page_title\\\":\\\"\\\",\\\"show_publishing_options\\\":\\\"\\\",\\\"show_article_options\\\":\\\"\\\",\\\"show_urls_images_backend\\\":\\\"\\\",\\\"show_urls_images_frontend\\\":\\\"\\\",\\\"helix_ultimate_image\\\":\\\"\\\",\\\"helix_ultimate_image_alt_txt\\\":\\\"\\\",\\\"helix_ultimate_article_format\\\":\\\"standard\\\",\\\"helix_ultimate_audio\\\":\\\"\\\",\\\"helix_ultimate_gallery\\\":\\\"\\\",\\\"helix_ultimate_video\\\":\\\"\\\"}\",\"version\":5,\"ordering\":2,\"metakey\":\"ax throwing Clinton OK, ax throwing venue Oklahoma, ax throwing parties, learn ax throwing, fun activities Clinton, unique entertainment Oklahoma, competitive ax throwing, group activities Clinton\",\"metadesc\":\"Discover the thrill of ax throwing at Split Decision in Clinton, Oklahoma! Learn how to throw axes like a pro and enjoy this exciting activity with friends.\",\"access\":1,\"hits\":348,\"metadata\":\"{\\\"robots\\\":\\\"\\\",\\\"author\\\":\\\"\\\",\\\"rights\\\":\\\"\\\"}\",\"featured\":\"0\",\"language\":\"*\",\"note\":\"\"}',0),(26,'com_content.article.10','','2024-11-06 17:42:39',566,2345,'417ddcd719b9c1f9e067f28b4ecc1a0c1475d551','{\"id\":10,\"asset_id\":140,\"title\":\"Catering\",\"alias\":\"catering\",\"introtext\":\"<p><strong>Full-Service Catering Available!<\\/strong><br \\/>At Split Decision, we offer full-service catering for any occasion, allowing you to customize the menu to suit your preferences. Whether it\\u2019s a birthday party, corporate event, or family gathering, our team is here to help make your event memorable. Call us today to inquire about our catering options!<\\/p>\\r\\n<p>\\u00a0<\\/p>\\r\\n<p>Call or eMail Us Today!\\u00a0<a href=\\\"tel:580-275-2105\\\">(580) 275-2105<\\/a>\\u00a0or\\u00a0<a href=\\\"mailto:info@splitdecision.fun\\\">info@splitdecision.fun<\\/a><\\/p>\",\"fulltext\":\"\",\"state\":\"1\",\"catid\":2,\"created\":\"2024-11-06 17:42:39\",\"created_by\":566,\"created_by_alias\":\"\",\"modified\":\"2024-11-06 17:42:39\",\"modified_by\":566,\"checked_out\":null,\"checked_out_time\":null,\"publish_up\":\"2024-11-06 17:42:39\",\"publish_down\":null,\"images\":\"{\\\"image_intro\\\":\\\"\\\",\\\"image_intro_alt\\\":\\\"\\\",\\\"float_intro\\\":\\\"\\\",\\\"image_intro_caption\\\":\\\"\\\",\\\"image_fulltext\\\":\\\"\\\",\\\"image_fulltext_alt\\\":\\\"\\\",\\\"float_fulltext\\\":\\\"\\\",\\\"image_fulltext_caption\\\":\\\"\\\"}\",\"urls\":\"{\\\"urla\\\":\\\"\\\",\\\"urlatext\\\":\\\"\\\",\\\"targeta\\\":\\\"\\\",\\\"urlb\\\":\\\"\\\",\\\"urlbtext\\\":\\\"\\\",\\\"targetb\\\":\\\"\\\",\\\"urlc\\\":\\\"\\\",\\\"urlctext\\\":\\\"\\\",\\\"targetc\\\":\\\"\\\"}\",\"attribs\":\"{\\\"article_layout\\\":\\\"\\\",\\\"show_title\\\":\\\"\\\",\\\"link_titles\\\":\\\"\\\",\\\"show_tags\\\":\\\"\\\",\\\"show_intro\\\":\\\"\\\",\\\"info_block_position\\\":\\\"\\\",\\\"info_block_show_title\\\":\\\"\\\",\\\"show_category\\\":\\\"\\\",\\\"link_category\\\":\\\"\\\",\\\"show_parent_category\\\":\\\"\\\",\\\"link_parent_category\\\":\\\"\\\",\\\"show_author\\\":\\\"\\\",\\\"link_author\\\":\\\"\\\",\\\"show_create_date\\\":\\\"\\\",\\\"show_modify_date\\\":\\\"\\\",\\\"show_publish_date\\\":\\\"\\\",\\\"show_item_navigation\\\":\\\"\\\",\\\"show_hits\\\":\\\"\\\",\\\"show_noauth\\\":\\\"\\\",\\\"urls_position\\\":\\\"\\\",\\\"alternative_readmore\\\":\\\"\\\",\\\"article_page_title\\\":\\\"\\\",\\\"show_publishing_options\\\":\\\"\\\",\\\"show_article_options\\\":\\\"\\\",\\\"show_urls_images_backend\\\":\\\"\\\",\\\"show_urls_images_frontend\\\":\\\"\\\",\\\"helix_ultimate_image\\\":\\\"\\\",\\\"helix_ultimate_image_alt_txt\\\":\\\"\\\",\\\"helix_ultimate_article_format\\\":\\\"standard\\\",\\\"helix_ultimate_audio\\\":\\\"\\\",\\\"helix_ultimate_gallery\\\":\\\"\\\",\\\"helix_ultimate_video\\\":\\\"\\\"}\",\"version\":\"1\",\"ordering\":null,\"metakey\":\"\",\"metadesc\":\"\",\"access\":1,\"hits\":0,\"metadata\":\"{\\\"robots\\\":\\\"\\\",\\\"author\\\":\\\"\\\",\\\"rights\\\":\\\"\\\"}\",\"featured\":\"0\",\"language\":\"*\",\"note\":\"\"}',0),(27,'com_content.article.6','','2024-11-07 16:09:35',566,4104,'0c14c62b88ca987fd43bcb2172c3a95d39b57533','{\"id\":\"6\",\"asset_id\":106,\"title\":\"Ax Throwing at Split Decision\",\"alias\":\"ax-throwing-at-split-decision\",\"introtext\":\"<p>Ready to unleash your inner lumberjack? Ax throwing at\\u00a0<\\/p>\\r\\n<p><img style=\\\"float: right;\\\" src=\\\"images\\/IMG_8697.jpg\\\" alt=\\\"Ax Throwing Clinton Oklahoma\\\" width=\\\"180\\\" height=\\\"120\\\" loading=\\\"lazy\\\" \\/><\\/p>\\r\\n<p>Split Decision offers a unique\\u00a0and exhilarating experience that\\u2019s perfect for groups and individuals alike!<\\/p>\\r\\n<p>Our dedicated ax throwing area is designed for both beginners and experienced throwers. Our staff will provide safety instructions and tips to help you hit the target. Whether you\\u2019re celebrating a special occasion or looking for a fun night out, ax throwing is sure to deliver an adrenaline rush and plenty of laughter.<\\/p>\\r\\n<p>Challenge your friends or join in on friendly competitions to see who can score the most points. It\\u2019s an activity that promises excitement and unforgettable memories!<\\/p>\\r\\n<p><a href=\\\"index.php?option=com_content&amp;view=article&amp;layout=edit&amp;id=7\\\">&lt;LEARN THE TECHNIQUES&gt;<\\/a><\\/p>\\r\\n<p>Call or eMail Us Today!\\u00a0<a href=\\\"tel:580-275-2105\\\">(580) 275-2105<\\/a>\\u00a0or\\u00a0<a href=\\\"mailto:info@splitdecision.fun\\\">info@splitdecision.fun<\\/a><\\/p>\\r\\n\",\"fulltext\":\"\\r\\n<p>Ready to unleash your inner lumberjack?\\u00a0 Ax throwing at Split Decision offers a unique\\u00a0and exhilarating experience that\\u2019s perfect for groups and individuals alike! Our dedicated ax throwing area is designed for both beginners and experienced throwers. Our staff will provide safety instructions and tips to help you hit the target. Whether you\\u2019re celebrating a special occasion or looking for a fun night out, ax throwing is sure to deliver an adrenaline rush and plenty of laughter. Challenge your friends or join in on friendly competitions to see who can score the most points. It\\u2019s an activity that promises excitement and unforgettable memories! &lt;LEARN THE TECHNIQUES&gt; Call or eMail Us Today!\\u00a0(580) 275-2105\\u00a0or\\u00a0info@splitdecision.fun<\\/p>\",\"state\":\"1\",\"catid\":2,\"created\":\"2024-09-19 19:50:24\",\"created_by\":\"566\",\"created_by_alias\":\"\",\"modified\":\"2024-11-07 16:09:35\",\"modified_by\":566,\"checked_out\":566,\"checked_out_time\":\"2024-11-07 16:09:18\",\"publish_up\":\"2024-09-19 19:50:24\",\"publish_down\":null,\"images\":\"{\\\"image_intro\\\":\\\"\\\",\\\"image_intro_alt\\\":\\\"\\\",\\\"float_intro\\\":\\\"\\\",\\\"image_intro_caption\\\":\\\"\\\",\\\"image_fulltext\\\":\\\"\\\",\\\"image_fulltext_alt\\\":\\\"\\\",\\\"float_fulltext\\\":\\\"\\\",\\\"image_fulltext_caption\\\":\\\"\\\"}\",\"urls\":\"{\\\"urla\\\":\\\"\\\",\\\"urlatext\\\":\\\"\\\",\\\"targeta\\\":\\\"\\\",\\\"urlb\\\":\\\"\\\",\\\"urlbtext\\\":\\\"\\\",\\\"targetb\\\":\\\"\\\",\\\"urlc\\\":\\\"\\\",\\\"urlctext\\\":\\\"\\\",\\\"targetc\\\":\\\"\\\"}\",\"attribs\":\"{\\\"article_layout\\\":\\\"\\\",\\\"show_title\\\":\\\"\\\",\\\"link_titles\\\":\\\"\\\",\\\"show_tags\\\":\\\"\\\",\\\"show_intro\\\":\\\"\\\",\\\"info_block_position\\\":\\\"\\\",\\\"info_block_show_title\\\":\\\"\\\",\\\"show_category\\\":\\\"\\\",\\\"link_category\\\":\\\"\\\",\\\"show_parent_category\\\":\\\"\\\",\\\"link_parent_category\\\":\\\"\\\",\\\"show_author\\\":\\\"\\\",\\\"link_author\\\":\\\"\\\",\\\"show_create_date\\\":\\\"\\\",\\\"show_modify_date\\\":\\\"\\\",\\\"show_publish_date\\\":\\\"\\\",\\\"show_item_navigation\\\":\\\"\\\",\\\"show_hits\\\":\\\"\\\",\\\"show_noauth\\\":\\\"\\\",\\\"urls_position\\\":\\\"\\\",\\\"alternative_readmore\\\":\\\"\\\",\\\"article_page_title\\\":\\\"\\\",\\\"show_publishing_options\\\":\\\"\\\",\\\"show_article_options\\\":\\\"\\\",\\\"show_urls_images_backend\\\":\\\"\\\",\\\"show_urls_images_frontend\\\":\\\"\\\",\\\"helix_ultimate_image\\\":\\\"\\\",\\\"helix_ultimate_image_alt_txt\\\":\\\"\\\",\\\"helix_ultimate_article_format\\\":\\\"standard\\\",\\\"helix_ultimate_audio\\\":\\\"\\\",\\\"helix_ultimate_gallery\\\":\\\"\\\",\\\"helix_ultimate_video\\\":\\\"\\\"}\",\"version\":5,\"ordering\":1,\"metakey\":\"ax throwing Clinton OKax throwing venue Oklahomaax throwing partiesfun ax throwingax throwing competitionslearn ax throwingax throwing for groupsunique activities Clinton\",\"metadesc\":\"Try ax throwing at Split Decision in Clinton, Oklahoma! Experience this thrilling activity in a safe and fun environment.\",\"access\":1,\"hits\":134,\"metadata\":\"{\\\"robots\\\":\\\"\\\",\\\"author\\\":\\\"\\\",\\\"rights\\\":\\\"\\\"}\",\"featured\":\"0\",\"language\":\"*\",\"note\":\"\"}',0),(28,'com_content.article.2','','2025-02-27 00:27:00',566,5951,'537d91418732a8557f8e14f8b919546146cde7ff','{\"id\":\"2\",\"asset_id\":102,\"title\":\"Birthday Party Packages\",\"alias\":\"birthday-party-packages\",\"introtext\":\"<p>Are you ready to throw the ultimate birthday bash? Look no further than Split Decision in Clinton, Oklahoma! Our Birthday Party Packages are designed to provide an unforgettable experience filled with fun, laughter, and great memories.<\\/p>\\r\\n<h4>A Fun-Filled Experience<\\/h4>\\r\\n<p>At Split Decision, we offer a unique blend of activities to keep your guests entertained. Whether you\'re bowling strikes, playing arcade games, or trying your hand at ax throwing, there\\u2019s something for everyone. Our vibrant setting ensures that your birthday celebration will be lively and enjoyable.<\\/p>\\r\\n<h4>Customizable Party Packages<\\/h4>\\r\\n<p>We understand that every birthday is special, which is why our packages are customizable to fit your needs. Choose from a variety of options, including:<\\/p>\\r\\n<ul>\\r\\n<li>\\r\\n<p><strong>Bowling Lanes<\\/strong>: Reserve your own lanes for a fun-filled bowling experience. Our staff will ensure you have everything you need for a great time.<\\/p>\\r\\n<\\/li>\\r\\n<li>\\r\\n<p><strong>Arcade Games<\\/strong>: Enjoy access to our exciting arcade games! Your guests can compete for high scores and enjoy classic favorites.<\\/p>\\r\\n<\\/li>\\r\\n<li>\\r\\n<p><strong>Ax Throwing<\\/strong>: Add a unique twist to your party with ax throwing! Perfect for older kids and adults, this activity promises a thrilling challenge.<\\/p>\\r\\n<\\/li>\\r\\n<\\/ul>\\r\\n<h4>Delicious Food Options<\\/h4>\\r\\n<p>No birthday party is complete without great food! Our menu features a range of delicious options, including:<\\/p>\\r\\n<ul>\\r\\n<li><strong>Finger Foods<\\/strong>: Perfect for snacking while having fun!<\\/li>\\r\\n<li><strong>Pizzas<\\/strong>: A crowd favorite, customizable with your favorite toppings.<\\/li>\\r\\n<li><strong>Desserts<\\/strong>: Celebrate with sweet treats to satisfy your cravings.<\\/li>\\r\\n<\\/ul>\\r\\n<p>We can also accommodate dietary restrictions\\u2014just let us know your needs!<\\/p>\\r\\n<h4>Dedicated Party Host<\\/h4>\\r\\n<p>To ensure everything runs smoothly, each birthday party package includes a dedicated party host. Our friendly staff will assist with setup, activities, and cleanup, allowing you to relax and enjoy the celebration with your guests.<\\/p>\\r\\n<h4>Booking Your Birthday Party<\\/h4>\\r\\n<p>Ready to plan an unforgettable birthday party at Split Decision? Contact us today to discuss your ideas and reserve your date! We\\u2019re here to help you create a memorable experience tailored to your needs.<\\/p>\\r\\n<p>Don\\u2019t wait\\u2014make your birthday celebration a hit at Split Decision!<\\/p>\\r\\n<p>\\u00a0<\\/p>\\r\\n<p>\\u00a0<\\/p>\\r\\n<p>\\u00a0<\\/p>\\r\\n<div class=\\\"container\\\">\\r\\n<div class=\\\"package\\\">\\r\\n<h2>Party Pack #1<\\/h2>\\r\\n<p class=\\\"price\\\">$150 Minimum\\/$200 Minimum for Private party on Sunday<\\/p>\\r\\n<p>2-Hour Party<\\/p>\\r\\n<p>We are happy to adjust parties to suit your needs!<\\/p>\\r\\n<p>Grill is open for purchase of Pizza, Hot Dogs, etc.<\\/p>\\r\\n<ul>\\r\\n<li>Unlimited Bowling<\\/li>\\r\\n<li>Shoe Rental<\\/li>\\r\\n<li>Drink<\\/li>\\r\\n<\\/ul>\\r\\n<p>Additional bowlers: $10 each<\\/p>\\r\\n<a class=\\\"button\\\" href=\\\"#\\\">Book Now<\\/a><\\/div>\\r\\n<div class=\\\"package\\\">\\r\\n<h2>Party Pack #2<\\/h2>\\r\\n<p class=\\\"price\\\">$225 Minimum<\\/p>\\r\\n<p>2-Hour Party<\\/p>\\r\\n<p>We are happy to adjust parties to suit your needs!<\\/p>\\r\\n<p>Grill is open for purchase of Pizza, Hot Dogs, etc.<\\/p>\\r\\n<ul>\\r\\n<li>Unlimited Axe Throwing<\\/li>\\r\\n<li>Unlimited Bowling<\\/li>\\r\\n<li>Shoe Rental<\\/li>\\r\\n<li>Drink<\\/li>\\r\\n<\\/ul>\\r\\n<p>Additional bowlers\\/throwers: $15 each<\\/p>\\r\\n<a class=\\\"button\\\" href=\\\"#\\\">Book Now<\\/a><\\/div>\\r\\n<\\/div>\\r\\n<p>\\u00a0<\\/p>\\r\\n<p>Call or eMail Us Today!\\u00a0<a href=\\\"tel:580-275-2105\\\">(580) 275-2105<\\/a>\\u00a0or\\u00a0<a href=\\\"mailto:info@splitdecision.fun\\\">info@splitdecision.fun<\\/a><\\/p>\\r\\n<p>\\u00a0<\\/p>\",\"fulltext\":\"\",\"state\":\"1\",\"catid\":2,\"created\":\"2024-09-19 19:35:59\",\"created_by\":\"566\",\"created_by_alias\":\"\",\"modified\":\"2025-02-27 00:27:00\",\"modified_by\":566,\"checked_out\":566,\"checked_out_time\":\"2025-02-27 00:25:35\",\"publish_up\":\"2024-09-19 19:35:59\",\"publish_down\":null,\"images\":\"{\\\"image_intro\\\":\\\"\\\",\\\"image_intro_alt\\\":\\\"\\\",\\\"float_intro\\\":\\\"\\\",\\\"image_intro_caption\\\":\\\"\\\",\\\"image_fulltext\\\":\\\"\\\",\\\"image_fulltext_alt\\\":\\\"\\\",\\\"float_fulltext\\\":\\\"\\\",\\\"image_fulltext_caption\\\":\\\"\\\"}\",\"urls\":\"{\\\"urla\\\":\\\"\\\",\\\"urlatext\\\":\\\"\\\",\\\"targeta\\\":\\\"\\\",\\\"urlb\\\":\\\"\\\",\\\"urlbtext\\\":\\\"\\\",\\\"targetb\\\":\\\"\\\",\\\"urlc\\\":\\\"\\\",\\\"urlctext\\\":\\\"\\\",\\\"targetc\\\":\\\"\\\"}\",\"attribs\":\"{\\\"article_layout\\\":\\\"\\\",\\\"show_title\\\":\\\"\\\",\\\"link_titles\\\":\\\"\\\",\\\"show_tags\\\":\\\"\\\",\\\"show_intro\\\":\\\"\\\",\\\"info_block_position\\\":\\\"\\\",\\\"info_block_show_title\\\":\\\"\\\",\\\"show_category\\\":\\\"\\\",\\\"link_category\\\":\\\"\\\",\\\"show_parent_category\\\":\\\"\\\",\\\"link_parent_category\\\":\\\"\\\",\\\"show_author\\\":\\\"\\\",\\\"link_author\\\":\\\"\\\",\\\"show_create_date\\\":\\\"\\\",\\\"show_modify_date\\\":\\\"\\\",\\\"show_publish_date\\\":\\\"\\\",\\\"show_item_navigation\\\":\\\"\\\",\\\"show_hits\\\":\\\"\\\",\\\"show_noauth\\\":\\\"\\\",\\\"urls_position\\\":\\\"\\\",\\\"alternative_readmore\\\":\\\"\\\",\\\"article_page_title\\\":\\\"\\\",\\\"show_publishing_options\\\":\\\"\\\",\\\"show_article_options\\\":\\\"\\\",\\\"show_urls_images_backend\\\":\\\"\\\",\\\"show_urls_images_frontend\\\":\\\"\\\",\\\"helix_ultimate_image\\\":\\\"\\\",\\\"helix_ultimate_image_alt_txt\\\":\\\"\\\",\\\"helix_ultimate_article_format\\\":\\\"standard\\\",\\\"helix_ultimate_audio\\\":\\\"\\\",\\\"helix_ultimate_gallery\\\":\\\"\\\",\\\"helix_ultimate_video\\\":\\\"\\\"}\",\"version\":5,\"ordering\":5,\"metakey\":\"birthday party packages Clinton OK, bowling birthday parties, arcade birthday parties, ax throwing birthday parties, kids birthday parties Clinton, party venue Oklahoma\",\"metadesc\":\"Host an unforgettable birthday party at Split Decision in Clinton, Oklahoma! Enjoy bowling, arcade games, ax throwing, and delicious food in a vibrant setting.\",\"access\":1,\"hits\":289,\"metadata\":\"{\\\"robots\\\":\\\"\\\",\\\"author\\\":\\\"\\\",\\\"rights\\\":\\\"\\\"}\",\"featured\":\"0\",\"language\":\"*\",\"note\":\"\"}',0),(29,'com_content.article.11','','2025-02-27 00:32:14',566,1781,'d44c54fe5712bf7c81c888733194c4ea6a24cfcc','{\"id\":11,\"asset_id\":142,\"title\":\"Pricing\",\"alias\":\"pricing\",\"introtext\":\"\",\"fulltext\":\"\",\"state\":\"1\",\"catid\":2,\"created\":\"2025-02-27 00:32:14\",\"created_by\":566,\"created_by_alias\":\"\",\"modified\":\"2025-02-27 00:32:14\",\"modified_by\":566,\"checked_out\":null,\"checked_out_time\":null,\"publish_up\":\"2025-02-27 00:32:14\",\"publish_down\":null,\"images\":\"{\\\"image_intro\\\":\\\"\\\",\\\"image_intro_alt\\\":\\\"\\\",\\\"float_intro\\\":\\\"\\\",\\\"image_intro_caption\\\":\\\"\\\",\\\"image_fulltext\\\":\\\"\\\",\\\"image_fulltext_alt\\\":\\\"\\\",\\\"float_fulltext\\\":\\\"\\\",\\\"image_fulltext_caption\\\":\\\"\\\"}\",\"urls\":\"{\\\"urla\\\":\\\"\\\",\\\"urlatext\\\":\\\"\\\",\\\"targeta\\\":\\\"\\\",\\\"urlb\\\":\\\"\\\",\\\"urlbtext\\\":\\\"\\\",\\\"targetb\\\":\\\"\\\",\\\"urlc\\\":\\\"\\\",\\\"urlctext\\\":\\\"\\\",\\\"targetc\\\":\\\"\\\"}\",\"attribs\":\"{\\\"article_layout\\\":\\\"\\\",\\\"show_title\\\":\\\"\\\",\\\"link_titles\\\":\\\"\\\",\\\"show_tags\\\":\\\"\\\",\\\"show_intro\\\":\\\"\\\",\\\"info_block_position\\\":\\\"\\\",\\\"info_block_show_title\\\":\\\"\\\",\\\"show_category\\\":\\\"\\\",\\\"link_category\\\":\\\"\\\",\\\"show_parent_category\\\":\\\"\\\",\\\"link_parent_category\\\":\\\"\\\",\\\"show_author\\\":\\\"\\\",\\\"link_author\\\":\\\"\\\",\\\"show_create_date\\\":\\\"\\\",\\\"show_modify_date\\\":\\\"\\\",\\\"show_publish_date\\\":\\\"\\\",\\\"show_item_navigation\\\":\\\"\\\",\\\"show_hits\\\":\\\"\\\",\\\"show_noauth\\\":\\\"\\\",\\\"urls_position\\\":\\\"\\\",\\\"alternative_readmore\\\":\\\"\\\",\\\"article_page_title\\\":\\\"\\\",\\\"show_publishing_options\\\":\\\"\\\",\\\"show_article_options\\\":\\\"\\\",\\\"show_urls_images_backend\\\":\\\"\\\",\\\"show_urls_images_frontend\\\":\\\"\\\",\\\"helix_ultimate_image\\\":\\\"\\\",\\\"helix_ultimate_image_alt_txt\\\":\\\"\\\",\\\"helix_ultimate_article_format\\\":\\\"standard\\\",\\\"helix_ultimate_audio\\\":\\\"\\\",\\\"helix_ultimate_gallery\\\":\\\"\\\",\\\"helix_ultimate_video\\\":\\\"\\\"}\",\"version\":\"1\",\"ordering\":null,\"metakey\":\"\",\"metadesc\":\"\",\"access\":1,\"hits\":0,\"metadata\":\"{\\\"robots\\\":\\\"\\\",\\\"author\\\":\\\"\\\",\\\"rights\\\":\\\"\\\"}\",\"featured\":\"0\",\"language\":\"*\",\"note\":\"\"}',0);

--
